-- https://www.phpmyadmin.net/
--

START TRANSACTION;



--
-- Database: `soap-opera`
--

-- --------------------------------------------------------

--
-- Table structure for table `aboutuspage`
--

CREATE TABLE `aboutuspage` (
  `about_id` int NOT NULL,
  `title` varchar(255) CHARACTER SET utf8mb4 COLLATE utf8mb4_unicode_ci NOT NULL,
  `description` longtext CHARACTER SET utf8mb4 COLLATE utf8mb4_unicode_ci NOT NULL,
  `created_at` timestamp NOT NULL DEFAULT CURRENT_TIMESTAMP,
  `updated_at` timestamp NOT NULL DEFAULT CURRENT_TIMESTAMP
) ENGINE=InnoDB DEFAULT CHARSET=utf8mb4 COLLATE=utf8mb4_unicode_ci;

--
-- Dumping data for table `aboutuspage`
--

INSERT INTO `aboutuspage` (`about_id`, `title`, `description`, `created_at`, `updated_at`) VALUES
(1, 'About Us', '<p>Soap Opera About Us</p>', '2025-04-25 04:58:41', '2025-06-27 12:54:21');

-- --------------------------------------------------------

--
-- Table structure for table `address`
--

CREATE TABLE `address` (
  `address_id` int NOT NULL,
  `uuid` varchar(255) CHARACTER SET utf8mb4 COLLATE utf8mb4_unicode_ci NOT NULL,
  `type` varchar(255) CHARACTER SET utf8mb4 COLLATE utf8mb4_unicode_ci NOT NULL,
  `user_id` int NOT NULL,
  `receiver_name` varchar(255) CHARACTER SET utf8mb4 COLLATE utf8mb4_unicode_ci NOT NULL,
  `receiver_phone` varchar(255) CHARACTER SET utf8mb4 COLLATE utf8mb4_unicode_ci NOT NULL,
  `alternate_phone` varchar(255) COLLATE utf8mb4_unicode_ci DEFAULT NULL,
  `city` varchar(255) CHARACTER SET utf8mb4 COLLATE utf8mb4_unicode_ci NOT NULL,
  `society` varchar(255) CHARACTER SET utf8mb4 COLLATE utf8mb4_unicode_ci NOT NULL,
  `city_id` int NOT NULL,
  `society_id` int NOT NULL,
  `house_no` varchar(255) CHARACTER SET utf8mb4 COLLATE utf8mb4_unicode_ci NOT NULL,
  `landmark` varchar(255) CHARACTER SET utf8mb4 COLLATE utf8mb4_unicode_ci DEFAULT NULL,
  `state` varchar(255) CHARACTER SET utf8mb4 COLLATE utf8mb4_unicode_ci NOT NULL,
  `pincode` varchar(255) CHARACTER SET utf8mb4 COLLATE utf8mb4_unicode_ci NOT NULL,
  `lat` varchar(255) CHARACTER SET utf8mb4 COLLATE utf8mb4_unicode_ci NOT NULL,
  `lng` varchar(255) CHARACTER SET utf8mb4 COLLATE utf8mb4_unicode_ci NOT NULL,
  `select_status` int NOT NULL,
  `added_at` datetime NOT NULL,
  `created_at` timestamp NOT NULL DEFAULT CURRENT_TIMESTAMP,
  `updated_at` datetime DEFAULT CURRENT_TIMESTAMP,
  `receiver_email` varchar(255) CHARACTER SET utf8mb4 COLLATE utf8mb4_unicode_ci NOT NULL,
  `is_deleted` tinyint(1) NOT NULL DEFAULT '0'
) ENGINE=InnoDB DEFAULT CHARSET=utf8mb4 COLLATE=utf8mb4_unicode_ci;

--
-- Dumping data for table `address`
--

INSERT INTO `address` (`address_id`, `uuid`, `type`, `user_id`, `receiver_name`, `receiver_phone`, `alternate_phone`, `city`, `society`, `city_id`, `society_id`, `house_no`, `landmark`, `state`, `pincode`, `lat`, `lng`, `select_status`, `added_at`, `created_at`, `updated_at`, `receiver_email`, `is_deleted`) VALUES
(7, '3ec7b791-455b-4a12-abeb-f9db3f37c61e', 'Home', 3, 'Akanksha', '9512340192', NULL, 'New Delhi', 'Ved Residency,Near railway station', 9, 9, 'A-203', 'Home', 'Delhi', '111111', '0', '0', 1, '2025-04-19 17:48:52', '2025-04-19 12:18:52', '2025-04-19 17:48:52', 'akanksha.yugasa@gmail.com', 0),
(8, 'be7e36b9-240d-474d-80fa-c6dff61a02e4', 'Home', 4, 'jyoti saxena', '9027329988', NULL, 'Qobustan', 'badi haibowal santosh nagar', 10, 10, 'h.no 10895/12', 'Home', 'Punjab', '141001', '0', '0', 1, '2025-04-19 17:51:27', '2025-04-19 12:21:27', '2025-04-19 17:51:27', 'jyotisaxena.yugasa@gmail.com', 0),
(9, '064bfcec-53c3-4f42-82ee-0b14a9170b1e', 'Home', 5, 'Shivani Singh', '8882059458', NULL, 'Ghaziabad', 'Garima Garden, Ghaziabad', 11, 11, 'E-21,', 'Home', 'Uttar Pradesh', '201005', '0', '0', 1, '2025-04-21 17:08:35', '2025-04-21 11:38:35', '2025-04-22 12:18:08', 'shivanisingh.yugasa@gmail.com', 1),
(10, 'd18a9af1-6c21-4879-bf9c-bd5cd1208035', 'Home', 5, 'Shivani Singh', '8882059458', NULL, 'Ghaziabad', 'Garima Garden, Ghaziabad', 12, 12, 'E-21', 'Home', 'Uttar Pradesh', '201005', '0', '0', 1, '2025-04-21 17:13:19', '2025-04-21 11:43:19', '2025-04-21 17:13:26', 'shivanisingh.yugasa@gmail.com', 1),
(11, 'e3854063-f45e-4883-a7e2-20e222ae652b', 'Home', 6, 'Shivani', '8010851982', NULL, 'Ghaziabad', 'Garima Garden, Ghaziabad', 13, 13, 'E-21', 'Home', 'Uttar Pradesh', '201005', '0', '0', 1, '2025-04-21 19:03:25', '2025-04-21 13:33:25', '2025-04-21 19:03:25', 'shivani.exxon@gmail.com', 0),
(12, '914546ff-f01e-415f-ac3a-a31f45feb3fa', 'Office', 5, 'Shivani Singh1', '1234567890-1234567890', NULL, 'Ghaziabad', 'Garima Garden', 14, 14, 'E-21', 'Home', 'Uttar Pradesh', '201005', '0', '0', 1, '2025-04-22 12:22:50', '2025-04-22 06:52:50', '2025-04-28 13:13:14', 'shivanisingh.yugasa@gmail.com', 1),
(13, 'c7dcd8d5-9ecf-4440-92e9-c8c2c2a0ebb4', 'Office', 5, 'Shivani Singh', 'sagfsg1234567', NULL, 'Delhi NCR', 'XYZ', 15, 15, 'E-21', 'Office', 'Uttar Pradesh', '201005', '0', '0', 1, '2025-04-22 12:27:45', '2025-04-22 06:57:45', '2025-04-28 13:10:03', 'shivani@gmail.com', 1),
(14, '06a5a64b-8ef8-440c-8972-18db29ebdc74', 'Home', 5, 'Shivani Singh', '8882059458', NULL, 'Ghaziabad', 'Garima Garden, Ghaziabad', 16, 16, 'E-21', 'Home', 'Uttar Pradesh', '201005', '0', '0', 1, '2025-04-28 13:13:50', '2025-04-28 07:43:50', '2025-05-05 12:09:29', 'shivanisingh.yugasa@gmail.com', 1),
(15, '26ed0ac9-c18e-4fc9-a9dc-8aa9a1236f42', 'Office', 5, 'Shivani Singh', '1234567890', NULL, 'Ghaziabad', 'Garima Garden, Ghaziabad', 11, 17, 'E-21', 'Office', 'Uttar Pradesh', '201005', '0', '0', 1, '2025-05-05 12:09:45', '2025-05-05 06:39:45', '2025-06-30 16:20:37', 'shivanisingh.yugasa@gmail.com', 1),
(16, '302ab1b0-b4dd-4afe-a05c-7989334ded91', 'Home', 7, 'Snehal Raj', '7979068408', NULL, 'Delhi', '', 20, 0, 'Delhi', 'Home', 'Delhi', '144001', '0', '0', 1, '2025-06-11 16:53:34', '2025-06-11 11:23:34', '2025-06-16 19:21:18', 'snehal.yugasa@gmail.com', 0),
(17, '639c2574-9d2e-4f13-a61f-bc42ab5c73fd', 'Office', 8, 'Monu', '7291014339', NULL, 'Gurgaon', 'vvvvv', 19, 0, '3rd Floor, T-B, Unitech Cyber Park', 'Office', 'Karnataka', '122003', '0', '0', 1, '2025-06-13 16:08:12', '2025-06-13 10:38:12', '2025-06-23 10:28:30', 'dpsderoia@gmail.com', 1),
(18, 'a1a7d983-7c5b-4f8f-b486-60c7b8f79de2', 'Office', 7, 'snehal Raj', '7979068408', '0987654321', 'Gurugram', 'Delhi', 28, 0, '3rd Floor, Yugasa Software Labs, Tower-B, UNITECH CYBER PARK', 'Office', 'Haryana', '122001', '0', '0', 1, '2025-06-16 19:09:58', '2025-06-16 13:39:58', '2025-07-01 17:22:15', 'snehal.yugasa@gmail.com', 0),
(19, 'f0e4c4f7-feea-444d-9302-c2a2aeaae816', 'Home', 7, 'Snehal Raj', '7979068408', NULL, 'Delhi', '', 20, 0, 'Delhi', 'Home', 'Delhi', '144001', '0', '0', 1, '2025-06-16 19:13:04', '2025-06-16 13:43:04', '2025-06-16 19:14:12', 'snehal.yugasa@gmail.com', 1),
(20, '81752361-20ce-400d-9b75-2166564a5d4b', 'Home', 7, 'Snehal Raj', '7979068408', NULL, 'Delhi', '', 20, 0, 'Delhi', 'Home', 'Delhi', '144001', '0', '0', 1, '2025-06-16 19:14:18', '2025-06-16 13:44:18', '2025-06-16 19:24:51', 'snehal.yugasa@gmail.com', 1),
(21, '9459197f-f132-4478-94b3-857f4bd4f45b', 'Home', 7, 'Snehal Raj', '0987654321', NULL, 'Delhi', '', 20, 0, 'Delhi', 'Home', 'Delhi', '098776', '0', '0', 1, '2025-06-16 19:25:29', '2025-06-16 13:55:29', '2025-06-16 19:25:29', 'snehal.yugasa@gmail.com', 0),
(22, 'cbe5bc7f-34d5-448c-8cfa-262a30c046a8', 'Home', 8, 'Monu pratap Singh', '7291014339', '94587361823', 'Gurgaon', 'Bhjk', 19, 0, '3rd Floor, T-B, Unitech Cyber Park, Sector 39, Gurgaon', 'Home', 'Karnataka', '122003', '0', '0', 1, '2025-06-25 10:37:13', '2025-06-25 05:07:13', '2025-07-03 16:58:16', 'dhananjay@yugasa.com', 0),
(23, 'f44643f6-7503-4295-89aa-a390dc5559ee', 'Office', 7, 'Snehal Raj', '0987654321', '1234567890', 'Gurugram', 'Tower-B, UNITECH CYBER PARK, , Office', 28, 0, '3rd Floor, Yugasa Software Labs,', '', 'Harayan', '144001', '0', '0', 1, '2025-06-25 22:56:47', '2025-06-25 17:26:47', '2025-06-25 22:56:47', 'snhlrj5@gmail.com', 0),
(24, '49bb56ec-b3f8-4c07-b8b1-4e50f40e651c', 'Office', 7, 'Snehal Raj', '0987654321', '1234567890', 'Delhi', 'Delhi', 20, 0, 'Delhi', '', 'Delhi', '111111', '0', '0', 1, '2025-06-26 10:35:07', '2025-06-26 05:05:07', '2025-06-26 10:35:07', 'snehal.yugasa@gmail.com', 0),
(25, '8f98e39a-6c8f-4f0b-987c-ebdf9bfaea2b', 'Home', 7, 'jyoti RSS', '09027329988', '09027329988', 'Qobustan', '3/240', 6, 0, 'Agra', '', 'Punjab', '141001', '0', '0', 1, '2025-06-26 11:47:24', '2025-06-26 06:17:24', '2025-06-26 11:47:24', 'jyotisaxena.yugasa@gmail.com', 0),
(26, '075f6abc-8910-4821-b47a-52be5cbef782', 'Home', 10, 'Shivani Singh', '1234567890', NULL, 'Ghaziabad', 'Garima Garden, Ghaziabad', 29, 18, 'E-21', 'Home', 'Uttar Pradesh', '201005', '0', '0', 1, '2025-06-27 12:05:42', '2025-06-27 06:35:42', '2025-06-27 12:06:22', 'shivanisingh.yugasa@gmail.com', 0),
(27, 'a6266da3-f682-435c-877c-8cec3320f1eb', 'Home', 11, 'Snehal Raj', '0987654321', '1234567890', 'Delhi', 'Delhi, 144001', 20, 0, 'Delhi, 144001', '', 'Delhi', '144001', '0', '0', 1, '2025-06-30 13:47:39', '2025-06-30 08:17:39', '2025-06-30 13:48:14', 'snehal.yugasa@gmail.com', 1),
(28, '938166af-ef31-4a2c-b77c-ebc5529b5e2b', 'Office', 11, 'asdasd sadasd', '0987654321', '1234567890', 'Delhi', 'Delhi , India', 20, 0, 'Delhi , India', '', 'Delhi', '144001', '0', '0', 1, '2025-06-30 13:52:32', '2025-06-30 08:22:32', '2025-06-30 13:52:32', 'snehal.yuigasa@gmail.com', 0),
(29, '6881d9dc-bc50-4556-ad15-a31fcd4a4ba9', 'Home', 5, 'Ipsa voluptatem nes Accusantium non et d', '1234567890', '1234567890', 'Qui et aperiam perfe', 'Et minim laborum Al', 30, 0, 'Molestiae qui nihil ', '', 'Cupidatat ut occaeca', '201005', '0', '0', 1, '2025-06-30 16:26:03', '2025-06-30 10:56:03', '2025-06-30 17:58:42', 'kiwotihuge@mailinator.com', 1),
(30, '3eba2143-6816-4be4-902c-9110753e6976', 'Office', 5, 'Test Test', '1234567890', '1234567890', 'Ghaziabad', 'Test', 11, 0, 'Garima Garden, Ghaziabad E-21', '', 'Uttar Pradesh', '201005', '0', '0', 1, '2025-06-30 17:59:36', '2025-06-30 12:29:36', '2025-07-01 15:55:29', 'shivanisingh.yugasa@gmail.com', 1),
(31, '717d3019-6c3c-4964-b18e-76cb800b54c0', 'Office', 5, 'Shivani Singh', '1234567890', '1234567890', 'Ghaziabad', 'tets', 11, 0, 'Garima Garden, Ghaziabad E-21', '', 'Uttar Pradesh', '201005', '0', '0', 1, '2025-07-01 15:56:22', '2025-07-01 10:26:22', '2025-07-03 16:39:57', 'shivanisingh.yugasa@gmail.com', 1),
(32, 'c717df5a-d15f-4f7d-bed1-ceba09f28588', 'Office', 13, 'Snehal Raj', '7979068408', '0987654321', 'Delhi', 'Delhi India', 20, 0, 'Delhi India', '', 'Delhi ', '765441', '0', '0', 1, '2025-07-02 18:50:28', '2025-07-02 13:20:28', '2025-07-08 18:34:03', 'snehal.yugasa@gmail.com', 1),
(33, '480702f0-cac8-4d25-917b-0d6b8492672a', 'Office', 5, 'shivani singh', '8882059458', '1234567890', 'Ghaziabad', 'dtyg', 11, 0, 'Garima Garden, Ghaziabad E-21', '', 'Uttar Pradesh', '201005', '0', '0', 1, '2025-07-03 16:47:23', '2025-07-03 11:17:23', '2025-07-03 16:52:52', 'shivanisingh.yugasa@gmail.com', 1),
(34, '83497da8-e9fb-4ed4-9459-7c78278e5d4e', 'Office', 5, 'Esse ut ab fugiat i Vel voluptatem ea to', '1234567890', '1234567890', 'Numquam quas ut mini', 'Et suscipit et culpa', 31, 0, 'Autem quisquam commo', '', 'Eu a exercitationem ', '201006', '0', '0', 1, '2025-07-03 16:54:32', '2025-07-03 11:24:32', '2025-07-03 18:40:45', 'secyto@mailinator.com', 1),
(35, '236c12fe-55ea-4478-9afb-3d670267af2f', 'Home', 5, 'Incidunt ab sapient Quam voluptatibus fu', '1234567890', '1234567890', 'Ghaziabad', 'Rem sit laboriosam', 11, 0, 'Garima Garden, Ghaziabad E-21', '', 'Uttar Pradesh', '201005', '0', '0', 1, '2025-07-03 18:41:06', '2025-07-03 13:11:06', '2025-07-03 18:41:06', 'shivanisingh.yugasa@gmail.com', 0),
(36, '5b2ae155-6b18-45f0-a2ab-ae35db05e8d7', 'Other', 5, 'Emi Witt', '1234567890', NULL, 'Maiores dolor in qui', 'Non voluptatem tempo', 32, 19, 'Qui ullamco accusant', 'Other', 'Et quis nostrud quam', '201005', '0', '0', 1, '2025-07-04 10:13:45', '2025-07-04 04:43:45', '2025-07-04 10:13:45', 'nalar@mailinator.com', 0),
(37, '278dfbed-0acf-4276-a9c5-20dc769fe35d', 'Home', 13, 'Snehal Raj', '7979068408', '0987654321', 'Delhi', 'Delhi, India', 20, 0, 'Delhi, India', '', 'Delhi', '144001', '0', '0', 1, '2025-07-08 18:35:00', '2025-07-08 13:05:00', '2025-07-08 18:35:00', 'snehal.yugasa@gmail.com', 0),
(38, '896ddd08-4802-4fcf-871e-bfafe64c1eb6', 'Office', 15, 'Snehal Raj', '7979068408', '9876543210', 'Gurugram', 'Durga Colony, Sector 39, Gurugram, Haryana 122001', 28, 0, '3rd Floor, Yugasa Software Labs, Tower-B, UNITECH CYBER PARK', '', 'Haryana', '122001', '0', '0', 1, '2025-07-09 14:44:40', '2025-07-09 09:14:40', '2025-07-09 14:44:40', 'snehal.yugasa@gmail.com', 0),
(39, '1ef3ee5e-a660-4992-bc48-ab451ad0730f', 'Office', 13, 'Snehal raj', '7979068408', '1234567890', 'City', 'delhi', 33, 0, 'delhi', '', 'city', '144001', '0', '0', 1, '2025-07-24 18:11:13', '2025-07-24 12:41:13', '2025-07-24 18:11:13', 'snehal.test@gmail.om', 0),
(40, 'bf71490a-7df2-4b27-be44-dfeaba039da7', 'Home', 5, 'Camden Chandler', '12345678901hghikhk', NULL, 'Et dolores eveniet', 'Velit accusamus mini', 34, 20, 'Omnis eaque dicta at', 'Home', 'Et qui est molestiae', 'Et aut et dolor eum', '0', '0', 1, '2025-07-25 18:16:08', '2025-07-25 12:46:08', '2025-07-25 18:16:35', 'kukodab@mailinator.com', 0),
(41, '906b9ee8-91fa-4540-b6a1-9c048fee92d5', 'Office', 14, 'azaz khatau', '9820100550', '9820100550', 'mumbai', '15', 35, 0, 'Bandra', '', 'Maharashtra', '400026', '0', '0', 1, '2025-08-19 18:24:42', '2025-08-19 12:54:42', '2025-08-19 18:24:42', 'abkhatau@gmail.com', 0),
(42, 'f2176d1a-2a51-4b25-ae15-df4a45989b83', 'Office', 18, 'Shivani Singh', '8882059458', '8882059458', 'Ghaziabad', 'Ratione consequatur ', 11, 0, 'Garima Garden, Ghaziabad E-21', '', 'Uttar Pradesh', '201005', '0', '0', 1, '2025-08-25 15:38:45', '2025-08-25 10:08:45', '2025-08-25 15:38:45', 'shivanisingh.yugasa@gmail.com', 0);

-- --------------------------------------------------------

--
-- Table structure for table `admin_driver_incentive`
--

CREATE TABLE `admin_driver_incentive` (
  `id` int NOT NULL,
  `incentive` varchar(255) CHARACTER SET utf8mb4 COLLATE utf8mb4_unicode_ci NOT NULL
) ENGINE=InnoDB DEFAULT CHARSET=utf8mb4 COLLATE=utf8mb4_unicode_ci;

-- --------------------------------------------------------

--
-- Table structure for table `admin_payouts`
--

CREATE TABLE `admin_payouts` (
  `payout_id` int NOT NULL,
  `payout_date` varchar(255) CHARACTER SET utf8mb4 COLLATE utf8mb4_unicode_ci NOT NULL,
  `respond_payout_id` varchar(255) CHARACTER SET utf8mb4 COLLATE utf8mb4_unicode_ci NOT NULL,
  `bill` varchar(255) CHARACTER SET utf8mb4 COLLATE utf8mb4_unicode_ci NOT NULL,
  `store_id` varchar(255) CHARACTER SET utf8mb4 COLLATE utf8mb4_unicode_ci NOT NULL,
  `payout_amt` float NOT NULL
) ENGINE=InnoDB DEFAULT CHARSET=utf8mb4 COLLATE=utf8mb4_unicode_ci;

-- --------------------------------------------------------

--
-- Table structure for table `app_link`
--

CREATE TABLE `app_link` (
  `id` int NOT NULL,
  `android_app_link` longtext CHARACTER SET utf8mb4 COLLATE utf8mb4_unicode_ci,
  `ios_app_link` longtext CHARACTER SET utf8mb4 COLLATE utf8mb4_unicode_ci
) ENGINE=InnoDB DEFAULT CHARSET=utf8mb4 COLLATE=utf8mb4_unicode_ci;

--
-- Dumping data for table `app_link`
--

INSERT INTO `app_link` (`id`, `android_app_link`, `ios_app_link`) VALUES
(1, 'fdgfdg', 'gdfgdfg');

-- --------------------------------------------------------

--
-- Table structure for table `app_notice`
--

CREATE TABLE `app_notice` (
  `app_notice_id` int NOT NULL,
  `status` int NOT NULL,
  `notice` varchar(255) CHARACTER SET utf8mb4 COLLATE utf8mb4_unicode_ci NOT NULL
) ENGINE=InnoDB DEFAULT CHARSET=utf8mb4 COLLATE=utf8mb4_unicode_ci;

--
-- Dumping data for table `app_notice`
--

INSERT INTO `app_notice` (`app_notice_id`, `status`, `notice`) VALUES
(1, 1, 'This is Test Notice. Admin can change it.');

-- --------------------------------------------------------

--
-- Table structure for table `attributes`
--

CREATE TABLE `attributes` (
  `id` int NOT NULL,
  `uuid` varchar(255) CHARACTER SET utf8mb4 COLLATE utf8mb4_general_ci NOT NULL,
  `name` varchar(255) CHARACTER SET utf8mb4 COLLATE utf8mb4_general_ci NOT NULL,
  `is_deleted` tinyint(1) NOT NULL DEFAULT '0',
  `created_at` timestamp NOT NULL DEFAULT CURRENT_TIMESTAMP,
  `updated_at` timestamp NOT NULL DEFAULT CURRENT_TIMESTAMP
) ENGINE=InnoDB DEFAULT CHARSET=utf8mb4 COLLATE=utf8mb4_general_ci;

--
-- Dumping data for table `attributes`
--

INSERT INTO `attributes` (`id`, `uuid`, `name`, `is_deleted`, `created_at`, `updated_at`) VALUES
(1, '81559aca-f375-45e8-9985-da2d398ab419', 'Size', 0, '2025-03-29 08:32:54', '2025-03-29 08:32:54'),
(2, '242f8ade-ac7e-4e61-8b8a-155d6a9630c7', 'Colour', 0, '2025-03-29 08:33:37', '2025-09-03 09:55:12'),
(3, '6e097fd4-4c93-4ec1-88a0-3b77252eed90', 'Shades', 1, '2025-06-27 11:52:11', '2025-06-27 11:54:37');

-- --------------------------------------------------------

--
-- Table structure for table `attribute_options`
--

CREATE TABLE `attribute_options` (
  `id` int NOT NULL,
  `attribute_id` int NOT NULL,
  `name` varchar(255) CHARACTER SET utf8mb4 COLLATE utf8mb4_general_ci NOT NULL,
  `value` varchar(255) CHARACTER SET utf8mb4 COLLATE utf8mb4_general_ci NOT NULL,
  `is_deleted` tinyint(1) NOT NULL DEFAULT '0',
  `created_at` timestamp NOT NULL DEFAULT CURRENT_TIMESTAMP,
  `updated_at` timestamp NOT NULL DEFAULT CURRENT_TIMESTAMP
) ENGINE=InnoDB DEFAULT CHARSET=utf8mb4 COLLATE=utf8mb4_general_ci;

--
-- Dumping data for table `attribute_options`
--

INSERT INTO `attribute_options` (`id`, `attribute_id`, `name`, `value`, `is_deleted`, `created_at`, `updated_at`) VALUES
(1, 1, 'S', 'S', 0, '2025-03-29 08:32:54', '2025-03-29 08:32:54'),
(2, 1, 'M', 'M', 0, '2025-03-29 08:32:54', '2025-03-29 08:32:54'),
(3, 1, 'L', 'L', 0, '2025-03-29 08:32:54', '2025-03-29 08:32:54'),
(4, 2, 'Green', 'Green', 0, '2025-03-29 08:33:37', '2025-03-29 08:33:37'),
(5, 2, 'Red', 'Red', 1, '2025-03-29 08:33:37', '2025-07-24 18:57:36'),
(6, 2, 'Blue', 'Blue', 0, '2025-03-29 08:33:37', '2025-03-29 08:33:37'),
(7, 2, 'Yellow', 'Yellow', 1, '2025-03-29 08:33:37', '2025-07-24 18:57:36'),
(8, 1, 'XL', 'XL', 0, '2025-03-29 08:54:20', '2025-03-29 08:54:20'),
(9, 2, 'Light Pink', 'Light Pink', 1, '2025-03-29 08:54:54', '2025-07-22 00:04:00'),
(10, 3, 'red', 'red', 0, '2025-06-27 11:52:11', '2025-06-27 11:52:11'),
(11, 3, 'blue', 'blue', 0, '2025-06-27 11:52:11', '2025-06-27 11:52:11'),
(12, 3, 'yellow', 'yellow', 0, '2025-06-27 11:52:11', '2025-06-27 11:52:11'),
(13, 2, 'Black', 'Black', 1, '2025-07-14 17:41:46', '2025-07-24 18:57:36'),
(14, 2, 'Pink', 'Pink', 0, '2025-07-22 00:03:13', '2025-07-22 00:03:13'),
(15, 2, 'white', 'white', 0, '2025-07-24 18:57:36', '2025-07-24 18:57:36'),
(16, 2, 'red', 'red', 0, '2025-07-25 17:39:54', '2025-07-25 17:39:54'),
(17, 2, 'black', 'black', 0, '2025-07-25 17:39:54', '2025-07-25 17:39:54'),
(21, 2, 'orange', 'orange', 0, '2025-07-28 15:15:41', '2025-07-28 15:15:41'),
(22, 2, 'Yellow', 'Yellow', 0, '2025-08-04 18:02:43', '2025-08-04 18:02:43'),
(23, 2, 'Fauchia', 'Fauchia', 0, '2025-08-04 18:02:43', '2025-08-04 18:02:43'),
(24, 2, 'Grey', 'Grey', 0, '2025-08-04 18:02:43', '2025-08-04 18:02:43'),
(25, 2, 'Brown', 'Brown', 0, '2025-08-04 18:02:43', '2025-08-04 18:02:43'),
(26, 2, 'lavender', 'lavender', 0, '2025-08-27 15:50:26', '2025-08-27 15:50:26'),
(27, 2, 'Lilac', 'Lilac', 0, '2025-09-03 09:55:27', '2025-09-03 09:55:27'),
(28, 2, 'Mustard', 'Mustard', 0, '2025-09-03 09:55:39', '2025-09-03 09:55:39');

-- --------------------------------------------------------

--
-- Table structure for table `banners`
--

CREATE TABLE `banners` (
  `id` int NOT NULL,
  `uuid` varchar(255) NOT NULL,
  `image` text NOT NULL,
  `created_at` timestamp NOT NULL DEFAULT CURRENT_TIMESTAMP,
  `updated_at` timestamp NOT NULL DEFAULT CURRENT_TIMESTAMP
) ENGINE=InnoDB DEFAULT CHARSET=utf8mb4 COLLATE=utf8mb4_0900_ai_ci;

--
-- Dumping data for table `banners`
--

INSERT INTO `banners` (`id`, `uuid`, `image`, `created_at`, `updated_at`) VALUES
(1, '97b8d0af-a781-43d4-b18f-82f2214b38ec', 'banners/KFdfX3zTDn0i1St0KoJoUfaqhD7x8kanZbHWpE0b.jpg', '2025-04-18 16:43:57', '2025-08-01 11:41:04'),
(2, '5640ba07-36f1-4553-95b8-8efa398c0f45', 'banners/5J2EZK1JOzS1Tmw1LbwxbLHPMFXMZGwyNTGGBa4e.jpg', '2025-04-18 16:44:45', '2025-08-01 11:41:18'),
(8, '45550e7e-49a1-4d6e-9aa7-3bc6f1386fad', 'banners/95wuwo1ZgjENQrLlbvM3eVhKAkAcDmjhkhEIeEVg.jpg', '2025-07-21 09:59:56', '2025-08-01 11:41:42'),
(11, '8bcd3635-4e9d-4837-8288-b8c69e730756', 'banners/w9c4Tu29PyGaXUn6r2XMAWyVWMwpvtoem2Cna9OU.jpg', '2025-08-01 22:16:00', '2025-08-04 12:58:19'),
(12, '80e317dc-f935-4c34-b11d-ca1e99cdb4a1', 'banners/Jp8MhxnRqVRgn9FwyXsC5w2lzK0rWBHEypVhzZga.jpg', '2025-08-27 16:13:45', '2025-08-29 11:46:35');

-- --------------------------------------------------------

--
-- Table structure for table `callback_req`
--

CREATE TABLE `callback_req` (
  `callback_req_id` int NOT NULL,
  `user_id` int NOT NULL,
  `user_name` varchar(255) CHARACTER SET utf8mb3 COLLATE utf8mb3_unicode_ci NOT NULL,
  `user_phone` varchar(255) CHARACTER SET utf8mb3 COLLATE utf8mb3_unicode_ci NOT NULL,
  `processed` int NOT NULL DEFAULT '0',
  `date` date NOT NULL,
  `store_id` int NOT NULL
) ENGINE=InnoDB DEFAULT CHARSET=utf8mb3 COLLATE=utf8mb3_unicode_ci;

-- --------------------------------------------------------

--
-- Table structure for table `cancelandrefundpage`
--

CREATE TABLE `cancelandrefundpage` (
  `id` int NOT NULL,
  `title` varchar(255) NOT NULL,
  `description` text NOT NULL,
  `created_at` timestamp NOT NULL DEFAULT CURRENT_TIMESTAMP,
  `updated_at` timestamp NOT NULL DEFAULT CURRENT_TIMESTAMP
) ENGINE=InnoDB DEFAULT CHARSET=utf8mb4 COLLATE=utf8mb4_0900_ai_ci;

--
-- Dumping data for table `cancelandrefundpage`
--

INSERT INTO `cancelandrefundpage` (`id`, `title`, `description`, `created_at`, `updated_at`) VALUES
(1, 'Cancel & Refund', '<div class=\"cancellation-refund-policy page-conetnt\">\r\n    <p>At <strong>SOAP OPERA</strong>, we understand that plans can change. Our flexible cancellation and refund policy ensures a smooth and worry-free shopping experience.</p>\r\n\r\n    <hr>\r\n\r\n    <h3>🛑 Order Cancellation</h3>\r\n    <p><strong>Before Dispatch:</strong><br>\r\n    You can cancel your order any time before it is dispatched. A full refund will be processed to your original payment method.</p>\r\n\r\n    <p><strong>After Dispatch:</strong><br>\r\n    Once the order is dispatched, cancellation is not possible. However, you can request a return or exchange after delivery by referring to our <em>Return & Exchange Policy</em>.</p>\r\n\r\n    <hr>\r\n\r\n    <h3>💸 Refund Process</h3>\r\n    <p>Once your return or cancellation is approved:</p>\r\n    <ul>\r\n        <li><em>Prepaid Orders:</em> Refunds will be credited to your original payment method (card, UPI, net banking) within 5–7 business days after we receive and inspect the product.</li>\r\n        \r\n    </ul>\r\n\r\n    <hr>\r\n\r\n    <h3>🚫 Non-Refundable Conditions</h3>\r\n    <ul>\r\n        <li>Items purchased during sales or under promotional offers are <em>non-refundable</em>, unless damaged or defective.</li>\r\n        <li>Returned items must be <em>unused, unwashed, and in <strong>original packaging</strong></em> to qualify for a refund.</li>\r\n    </ul>\r\n\r\n    <hr>\r\n\r\n    <h3>📞 Need Help?</h3>\r\n    <p>For cancellation or refund assistance, reach out to us:</p>\r\n    <p><strong>SOAP OPERA</strong></p>\r\n   <ul>\r\n <li>   📍 Shop No.9A, Ground Floor, Chennoy Mansion Warden Road, Kemps Corner Near Mucchad Paan<br> Wala. Opp. St.Stephen church Next to Gangar Optician. Mumbai 400026. </li> \r\n<li>     📧 <a href=\"mailto:support@soapopera.in\">support@soapopera.in</a></li> \r\n<li>     📞  +91 9820166550 / +91 9321319542</li> \r\n   </ul>\r\n\r\n    <hr>\r\n\r\n    <ul>\r\n        <li><strong>FREE SHIPPING</strong> – On All Orders</li>\r\n        <li><strong>COD AVAILABLE</strong> – Pay in Cash on Delivery</li>\r\n        <li><strong>SECURE PAYMENT</strong> – Your Data is Safe</li>\r\n        <li><strong>FREE RETURNS</strong> – Within 10 Days</li>\r\n    </ul>\r\n</div>', '2025-04-25 04:50:14', '2025-08-26 17:53:23');

-- --------------------------------------------------------

--
-- Table structure for table `cancel_for`
--

CREATE TABLE `cancel_for` (
  `res_id` int NOT NULL,
  `reason` varchar(255) CHARACTER SET utf8mb4 COLLATE utf8mb4_unicode_ci NOT NULL
) ENGINE=InnoDB DEFAULT CHARSET=utf8mb4 COLLATE=utf8mb4_unicode_ci;

--
-- Dumping data for table `cancel_for`
--

INSERT INTO `cancel_for` (`res_id`, `reason`) VALUES
(6, 'TAKING TO MUCH TIME'),
(7, 'PRICE IS DIFFRENT FROM OTHER STORE'),
(8, 'Changed My Mind.'),
(9, 'NOT INTERESTED'),
(10, 'NOT INTERESTED');

-- --------------------------------------------------------

--
-- Table structure for table `cart`
--

CREATE TABLE `cart` (
  `cart_id` int NOT NULL,
  `product_id` varchar(255) NOT NULL,
  `variation_id` varchar(255) NOT NULL,
  `user_id` varchar(255) NOT NULL,
  `quantity` varchar(255) NOT NULL,
  `created_at` timestamp NOT NULL DEFAULT CURRENT_TIMESTAMP,
  `updated_at` timestamp NOT NULL DEFAULT CURRENT_TIMESTAMP
) ENGINE=MyISAM DEFAULT CHARSET=latin1;

--
-- Dumping data for table `cart`
--

INSERT INTO `cart` (`cart_id`, `product_id`, `variation_id`, `user_id`, `quantity`, `created_at`, `updated_at`) VALUES
(341, '42', '69', '17', '1', '2025-09-04 16:31:35', '2025-09-04 16:31:35'),
(301, '34', '58', '17', '1', '2025-08-06 09:32:42', '2025-08-06 09:32:42'),
(300, '30', '51', '16', '1', '2025-08-04 21:54:20', '2025-08-04 21:54:20');

-- --------------------------------------------------------

--
-- Table structure for table `cart_payments`
--

CREATE TABLE `cart_payments` (
  `py_id` int NOT NULL,
  `payment_id` varchar(255) CHARACTER SET utf8mb4 COLLATE utf8mb4_unicode_ci NOT NULL,
  `amount` varchar(255) CHARACTER SET utf8mb4 COLLATE utf8mb4_unicode_ci NOT NULL,
  `cart_id` varchar(255) CHARACTER SET utf8mb4 COLLATE utf8mb4_unicode_ci NOT NULL,
  `payment_gateway` varchar(255) CHARACTER SET utf8mb4 COLLATE utf8mb4_unicode_ci NOT NULL,
  `created_at` datetime NOT NULL,
  `updated_at` datetime NOT NULL
) ENGINE=InnoDB DEFAULT CHARSET=utf8mb4 COLLATE=utf8mb4_unicode_ci;

-- --------------------------------------------------------

--
-- Table structure for table `cart_rewards`
--

CREATE TABLE `cart_rewards` (
  `cart_rewards_id` int NOT NULL,
  `cart_id` varchar(255) CHARACTER SET utf8mb4 COLLATE utf8mb4_unicode_ci NOT NULL,
  `rewards` int NOT NULL,
  `user_id` int NOT NULL
) ENGINE=InnoDB DEFAULT CHARSET=utf8mb4 COLLATE=utf8mb4_unicode_ci;

-- --------------------------------------------------------

--
-- Table structure for table `cart_status`
--

CREATE TABLE `cart_status` (
  `status_id` int NOT NULL,
  `pending` datetime DEFAULT NULL,
  `confirm` datetime DEFAULT NULL,
  `out_for_delivery` datetime DEFAULT NULL,
  `completed` datetime DEFAULT NULL,
  `cancelled` datetime DEFAULT NULL,
  `cart_id` varchar(255) CHARACTER SET utf8mb4 COLLATE utf8mb4_unicode_ci NOT NULL
) ENGINE=InnoDB DEFAULT CHARSET=utf8mb4 COLLATE=utf8mb4_unicode_ci;

-- --------------------------------------------------------

--
-- Table structure for table `categories`
--

CREATE TABLE `categories` (
  `cat_id` int NOT NULL,
  `title` varchar(255) CHARACTER SET utf8mb4 COLLATE utf8mb4_unicode_ci NOT NULL,
  `slug` varchar(255) CHARACTER SET utf8mb4 COLLATE utf8mb4_unicode_ci NOT NULL,
  `url` varchar(255) CHARACTER SET utf8mb4 COLLATE utf8mb4_unicode_ci DEFAULT NULL,
  `image` varchar(255) CHARACTER SET utf8mb4 COLLATE utf8mb4_unicode_ci NOT NULL,
  `parent` int NOT NULL DEFAULT '0',
  `level` int NOT NULL,
  `description` varchar(255) CHARACTER SET utf8mb4 COLLATE utf8mb4_unicode_ci DEFAULT NULL,
  `status` int NOT NULL DEFAULT '1',
  `added_by` int NOT NULL DEFAULT '0',
  `is_deleted` tinyint(1) NOT NULL DEFAULT '0',
  `tax_type` int DEFAULT '0',
  `tax_name` varchar(255) CHARACTER SET utf8mb4 COLLATE utf8mb4_unicode_ci DEFAULT NULL,
  `tax_per` float DEFAULT '0',
  `tx_id` int DEFAULT NULL,
  `created_at` timestamp NOT NULL DEFAULT CURRENT_TIMESTAMP,
  `updated_at` timestamp NOT NULL DEFAULT CURRENT_TIMESTAMP
) ENGINE=InnoDB DEFAULT CHARSET=utf8mb4 COLLATE=utf8mb4_unicode_ci;

--
-- Dumping data for table `categories`
--

INSERT INTO `categories` (`cat_id`, `title`, `slug`, `url`, `image`, `parent`, `level`, `description`, `status`, `added_by`, `is_deleted`, `tax_type`, `tax_name`, `tax_per`, `tx_id`, `created_at`, `updated_at`) VALUES
(17, 'Gowns', 'gowns', NULL, '/images/category/01-08-2025/Beauty-services3.jpg', 0, 0, 'Gowns', 1, 0, 0, 0, NULL, 0, NULL, '2025-06-06 06:30:48', '2025-06-06 06:30:48'),
(18, 'Coordsets', 'coordsets', NULL, '/images/category/01-08-2025/Beauty-services1.jpg', 0, 0, 'Coordsets', 1, 0, 0, 0, NULL, 0, NULL, '2025-06-06 06:36:18', '2025-06-06 06:36:18'),
(19, 'Saree', 'saree', NULL, '/images/category/26-06-2025/saree1.jpg', 0, 0, 'Trending Saree', 1, 0, 1, 0, NULL, 0, NULL, '2025-06-26 13:39:36', '2025-06-26 13:39:36'),
(20, 'Trending Saree', 'trending-saree', NULL, '/images/category/26-06-2025/saree1.jpg', 19, 1, 'Trending Saree', 1, 0, 0, 0, NULL, 0, NULL, '2025-06-26 14:25:21', '2025-06-26 14:25:21'),
(21, 'Skirts', 'jeans', NULL, '/images/category/01-08-2025/Beauty-services5.jpg', 0, 0, 'Skirts', 1, 0, 0, 0, NULL, 0, NULL, '2025-07-14 10:37:42', '2025-07-14 10:37:42'),
(22, 'Straight', 'straight', NULL, '/images/category/31-07-2025/cord2.jpeg', 21, 1, 'Straight', 1, 0, 0, 0, NULL, 0, NULL, '2025-07-14 10:38:46', '2025-07-14 10:38:46'),
(23, 'Party Tops', 'tops', NULL, '/images/category/01-08-2025/Beauty-service2.jpg', 0, 0, 'Party Tops', 1, 0, 0, 0, NULL, 0, NULL, '2025-07-21 12:17:37', '2025-07-21 12:17:37'),
(24, 'T-Shirts', 't-shirts', NULL, '/images/category/21-07-2025/x8XmUPHU_f5e376580b7a4ed988a2ce3584dc208c.jpg', 23, 1, 'T-Shirts', 1, 0, 0, 0, NULL, 0, NULL, '2025-07-21 12:18:12', '2025-07-21 12:18:12'),
(25, 'Party Dresses', 'party-dresses', NULL, '/images/category/30-07-2025/IMG_3909.jpeg', 0, 0, 'Party Dresses', 1, 0, 0, 0, NULL, 0, NULL, '2025-07-30 07:27:51', '2025-07-30 07:27:51'),
(26, 'Tops- Day Wear', 'tops--day-wear', NULL, '/images/category/01-08-2025/Beauty-services4.jpg', 0, 0, 'Tops- Day Wear', 1, 0, 0, 0, NULL, 0, NULL, '2025-07-30 08:28:39', '2025-07-30 08:28:39'),
(29, 'Maxi Dresses', 'maxi-dresses', NULL, '/images/category/26-08-2025/IMG-20250730-WA0207.jpg', 0, 0, 'Maxi Dresses', 1, 0, 0, 0, NULL, 0, NULL, '2025-08-26 11:39:18', '2025-08-26 11:39:18'),
(30, 'Day Wear Dresses', 'day-wear-dresses', NULL, '/images/category/27-08-2025/IMG_4331.jpeg', 0, 0, 'Day Wear Dresses', 1, 0, 1, 0, NULL, 0, NULL, '2025-08-27 08:26:11', '2025-08-27 08:26:11'),
(31, 'Dresses-Day Wear', 'day-wear-dresses', NULL, '/images/category/27-08-2025/IMG_6018.jpeg', 0, 0, 'Dresses-Day Wear', 1, 0, 0, 0, NULL, 0, NULL, '2025-08-27 09:11:35', '2025-08-27 09:11:35'),
(32, 'Jumpsuits', 'jumpsuits', NULL, '/images/category/31-08-2025/IMG_4533.png', 0, 0, 'Jumpsuits', 1, 0, 0, 0, NULL, 0, NULL, '2025-08-31 15:52:12', '2025-08-31 15:52:12'),
(33, 'Jumpsuits', 'jumpsuits', NULL, '/images/category/31-08-2025/IMG_4533.png', 0, 0, 'Jumpsuits', 1, 0, 1, 0, NULL, 0, NULL, '2025-08-31 15:52:15', '2025-08-31 15:52:15'),
(34, 'Swimwear', 'swimwear', NULL, '/images/category/01-09-2025/IMG_3394.png', 0, 0, 'Swimsuits, Bikinis & Cover-ups!', 1, 0, 0, 0, NULL, 0, NULL, '2025-09-01 15:04:44', '2025-09-01 15:04:44');

-- --------------------------------------------------------

--
-- Table structure for table `city`
--

CREATE TABLE `city` (
  `city_id` int NOT NULL,
  `city_name` varchar(100) CHARACTER SET utf8mb4 COLLATE utf8mb4_unicode_ci NOT NULL
) ENGINE=InnoDB DEFAULT CHARSET=utf8mb4 COLLATE=utf8mb4_unicode_ci;

--
-- Dumping data for table `city`
--

INSERT INTO `city` (`city_id`, `city_name`) VALUES
(3, 'Ludhiana'),
(4, 'Ludhiana'),
(5, 'Ludhiana'),
(6, 'Qobustan'),
(7, 'Ludhiana'),
(8, 'Ludhiana'),
(9, 'New Delhi'),
(10, 'Qobustan'),
(11, 'Ghaziabad'),
(12, 'Ghaziabad'),
(13, 'Ghaziabad'),
(14, 'Ghaziabad'),
(15, 'Delhi NCR'),
(16, 'Ghaziabad'),
(17, 'Ghaziabad'),
(18, 'Perspiciatis dicta '),
(19, 'Gurgaon'),
(20, 'Delhi'),
(28, 'Gurugram'),
(29, 'Ghaziabad'),
(30, 'Qui et aperiam perfe'),
(31, 'Numquam quas ut mini'),
(32, 'Maiores dolor in qui'),
(33, 'City'),
(34, 'Et dolores eveniet'),
(35, 'mumbai');

-- --------------------------------------------------------

--
-- Table structure for table `contact_us`
--

CREATE TABLE `contact_us` (
  `id` int NOT NULL,
  `uuid` varchar(255) NOT NULL,
  `full_name` varchar(255) NOT NULL,
  `subject` varchar(255) DEFAULT NULL,
  `email` varchar(255) NOT NULL,
  `phone_number` bigint NOT NULL,
  `message` text NOT NULL,
  `created_at` timestamp NOT NULL DEFAULT CURRENT_TIMESTAMP,
  `updated_at` timestamp NOT NULL DEFAULT CURRENT_TIMESTAMP
) ENGINE=InnoDB DEFAULT CHARSET=utf8mb4 COLLATE=utf8mb4_0900_ai_ci;

--
-- Dumping data for table `contact_us`
--

INSERT INTO `contact_us` (`id`, `uuid`, `full_name`, `subject`, `email`, `phone_number`, `message`, `created_at`, `updated_at`) VALUES
(1, 'dda20049-30e7-41a2-ac63-02ebb996c2ff', 'Maile Gay', 'Odit asperiores quae', 'wacyripijo@mailinator.com', 987654321, 'Minima excepturi con', '2025-06-24 17:39:19', '2025-06-24 17:39:19'),
(2, '969140c0-8d85-47f3-98f1-9a2da7d32024', 'Deanna Wyatt', 'In consectetur numq', 'qekawumov@mailinator.com', 987654321, 'sadasd ', '2025-06-24 17:39:48', '2025-06-24 17:39:48'),
(3, 'ce6a348b-e952-4277-b763-435305022edf', 'shivani', 'test', 'shivanisingh.yugasa@gmail.com', 1234567890, 'test ok', '2025-06-26 17:48:33', '2025-06-26 17:48:33'),
(4, '2f9572fb-286c-4bb5-a705-31974714465b', 'shivani', 'it is enquiry not bulk buy', 'shivanisingh.yugasa@gmail.com', 1234567890, 'testing testing 123 ', '2025-06-27 12:57:14', '2025-06-27 12:57:14'),
(6, '490695d2-b276-4172-9567-90ed9479ac20', 'Monu', 'no', 'dpsdeoria@gmail.com', 7291014339, 'hinnn', '2025-07-04 16:56:55', '2025-07-04 16:56:55'),
(7, 'fd93eefc-3689-4bec-b808-9c4c78111dca', 'Bumble', '', 'nandkedar@yahoo.com', 9920807980, 'Hi, what is the price of the red cocktail dress?', '2025-08-06 09:30:56', '2025-08-06 09:30:56'),
(8, '8293e0d3-39dc-44e1-aba1-6f2fe7f9d8f8', 'azaz Khatau', 'Tie up', 'abkhatau@gmail.com', 9820100550, 'pLease Call me on my number', '2025-08-06 12:51:59', '2025-08-06 12:51:59'),
(9, '21295160-03cb-4a46-9e27-65238f5b7f41', 'Azaz', 'Hello', 'abkhatau@gmail.com', 9820100550, 'Please call me', '2025-08-06 13:42:24', '2025-08-06 13:42:24'),
(10, 'c65c7f4c-6c3c-49e3-a06e-97e5b4b97743', 'Kai Hancock', 'Suscipit ut eos itaq', 'fywyhyma@mailinator.com', 987654321, 'Aliquid et numquam r', '2025-08-11 17:25:38', '2025-08-11 17:25:38'),
(11, '7e938f33-2a7f-418c-9606-e5c2d733704f', 'Shana TEst', 'Enim aut voluptas do', 'mitoxi@mailinator.com', 123456789, 'Quia hic omnis nihil', '2025-08-19 17:49:42', '2025-08-19 17:49:42'),
(12, 'a4b2418a-7484-441f-a10d-e675001656cd', 'Frances Pearson', 'Anim ipsum sit non ', 'ceharawa@mailinator.com', 987654321, 'A voluptas eius quia', '2025-08-19 20:55:27', '2025-08-19 20:55:27'),
(13, '8c8db05e-0638-4c04-b294-40f3793680d2', 'Chandler Joyner', 'Nam sint et in faci', 'zawimop@mailinator.com', 987654321, 'Magnam fugiat ut om', '2025-08-22 15:38:00', '2025-08-22 15:38:00'),
(14, '0185b32a-c2de-4083-99e8-8b0cb4248e0e', 'Warren Heath', 'Voluptatem Totam bl', 'kihubiv@mailinator.com', 987654321, 'Maiores optio omnis', '2025-08-22 16:30:18', '2025-08-22 16:30:18'),
(15, '41479a48-23b5-4110-bda9-db423b42abfa', 'Berk Bullock', 'Ut ea elit nostrud ', 'lukofimy@mailinator.com', 987654321, 'Veritatis alias iure', '2025-08-22 18:19:10', '2025-08-22 18:19:10'),
(16, 'fc0b3320-c6b9-435c-a930-1124882c86d2', 'Azaz', 'Tie up Oppurtunity', 'abkhatau@gmail.com', 9820100550, 'Please call me for a tie up', '2025-08-28 17:38:28', '2025-08-28 17:38:28'),
(17, 'a1517aa1-21f8-4505-ad49-769083a16716', 'Jay', 'Question', 'nandkedar@yahoo.com', 9920807980, 'Do you do home trials?', '2025-09-04 16:34:29', '2025-09-04 16:34:29');

-- --------------------------------------------------------

--
-- Table structure for table `country_code`
--

CREATE TABLE `country_code` (
  `code_id` int NOT NULL,
  `country_code` int NOT NULL
) ENGINE=InnoDB DEFAULT CHARSET=utf8mb4 COLLATE=utf8mb4_unicode_ci;

--
-- Dumping data for table `country_code`
--

INSERT INTO `country_code` (`code_id`, `country_code`) VALUES
(1, 91);

-- --------------------------------------------------------

--
-- Table structure for table `coupon`
--

CREATE TABLE `coupon` (
  `coupon_id` int UNSIGNED NOT NULL,
  `typecoupon` enum('default','forder') COLLATE utf8mb4_unicode_ci NOT NULL DEFAULT 'forder',
  `coupon_name` varchar(30) COLLATE utf8mb4_unicode_ci NOT NULL,
  `coupon_image` varchar(191) COLLATE utf8mb4_unicode_ci NOT NULL,
  `coupon_code` varchar(11) COLLATE utf8mb4_unicode_ci NOT NULL,
  `coupon_description` varchar(191) COLLATE utf8mb4_unicode_ci NOT NULL,
  `show_on_web` tinyint(1) NOT NULL DEFAULT '0',
  `start_date` datetime NOT NULL,
  `end_date` datetime NOT NULL,
  `cart_value` double(10,2) NOT NULL,
  `max_discount` double(9,2) NOT NULL,
  `amount` double(10,2) NOT NULL,
  `type` enum('percent','amount') COLLATE utf8mb4_unicode_ci NOT NULL,
  `uses_restriction` int NOT NULL DEFAULT '1',
  `store_id` int NOT NULL
) ENGINE=InnoDB DEFAULT CHARSET=utf8mb4 COLLATE=utf8mb4_unicode_ci;

--
-- Dumping data for table `coupon`
--

INSERT INTO `coupon` (`coupon_id`, `typecoupon`, `coupon_name`, `coupon_image`, `coupon_code`, `coupon_description`, `show_on_web`, `start_date`, `end_date`, `cart_value`, `max_discount`, `amount`, `type`, `uses_restriction`, `store_id`) VALUES
(3, 'forder', 'First 100', 'N/A', 'First 100', 'First 100', 0, '2025-07-01 11:09:00', '2025-07-31 11:09:00', 10.00, 0.00, 100.00, 'amount', 10, 1),
(4, '', 'SUMMER100', 'N/A', 'SUMMER100', '100rs off', 0, '2025-07-01 13:09:00', '2025-07-31 13:09:00', 500.00, 0.00, 100.00, 'amount', 10, 1),
(5, '', 'MONTHLY COUPON', 'N/A', 'vN0cSvIcb3', 'IF you applied this coupon in August month', 0, '2025-07-31 19:05:00', '2025-07-24 19:05:00', 1000.00, 50.00, 20.00, 'percent', 100, 1),
(7, '', 'Flat 7%', 'N/A', 'Code-007', 'Enjoy 7% Off on orders above 2500', 0, '2025-08-11 17:39:00', '2026-03-31 17:39:00', 2500.00, 0.00, 7.00, 'percent', 2, 1),
(9, '', 'Welcome', 'N/A', 'Code: 010', 'Get 10% Off on your FIRST ORDER', 1, '2026-08-20 00:00:00', '2025-08-18 00:00:00', 1100.00, 0.00, 10.00, 'percent', 1, 1);

-- --------------------------------------------------------

--
-- Table structure for table `coupon_backup`
--

CREATE TABLE `coupon_backup` (
  `coupon_id` int NOT NULL,
  `coupon_name` varchar(255) CHARACTER SET utf8mb4 COLLATE utf8mb4_unicode_ci NOT NULL,
  `coupon_image` varchar(255) CHARACTER SET utf8mb4 COLLATE utf8mb4_unicode_ci NOT NULL,
  `max_discount` varchar(225) COLLATE utf8mb4_unicode_ci NOT NULL,
  `typecoupon` int NOT NULL,
  `coupon_code` varchar(255) CHARACTER SET utf8mb4 COLLATE utf8mb4_unicode_ci NOT NULL,
  `coupon_description` varchar(255) CHARACTER SET utf8mb4 COLLATE utf8mb4_unicode_ci NOT NULL,
  `start_date` datetime NOT NULL,
  `end_date` datetime NOT NULL,
  `cart_value` int NOT NULL,
  `amount` int NOT NULL,
  `type` varchar(255) CHARACTER SET utf8mb4 COLLATE utf8mb4_unicode_ci NOT NULL,
  `uses_restriction` int NOT NULL DEFAULT '1',
  `store_id` int NOT NULL
) ENGINE=InnoDB DEFAULT CHARSET=utf8mb4 COLLATE=utf8mb4_unicode_ci;

--
-- Dumping data for table `coupon_backup`
--

INSERT INTO `coupon_backup` (`coupon_id`, `coupon_name`, `coupon_image`, `max_discount`, `typecoupon`, `coupon_code`, `coupon_description`, `start_date`, `end_date`, `cart_value`, `amount`, `type`, `uses_restriction`, `store_id`) VALUES
(1, 'TEST 500', 'N/A', '2000', 0, 'TEST 500', 'TEST 500', '2025-06-17 16:26:00', '2025-07-12 16:26:00', 100, 50, 'percent', 10, 1),
(2, 'SUMMER100', 'N/A', '0', 0, 'SUMMER100', 'SUMMER100', '2025-06-01 17:43:00', '2025-06-30 17:43:00', 100, 100, 'amount', 100, 1),
(3, 'NEW50', 'N/A', '1500', 0, 'QYhIpJOwoMK', '50 % off on first order', '2025-06-27 00:00:00', '2025-06-30 00:00:00', 1000, 50, 'percent', 3, 1),
(4, 'Coupon201', 'N/A', '2000', 0, 'vOu5yHKsnSf', '20 % off on first order', '2025-07-01 17:09:00', '2025-07-30 17:09:00', 1000, 20, 'percent', 2, 1),
(5, 'FirstLogin', 'N/A', '0', 1, 'firstlogin', 'firstlogin', '2025-07-31 13:12:00', '2025-07-01 13:12:00', 10, 100, 'amount', 10, 1);

-- --------------------------------------------------------

--
-- Table structure for table `currency`
--

CREATE TABLE `currency` (
  `id` int NOT NULL,
  `currency_name` varchar(255) CHARACTER SET utf8mb4 COLLATE utf8mb4_unicode_ci NOT NULL,
  `currency_sign` char(255) CHARACTER SET utf8mb4 COLLATE utf8mb4_unicode_ci NOT NULL
) ENGINE=InnoDB DEFAULT CHARSET=utf8mb4 COLLATE=utf8mb4_unicode_ci;

--
-- Dumping data for table `currency`
--

INSERT INTO `currency` (`id`, `currency_name`, `currency_sign`) VALUES
(1, 'INR', 'Rs');

-- --------------------------------------------------------

--
-- Table structure for table `deal_product`
--

CREATE TABLE `deal_product` (
  `deal_id` int NOT NULL,
  `varient_id` int NOT NULL,
  `deal_price` float NOT NULL,
  `valid_from` datetime NOT NULL,
  `valid_to` datetime NOT NULL,
  `status` int NOT NULL,
  `store_id` int NOT NULL
) ENGINE=InnoDB DEFAULT CHARSET=utf8mb4 COLLATE=utf8mb4_unicode_ci;

-- --------------------------------------------------------

--
-- Table structure for table `delivery_rating`
--

CREATE TABLE `delivery_rating` (
  `rating_id` int NOT NULL,
  `user_id` int NOT NULL,
  `dboy_id` int NOT NULL,
  `rating` float NOT NULL,
  `description` varchar(255) CHARACTER SET utf8mb4 COLLATE utf8mb4_unicode_ci NOT NULL
) ENGINE=InnoDB DEFAULT CHARSET=utf8mb4 COLLATE=utf8mb4_unicode_ci;

-- --------------------------------------------------------

--
-- Table structure for table `deliver_boy_stores`
--

CREATE TABLE `deliver_boy_stores` (
  `id_record` int UNSIGNED NOT NULL,
  `deliveryboy_id` int NOT NULL,
  `store_id` int NOT NULL
) ENGINE=InnoDB DEFAULT CHARSET=utf8mb4 COLLATE=utf8mb4_unicode_ci;

-- --------------------------------------------------------

--
-- Table structure for table `driver_bank`
--

CREATE TABLE `driver_bank` (
  `ac_id` int NOT NULL,
  `driver_id` int NOT NULL,
  `ac_no` varchar(255) CHARACTER SET utf8mb4 COLLATE utf8mb4_unicode_ci NOT NULL,
  `ifsc` varchar(255) CHARACTER SET utf8mb4 COLLATE utf8mb4_unicode_ci NOT NULL,
  `holder_name` varchar(255) CHARACTER SET utf8mb4 COLLATE utf8mb4_unicode_ci NOT NULL,
  `bank_name` varchar(255) CHARACTER SET utf8mb4 COLLATE utf8mb4_unicode_ci NOT NULL,
  `upi` varchar(255) CHARACTER SET utf8mb4 COLLATE utf8mb4_unicode_ci DEFAULT NULL
) ENGINE=InnoDB DEFAULT CHARSET=utf8mb4 COLLATE=utf8mb4_unicode_ci;

-- --------------------------------------------------------

--
-- Table structure for table `driver_callback_req`
--

CREATE TABLE `driver_callback_req` (
  `callback_req_id` int NOT NULL,
  `driver_name` varchar(255) CHARACTER SET utf8mb3 COLLATE utf8mb3_unicode_ci NOT NULL,
  `driver_phone` varchar(255) CHARACTER SET utf8mb3 COLLATE utf8mb3_unicode_ci NOT NULL,
  `processed` int NOT NULL DEFAULT '0',
  `date` date NOT NULL,
  `driver_id` int NOT NULL
) ENGINE=InnoDB DEFAULT CHARSET=utf8mb3 COLLATE=utf8mb3_unicode_ci;

-- --------------------------------------------------------

--
-- Table structure for table `driver_incentive`
--

CREATE TABLE `driver_incentive` (
  `id` int NOT NULL,
  `dboy_id` int NOT NULL,
  `earned_till_now` varchar(255) CHARACTER SET utf8mb4 COLLATE utf8mb4_unicode_ci NOT NULL,
  `paid_till_now` varchar(255) CHARACTER SET utf8mb4 COLLATE utf8mb4_unicode_ci NOT NULL,
  `remaining` varchar(255) CHARACTER SET utf8mb4 COLLATE utf8mb4_unicode_ci NOT NULL
) ENGINE=InnoDB DEFAULT CHARSET=utf8mb4 COLLATE=utf8mb4_unicode_ci;

-- --------------------------------------------------------

--
-- Table structure for table `driver_notification`
--

CREATE TABLE `driver_notification` (
  `not_id` int NOT NULL,
  `not_title` varchar(255) CHARACTER SET utf8mb4 COLLATE utf8mb4_unicode_ci NOT NULL,
  `image` varchar(255) CHARACTER SET utf8mb4 COLLATE utf8mb4_unicode_ci DEFAULT NULL,
  `not_message` longtext CHARACTER SET utf8mb4 COLLATE utf8mb4_unicode_ci NOT NULL,
  `dboy_id` int NOT NULL,
  `read_by_driver` int NOT NULL DEFAULT '0',
  `created_at` datetime DEFAULT CURRENT_TIMESTAMP
) ENGINE=InnoDB DEFAULT CHARSET=utf8mb4 COLLATE=utf8mb4_unicode_ci;

-- --------------------------------------------------------

--
-- Table structure for table `enquiries`
--

CREATE TABLE `enquiries` (
  `id` int NOT NULL,
  `uuid` varchar(255) CHARACTER SET utf8mb4 COLLATE utf8mb4_general_ci NOT NULL,
  `full_name` varchar(255) CHARACTER SET utf8mb4 COLLATE utf8mb4_general_ci NOT NULL,
  `email` varchar(255) CHARACTER SET utf8mb4 COLLATE utf8mb4_general_ci NOT NULL,
  `phone_number` bigint NOT NULL,
  `message` text CHARACTER SET utf8mb4 COLLATE utf8mb4_general_ci NOT NULL,
  `product_detail` text CHARACTER SET utf8mb4 COLLATE utf8mb4_general_ci NOT NULL,
  `gst_no` varchar(255) CHARACTER SET utf8mb4 COLLATE utf8mb4_general_ci NOT NULL,
  `created_at` timestamp NOT NULL DEFAULT CURRENT_TIMESTAMP,
  `updated_at` timestamp NOT NULL DEFAULT CURRENT_TIMESTAMP
) ENGINE=InnoDB DEFAULT CHARSET=utf8mb4 COLLATE=utf8mb4_general_ci;

--
-- Dumping data for table `enquiries`
--

INSERT INTO `enquiries` (`id`, `uuid`, `full_name`, `email`, `phone_number`, `message`, `product_detail`, `gst_no`, `created_at`, `updated_at`) VALUES
(1, '1054974f-1462-4125-812f-faf7f28832a3', 'mhgfghf', 'nbjv@gmail.com', 8888888888, 'm,mnmn', 'Want to buy relax fit pant in bulk 200pcs required', 'zpandhhdggfdfdfdf', '2025-04-17 10:14:33', '2025-04-17 10:14:33'),
(2, '911b177d-57a7-4e60-9883-5ae5d787169f', 'Shivani SIngh', 'shivanisingh.yugasa@gmail.com', 8882059458, 'test', 'Want to buy relax fit pant in bulk 200pcs required', 'zpandhhdggfdfdfdfsfdf', '2025-04-22 11:35:01', '2025-04-22 11:35:01'),
(3, '1e61a97e-1644-47ec-9f10-13409c30ff43', 'Ankit kalra', 'ankitkalrang@gmail.com', 7988544396, 'Want to buy relax fit pant in bulk 200pcs required', 'Want to buy relax fit pant in bulk 200pcs required', 'sdsdsdsddsfdf', '2025-04-22 12:15:32', '2025-04-22 12:15:32'),
(4, '32e74c35-14e2-47bb-a7c5-be1fea6018ab', 'Shivani SIngh', 'shivanisingh.yugasa@gmail.com', 1234567890, 'test', 'tunics -10', '12345678', '2025-04-23 19:29:29', '2025-04-23 19:29:29'),
(5, '562c3b55-265a-4655-9b80-90b7ab41239a', 'Shivani SIngh', 'shivanisingh.yugasa@gmail.com', 1234567890, 'tets', 'ds', '12345i', '2025-04-28 13:29:02', '2025-04-28 13:29:02');

-- --------------------------------------------------------

--
-- Table structure for table `failed_jobs`
--

CREATE TABLE `failed_jobs` (
  `id` int NOT NULL,
  `uuid` varchar(255) CHARACTER SET utf8mb4 COLLATE utf8mb4_unicode_ci NOT NULL,
  `connection` text CHARACTER SET utf8mb4 COLLATE utf8mb4_unicode_ci NOT NULL,
  `queue` text CHARACTER SET utf8mb4 COLLATE utf8mb4_unicode_ci NOT NULL,
  `payload` longtext CHARACTER SET utf8mb4 COLLATE utf8mb4_unicode_ci NOT NULL,
  `exception` longtext CHARACTER SET utf8mb4 COLLATE utf8mb4_unicode_ci NOT NULL,
  `failed_at` timestamp NOT NULL DEFAULT CURRENT_TIMESTAMP
) ENGINE=InnoDB DEFAULT CHARSET=utf8mb4 COLLATE=utf8mb4_unicode_ci;

-- --------------------------------------------------------

--
-- Table structure for table `fcm`
--

CREATE TABLE `fcm` (
  `id` int NOT NULL,
  `sender_id` varchar(255) CHARACTER SET utf8mb4 COLLATE utf8mb4_unicode_ci NOT NULL,
  `server_key` longtext CHARACTER SET utf8mb4 COLLATE utf8mb4_unicode_ci NOT NULL,
  `store_server_key` longtext CHARACTER SET utf8mb4 COLLATE utf8mb4_unicode_ci NOT NULL,
  `driver_server_key` longtext CHARACTER SET utf8mb4 COLLATE utf8mb4_unicode_ci NOT NULL
) ENGINE=InnoDB DEFAULT CHARSET=utf8mb4 COLLATE=utf8mb4_unicode_ci;

--
-- Dumping data for table `fcm`
--

INSERT INTO `fcm` (`id`, `sender_id`, `server_key`, `store_server_key`, `driver_server_key`) VALUES
(1, '352076647507', 'AAAAUflnTFM:APA91bENvJ_m7EYr0iyqcolGcB3DdSV_K5tKBDOJherPDN0TlQsYNeUzS92HSz0Ou1c_d0ty2Mvp_XAcxYMhqdh0XQG57cMC_8P2N_lFZmZQT55EZ2sfAx_d84ztVMYHGWaUfYwD-vQN', 'AAAAUflnTFM:APA91bENvJ_m7EYr0iyqcolGcB3DdSV_K5tKBDOJherPDN0TlQsYNeUzS92HSz0Ou1c_d0ty2Mvp_XAcxYMhqdh0XQG57cMC_8P2N_lFZmZQT55EZ2sfAx_d84ztVMYHGWaUfYwD-vQN', 'AAAAUflnTFM:APA91bENvJ_m7EYr0iyqcolGcB3DdSV_K5tKBDOJherPDN0TlQsYNeUzS92HSz0Ou1c_d0ty2Mvp_XAcxYMhqdh0XQG57cMC_8P2N_lFZmZQT55EZ2sfAx_d84ztVMYHGWaUfYwD-vQN');

-- --------------------------------------------------------

--
-- Table structure for table `firebase`
--

CREATE TABLE `firebase` (
  `f_id` int NOT NULL,
  `status` int NOT NULL
) ENGINE=InnoDB DEFAULT CHARSET=utf8mb4 COLLATE=utf8mb4_unicode_ci;

--
-- Dumping data for table `firebase`
--

INSERT INTO `firebase` (`f_id`, `status`) VALUES
(1, 1);

-- --------------------------------------------------------

--
-- Table structure for table `firebase_iso`
--

CREATE TABLE `firebase_iso` (
  `iso_id` int NOT NULL,
  `iso_code` varchar(255) CHARACTER SET utf8mb3 COLLATE utf8mb3_unicode_ci NOT NULL
) ENGINE=InnoDB DEFAULT CHARSET=utf8mb3 COLLATE=utf8mb3_unicode_ci;

--
-- Dumping data for table `firebase_iso`
--

INSERT INTO `firebase_iso` (`iso_id`, `iso_code`) VALUES
(1, 'INR');

-- --------------------------------------------------------

--
-- Table structure for table `freedeliverycart`
--

CREATE TABLE `freedeliverycart` (
  `id` int NOT NULL,
  `min_cart_value` float NOT NULL DEFAULT '0',
  `del_charge` float NOT NULL DEFAULT '0',
  `store_id` int NOT NULL
) ENGINE=InnoDB DEFAULT CHARSET=utf8mb4 COLLATE=utf8mb4_unicode_ci;

--
-- Dumping data for table `freedeliverycart`
--

INSERT INTO `freedeliverycart` (`id`, `min_cart_value`, `del_charge`, `store_id`) VALUES
(1, 1000, 20, 0),
(2, 2000, 40, 37);

-- --------------------------------------------------------

--
-- Table structure for table `id_types`
--

CREATE TABLE `id_types` (
  `type_id` int NOT NULL,
  `name` varchar(255) CHARACTER SET utf8mb4 COLLATE utf8mb4_unicode_ci NOT NULL
) ENGINE=InnoDB DEFAULT CHARSET=utf8mb4 COLLATE=utf8mb4_unicode_ci;

--
-- Dumping data for table `id_types`
--

INSERT INTO `id_types` (`type_id`, `name`) VALUES
(1, 'Aadhar Card');

-- --------------------------------------------------------

--
-- Table structure for table `image_space`
--

CREATE TABLE `image_space` (
  `space_id` int NOT NULL,
  `digital_ocean` int NOT NULL,
  `aws` int NOT NULL,
  `same_server` int NOT NULL
) ENGINE=InnoDB DEFAULT CHARSET=utf8mb4 COLLATE=utf8mb4_general_ci;

--
-- Dumping data for table `image_space`
--

INSERT INTO `image_space` (`space_id`, `digital_ocean`, `aws`, `same_server`) VALUES
(1, 0, 0, 1);

-- --------------------------------------------------------

--
-- Table structure for table `jobs`
--

CREATE TABLE `jobs` (
  `id` int UNSIGNED NOT NULL,
  `queue` varchar(255) CHARACTER SET utf8mb4 COLLATE utf8mb4_unicode_ci NOT NULL,
  `payload` longtext CHARACTER SET utf8mb4 COLLATE utf8mb4_unicode_ci NOT NULL,
  `attempts` tinyint UNSIGNED NOT NULL,
  `reserved_at` int UNSIGNED DEFAULT NULL,
  `available_at` int UNSIGNED NOT NULL,
  `created_at` int UNSIGNED NOT NULL
) ENGINE=InnoDB DEFAULT CHARSET=utf8mb4 COLLATE=utf8mb4_unicode_ci;

-- --------------------------------------------------------

--
-- Table structure for table `licensebox`
--

CREATE TABLE `licensebox` (
  `id` int NOT NULL,
  `license` varchar(255) CHARACTER SET utf8mb4 COLLATE utf8mb4_unicode_ci NOT NULL,
  `client` varchar(255) CHARACTER SET utf8mb4 COLLATE utf8mb4_unicode_ci NOT NULL,
  `installed_at` timestamp NULL DEFAULT CURRENT_TIMESTAMP,
  `updated_at` timestamp NULL DEFAULT CURRENT_TIMESTAMP,
  `status` enum('active','inactive') CHARACTER SET utf8mb4 COLLATE utf8mb4_unicode_ci NOT NULL DEFAULT 'inactive',
  `message` varchar(255) CHARACTER SET utf8mb4 COLLATE utf8mb4_unicode_ci DEFAULT NULL
) ENGINE=InnoDB DEFAULT CHARSET=utf8mb4 COLLATE=utf8mb4_unicode_ci;

-- --------------------------------------------------------

--
-- Table structure for table `list_cart`
--

CREATE TABLE `list_cart` (
  `l_cid` int NOT NULL,
  `l_vid` int NOT NULL,
  `l_qty` int NOT NULL,
  `l_uid` int NOT NULL,
  `ord_by_photo_id` int DEFAULT NULL
) ENGINE=InnoDB DEFAULT CHARSET=utf8mb3 COLLATE=utf8mb3_unicode_ci;

-- --------------------------------------------------------

--
-- Table structure for table `mapbox`
--

CREATE TABLE `mapbox` (
  `map_id` int NOT NULL,
  `mapbox_api` varchar(255) CHARACTER SET utf8mb4 COLLATE utf8mb4_unicode_ci NOT NULL
) ENGINE=InnoDB DEFAULT CHARSET=utf8mb4 COLLATE=utf8mb4_unicode_ci;

--
-- Dumping data for table `mapbox`
--

INSERT INTO `mapbox` (`map_id`, `mapbox_api`) VALUES
(1, 'pk.eyJ1IjogdffdCJhIjoiY2tzb2RiNndsM3BxMzJvb2RmZmNzZWZyNSJ9.zo7JmhVR5yqsRSvmyiXspw');

-- --------------------------------------------------------

--
-- Table structure for table `mapbox_countries`
--

CREATE TABLE `mapbox_countries` (
  `id` int UNSIGNED NOT NULL,
  `mapbox_country` varchar(191) COLLATE utf8mb4_unicode_ci NOT NULL,
  `country_isocode` varchar(2) COLLATE utf8mb4_unicode_ci NOT NULL,
  `is_active` enum('0','1') COLLATE utf8mb4_unicode_ci NOT NULL
) ENGINE=InnoDB DEFAULT CHARSET=utf8mb4 COLLATE=utf8mb4_unicode_ci;

-- --------------------------------------------------------

--
-- Table structure for table `map_settings`
--

CREATE TABLE `map_settings` (
  `map_id` int NOT NULL,
  `mapbox` int NOT NULL,
  `google_map` int NOT NULL
) ENGINE=InnoDB DEFAULT CHARSET=utf8mb4 COLLATE=utf8mb4_unicode_ci;

--
-- Dumping data for table `map_settings`
--

INSERT INTO `map_settings` (`map_id`, `mapbox`, `google_map`) VALUES
(1, 1, 0);

-- --------------------------------------------------------

--
-- Table structure for table `membership_bought`
--

CREATE TABLE `membership_bought` (
  `buy_id` int NOT NULL,
  `user_id` int NOT NULL,
  `mem_id` int NOT NULL,
  `mem_start_date` date NOT NULL,
  `mem_end_date` date NOT NULL,
  `price` varchar(255) CHARACTER SET utf8mb4 COLLATE utf8mb4_unicode_ci NOT NULL,
  `buy_date` date NOT NULL,
  `paid_by` varchar(255) CHARACTER SET utf8mb4 COLLATE utf8mb4_unicode_ci DEFAULT NULL,
  `transaction_id` varchar(255) CHARACTER SET utf8mb4 COLLATE utf8mb4_unicode_ci DEFAULT NULL,
  `payment_gateway` varchar(255) CHARACTER SET utf8mb4 COLLATE utf8mb4_unicode_ci DEFAULT NULL,
  `payment_status` varchar(255) CHARACTER SET utf8mb4 COLLATE utf8mb4_unicode_ci NOT NULL DEFAULT 'success'
) ENGINE=InnoDB DEFAULT CHARSET=utf8mb4 COLLATE=utf8mb4_unicode_ci;

-- --------------------------------------------------------

--
-- Table structure for table `membership_plan`
--

CREATE TABLE `membership_plan` (
  `plan_id` int NOT NULL,
  `image` longtext CHARACTER SET utf8mb4 COLLATE utf8mb4_unicode_ci,
  `plan_name` varchar(255) CHARACTER SET utf8mb4 COLLATE utf8mb4_unicode_ci NOT NULL,
  `free_delivery` int NOT NULL DEFAULT '0',
  `reward` int NOT NULL DEFAULT '0',
  `instant_delivery` int NOT NULL DEFAULT '0',
  `plan_description` longtext CHARACTER SET utf8mb4 COLLATE utf8mb4_unicode_ci NOT NULL,
  `days` int NOT NULL DEFAULT '0',
  `price` int NOT NULL,
  `hide` int NOT NULL DEFAULT '0'
) ENGINE=InnoDB DEFAULT CHARSET=utf8mb4 COLLATE=utf8mb4_unicode_ci;

--
-- Dumping data for table `membership_plan`
--

INSERT INTO `membership_plan` (`plan_id`, `image`, `plan_name`, `free_delivery`, `reward`, `instant_delivery`, `plan_description`, `days`, `price`, `hide`) VALUES
(1, '/images/coupon/2021-11-16/3d156563ec9bea6830340cb3dfeb6212.jpg', 'ffrfr', 1, 2, 1, '<h2 style=\"text-align:center\"><strong>Benefits of this&nbsp;membership plan</strong></h2>\r\n\r\n<ul>\r\n	<li><strong>Get 2x rewards points&nbsp;</strong><strong>for 30 days</strong><br />\r\n	you will be able to get 2x rewards point then a normal user if your cart value matches the crieteria.</li>\r\n	<li><strong>Get Instant Delivery for 30 days</strong><br />\r\n	you will be able to get instant/same day delivery</li>\r\n	<li><strong>Get free Delivery&nbsp;for 30 days</strong><br />\r\n	you will be able to get free delivery on any order</li>\r\n</ul>', 30, 100, 0);

-- --------------------------------------------------------

--
-- Table structure for table `migrations`
--

CREATE TABLE `migrations` (
  `id` int UNSIGNED NOT NULL,
  `migration` varchar(255) CHARACTER SET utf8mb4 COLLATE utf8mb4_unicode_ci NOT NULL,
  `batch` int NOT NULL
) ENGINE=InnoDB DEFAULT CHARSET=utf8mb4 COLLATE=utf8mb4_unicode_ci;

--
-- Dumping data for table `migrations`
--

INSERT INTO `migrations` (`id`, `migration`, `batch`) VALUES
(1, '2014_01_07_073615_create_tagged_table', 1),
(2, '2014_01_07_073615_create_tags_table', 1),
(3, '2016_06_29_073615_create_tag_groups_table', 1),
(4, '2016_06_29_073615_update_tags_table', 1),
(5, '2021_02_26_153036_create_jobs_table', 2),
(14, '2014_10_12_000000_create_users_table', 3),
(15, '2014_10_12_100000_create_password_resets_table', 3),
(16, '2016_06_01_000001_create_oauth_auth_codes_table', 3),
(17, '2016_06_01_000002_create_oauth_access_tokens_table', 3),
(18, '2016_06_01_000003_create_oauth_refresh_tokens_table', 3),
(19, '2016_06_01_000004_create_oauth_clients_table', 3),
(20, '2016_06_01_000005_create_oauth_personal_access_clients_table', 3),
(21, '2019_08_19_000000_create_failed_jobs_table', 3),
(22, '2022_05_21_030301_create_mapbox_countries_table', 4),
(23, '2022_05_27_100830_create_cityadmin_table', 4),
(24, '2022_06_02_092508_delivery__boy__stores__table', 4),
(25, '2022_06_11_121542_stores_cityadmin_table', 4),
(26, '2023_01_04_220133_create_coupon_table', 4),
(27, '2025_07_04_110531_create_recently_viewed_products_table', 4),
(28, '2025_08_20_153249_create_payglocal_transactions_table', 5),
(29, '2025_08_21_200858_create_payments_table', 5);

-- --------------------------------------------------------

--
-- Table structure for table `minimum_maximum_order_value`
--

CREATE TABLE `minimum_maximum_order_value` (
  `min_max_id` int NOT NULL,
  `min_value` varchar(255) CHARACTER SET utf8mb4 COLLATE utf8mb4_unicode_ci NOT NULL,
  `max_value` varchar(255) CHARACTER SET utf8mb4 COLLATE utf8mb4_unicode_ci NOT NULL,
  `store_id` int NOT NULL
) ENGINE=InnoDB DEFAULT CHARSET=utf8mb4 COLLATE=utf8mb4_unicode_ci;

--
-- Dumping data for table `minimum_maximum_order_value`
--

INSERT INTO `minimum_maximum_order_value` (`min_max_id`, `min_value`, `max_value`, `store_id`) VALUES
(1, '100', '2000', 38),
(2, '200', '5000', 37),
(3, '200', '5000', 40),
(5, '100', '10000', 43),
(6, '100', '10000', 44);

-- --------------------------------------------------------

--
-- Table structure for table `notificationby`
--

CREATE TABLE `notificationby` (
  `noti_id` int NOT NULL,
  `user_id` int NOT NULL,
  `sms` int NOT NULL,
  `app` int NOT NULL,
  `email` int NOT NULL
) ENGINE=InnoDB DEFAULT CHARSET=utf8mb4 COLLATE=utf8mb4_unicode_ci;

-- --------------------------------------------------------

--
-- Table structure for table `oauth_auth_codes`
--

CREATE TABLE `oauth_auth_codes` (
  `id` varchar(100) CHARACTER SET utf8mb4 COLLATE utf8mb4_unicode_ci NOT NULL,
  `user_id` bigint UNSIGNED NOT NULL,
  `client_id` bigint UNSIGNED NOT NULL,
  `scopes` text CHARACTER SET utf8mb4 COLLATE utf8mb4_unicode_ci,
  `revoked` tinyint(1) NOT NULL,
  `expires_at` datetime DEFAULT NULL
) ENGINE=InnoDB DEFAULT CHARSET=utf8mb4 COLLATE=utf8mb4_unicode_ci;

-- --------------------------------------------------------

--
-- Table structure for table `oauth_personal_access_clients`
--

CREATE TABLE `oauth_personal_access_clients` (
  `id` int UNSIGNED NOT NULL,
  `client_id` bigint UNSIGNED NOT NULL,
  `created_at` timestamp NULL DEFAULT NULL,
  `updated_at` timestamp NULL DEFAULT NULL
) ENGINE=InnoDB DEFAULT CHARSET=utf8mb4 COLLATE=utf8mb4_unicode_ci;

--
-- Dumping data for table `oauth_personal_access_clients`
--

INSERT INTO `oauth_personal_access_clients` (`id`, `client_id`, `created_at`, `updated_at`) VALUES
(1, 1, '2021-05-25 02:14:22', '2021-05-25 02:14:22');

-- --------------------------------------------------------

--
-- Table structure for table `orders`
--

CREATE TABLE `orders` (
  `order_id` int NOT NULL,
  `user_id` int NOT NULL,
  `store_id` int NOT NULL,
  `address_id` int NOT NULL,
  `cart_id` varchar(255) CHARACTER SET utf8mb4 COLLATE utf8mb4_unicode_ci NOT NULL,
  `total_price` float NOT NULL,
  `price_without_delivery` float NOT NULL,
  `total_products_mrp` float NOT NULL,
  `payment_method` varchar(255) CHARACTER SET utf8mb4 COLLATE utf8mb4_unicode_ci DEFAULT NULL,
  `paid_by_wallet` float NOT NULL DEFAULT '0',
  `rem_price` float NOT NULL DEFAULT '0',
  `avg_tax_per` float DEFAULT NULL,
  `total_tax_price` float DEFAULT NULL,
  `order_date` date NOT NULL,
  `delivery_date` date NOT NULL,
  `delivery_charge` float NOT NULL DEFAULT '0',
  `time_slot` varchar(255) CHARACTER SET utf8mb4 COLLATE utf8mb4_unicode_ci NOT NULL,
  `dboy_id` int NOT NULL DEFAULT '0',
  `order_status` varchar(255) CHARACTER SET utf8mb4 COLLATE utf8mb4_unicode_ci NOT NULL DEFAULT 'Pending',
  `user_signature` varchar(255) CHARACTER SET utf8mb4 COLLATE utf8mb4_unicode_ci DEFAULT NULL,
  `cancelling_reason` varchar(255) CHARACTER SET utf8mb4 COLLATE utf8mb4_unicode_ci DEFAULT NULL,
  `coupon_id` int NOT NULL DEFAULT '0',
  `coupon_discount` float NOT NULL DEFAULT '0',
  `payment_status` varchar(255) CHARACTER SET utf8mb4 COLLATE utf8mb4_unicode_ci DEFAULT NULL,
  `cancel_by_store` int NOT NULL DEFAULT '0',
  `dboy_incentive` int DEFAULT NULL,
  `updated_at` datetime DEFAULT NULL
) ENGINE=InnoDB DEFAULT CHARSET=utf8mb4 COLLATE=utf8mb4_unicode_ci;

--
-- Dumping data for table `orders`
--

INSERT INTO `orders` (`order_id`, `user_id`, `store_id`, `address_id`, `cart_id`, `total_price`, `price_without_delivery`, `total_products_mrp`, `payment_method`, `paid_by_wallet`, `rem_price`, `avg_tax_per`, `total_tax_price`, `order_date`, `delivery_date`, `delivery_charge`, `time_slot`, `dboy_id`, `order_status`, `user_signature`, `cancelling_reason`, `coupon_id`, `coupon_discount`, `payment_status`, `cancel_by_store`, `dboy_incentive`, `updated_at`) VALUES
(1, 14, 1, 41, '8158C9', 2280, 2280, 3250, 'Online', 0, 2280, NULL, NULL, '2025-09-04', '2025-09-06', 0, '2025-09-06 10:15:44', 0, 'Pending', NULL, NULL, 0, 0, 'Pending', 0, NULL, NULL);

-- --------------------------------------------------------

--
-- Table structure for table `order_by_photo`
--

CREATE TABLE `order_by_photo` (
  `ord_id` int NOT NULL,
  `user_id` int NOT NULL,
  `list_photo` varchar(255) CHARACTER SET utf8mb3 COLLATE utf8mb3_unicode_ci NOT NULL,
  `store_id` int NOT NULL,
  `address_id` int NOT NULL,
  `delivery_date` date NOT NULL,
  `processed` int NOT NULL DEFAULT '0',
  `reason` varchar(255) CHARACTER SET utf8mb3 COLLATE utf8mb3_unicode_ci DEFAULT NULL
) ENGINE=InnoDB DEFAULT CHARSET=utf8mb3 COLLATE=utf8mb3_unicode_ci;

-- --------------------------------------------------------

--
-- Table structure for table `payglocal_transactions`
--

CREATE TABLE `payglocal_transactions` (
  `id` bigint UNSIGNED NOT NULL,
  `gid` varchar(191) COLLATE utf8mb4_unicode_ci NOT NULL,
  `merchant_txn_id` varchar(191) COLLATE utf8mb4_unicode_ci NOT NULL,
  `amount` decimal(10,2) NOT NULL,
  `currency` varchar(3) COLLATE utf8mb4_unicode_ci NOT NULL,
  `status` varchar(191) COLLATE utf8mb4_unicode_ci NOT NULL,
  `redirect_url` text COLLATE utf8mb4_unicode_ci,
  `status_url` text COLLATE utf8mb4_unicode_ci,
  `callback_data` json DEFAULT NULL,
  `created_at` timestamp NULL DEFAULT NULL,
  `updated_at` timestamp NULL DEFAULT NULL
) ENGINE=InnoDB DEFAULT CHARSET=utf8mb4 COLLATE=utf8mb4_unicode_ci;

-- --------------------------------------------------------

--
-- Table structure for table `payments`
--

CREATE TABLE `payments` (
  `id` bigint UNSIGNED NOT NULL,
  `order_id` bigint UNSIGNED NOT NULL,
  `payment_gateway` varchar(191) COLLATE utf8mb4_unicode_ci NOT NULL DEFAULT 'payglocal',
  `gid` varchar(191) COLLATE utf8mb4_unicode_ci DEFAULT NULL COMMENT 'PayGlocal Global ID',
  `merchant_txn_id` varchar(191) COLLATE utf8mb4_unicode_ci DEFAULT NULL,
  `merchant_unique_id` varchar(191) COLLATE utf8mb4_unicode_ci DEFAULT NULL,
  `amount` decimal(10,2) DEFAULT NULL,
  `currency` varchar(3) COLLATE utf8mb4_unicode_ci NOT NULL DEFAULT 'INR',
  `payment_status` varchar(191) COLLATE utf8mb4_unicode_ci DEFAULT NULL,
  `payment_method` varchar(191) COLLATE utf8mb4_unicode_ci DEFAULT NULL,
  `gateway_response` json DEFAULT NULL COMMENT 'Full response from payment gateway',
  `billing_data` json DEFAULT NULL COMMENT 'Customer billing information',
  `transaction_reference` varchar(191) COLLATE utf8mb4_unicode_ci DEFAULT NULL,
  `bank_reference` varchar(191) COLLATE utf8mb4_unicode_ci DEFAULT NULL,
  `payment_date` timestamp NULL DEFAULT NULL,
  `processed_at` timestamp NULL DEFAULT NULL,
  `failure_reason` varchar(191) COLLATE utf8mb4_unicode_ci DEFAULT NULL,
  `retry_count` int NOT NULL DEFAULT '0',
  `is_refunded` tinyint(1) NOT NULL DEFAULT '0',
  `refunded_amount` decimal(10,2) NOT NULL DEFAULT '0.00',
  `refunded_at` timestamp NULL DEFAULT NULL,
  `notes` text COLLATE utf8mb4_unicode_ci,
  `created_at` timestamp NULL DEFAULT NULL,
  `updated_at` timestamp NULL DEFAULT NULL
) ENGINE=InnoDB DEFAULT CHARSET=utf8mb4 COLLATE=utf8mb4_unicode_ci;

-- --------------------------------------------------------

--
-- Table structure for table `payout_requests`
--

CREATE TABLE `payout_requests` (
  `req_id` int NOT NULL,
  `store_id` varchar(255) CHARACTER SET utf8mb4 COLLATE utf8mb4_unicode_ci NOT NULL,
  `payout_amt` float NOT NULL,
  `req_date` date NOT NULL,
  `complete` int NOT NULL DEFAULT '0'
) ENGINE=InnoDB DEFAULT CHARSET=utf8mb4 COLLATE=utf8mb4_unicode_ci;

-- --------------------------------------------------------

--
-- Table structure for table `payout_req_valid`
--

CREATE TABLE `payout_req_valid` (
  `val_id` int NOT NULL,
  `min_amt` int NOT NULL,
  `min_days` int NOT NULL
) ENGINE=InnoDB DEFAULT CHARSET=utf8mb4 COLLATE=utf8mb4_unicode_ci;

--
-- Dumping data for table `payout_req_valid`
--

INSERT INTO `payout_req_valid` (`val_id`, `min_amt`, `min_days`) VALUES
(1, 100, 10);

-- --------------------------------------------------------

--
-- Table structure for table `plan_buy_history`
--

CREATE TABLE `plan_buy_history` (
  `wallet_id` int NOT NULL,
  `amount` int NOT NULL,
  `type` varchar(255) CHARACTER SET utf8mb4 COLLATE utf8mb4_unicode_ci NOT NULL,
  `user_id` int NOT NULL,
  `created_at` date NOT NULL,
  `transaction_id` varchar(255) CHARACTER SET utf8mb4 COLLATE utf8mb4_unicode_ci DEFAULT NULL,
  `before_recharge` int DEFAULT NULL,
  `after_recharge` int DEFAULT NULL,
  `payment_gateway` varchar(255) CHARACTER SET utf8mb4 COLLATE utf8mb4_unicode_ci DEFAULT NULL
) ENGINE=InnoDB DEFAULT CHARSET=utf8mb4 COLLATE=utf8mb4_unicode_ci;

-- --------------------------------------------------------

--
-- Table structure for table `privacypolicypage`
--

CREATE TABLE `privacypolicypage` (
  `id` int NOT NULL,
  `title` varchar(255) NOT NULL,
  `description` text NOT NULL,
  `created_at` timestamp NOT NULL DEFAULT CURRENT_TIMESTAMP,
  `updated_at` timestamp NOT NULL DEFAULT CURRENT_TIMESTAMP
) ENGINE=InnoDB DEFAULT CHARSET=utf8mb4 COLLATE=utf8mb4_0900_ai_ci;

--
-- Dumping data for table `privacypolicypage`
--

INSERT INTO `privacypolicypage` (`id`, `title`, `description`, `created_at`, `updated_at`) VALUES
(1, 'Privacy & Policy', '<div class=\"privacy-policy page-conetnt\">\r\n    <p>At <strong>SOAP OPERA</strong>, we respect your privacy and are committed to protecting your personal information. This policy explains how we collect, use, and safeguard your data.</p>\r\n\r\n    <h3>1. What We Collect</h3>\r\n    <ul>\r\n        <li><em>Personal Info:</em> Name, email, phone, address, payment details.</li>\r\n        <li><em>Order Info:</em> Products bought, order value, payment method.</li>\r\n        <li><em>Communication:</em> Messages or support interactions.</li>\r\n    </ul>\r\n\r\n    <h3>2. How We Use It</h3>\r\n    <p>We use your info to:</p>\r\n    <ul>\r\n        <li>Process and deliver orders</li>\r\n        <li>Communicate updates and support</li>\r\n        <li>Improve our site and services</li>\r\n    </ul>\r\n\r\n    <h3>3. Sharing Your Info</h3>\r\n    <p>We <strong>do not</strong> sell or rent your data. We may share it with:</p>\r\n    <ul>\r\n        <li>Trusted partners (e.g., delivery, payment)</li>\r\n        <li>Authorities if required by law</li>\r\n    </ul>\r\n\r\n    <h3>4. Data Security</h3>\r\n    <p>We use secure servers, encryption, and restricted access to protect your info.</p>\r\n\r\n    <h3>5. Your Choices</h3>\r\n    <ul>\r\n        <li>Access or update your data anytime</li>\r\n        <li>Request deletion of your info (as allowed by law)</li>\r\n    </ul>\r\n\r\n    <h3>6. Cookies</h3>\r\n    <p>We use cookies to enhance your browsing. You can change browser settings to disable them, but some features may not work.</p>\r\n\r\n    <h3>7. Policy Updates</h3>\r\n    <p>We may update this policy. Changes will be posted here with the latest date.</p>\r\n\r\n    <h3>8. Contact Us</h3>\r\n    <p><strong>SOAP OPERA</strong><br> </p>\r\n<ul>\r\n <li>   📍 Shop No.9A, Ground Floor, Chennoy Mansion Warden Road, Kemps Corner Near Mucchad Paan<br> Wala. Opp. St.Stephen church Next to Gangar Optician. Mumbai 400026. </li> \r\n<li>     📧 <a href=\"mailto:Soapoperastore@gmail.com\">Soapoperastore@gmail.com</a></li> \r\n<li>     📞  +91 9820166550 / +91 9321319542</li> \r\n   </ul>\r\n\r\n</div>', '2025-04-25 10:19:40', '2025-06-21 11:42:36');

-- --------------------------------------------------------

--
-- Table structure for table `products`
--

CREATE TABLE `products` (
  `product_id` int NOT NULL,
  `uuid` varchar(255) CHARACTER SET utf8mb4 COLLATE utf8mb4_unicode_ci NOT NULL,
  `cat_id` int NOT NULL,
  `product_name` varchar(255) CHARACTER SET utf8mb4 COLLATE utf8mb4_unicode_ci NOT NULL,
  `base_price` int NOT NULL DEFAULT '0',
  `base_mrp` int NOT NULL,
  `slug` text CHARACTER SET utf8mb4 COLLATE utf8mb4_unicode_ci NOT NULL,
  `description` text CHARACTER SET utf8mb4 COLLATE utf8mb4_unicode_ci NOT NULL,
  `info` text COLLATE utf8mb4_unicode_ci,
  `shipping` text COLLATE utf8mb4_unicode_ci,
  `ean` varchar(255) CHARACTER SET utf8mb4 COLLATE utf8mb4_unicode_ci DEFAULT NULL,
  `on_sale` tinyint NOT NULL DEFAULT '0',
  `size_guide_images` varchar(255) COLLATE utf8mb4_unicode_ci DEFAULT NULL,
  `product_image` varchar(255) CHARACTER SET utf8mb4 COLLATE utf8mb4_unicode_ci NOT NULL,
  `type` varchar(255) CHARACTER SET utf8mb4 COLLATE utf8mb4_unicode_ci NOT NULL DEFAULT 'Regular',
  `hide` int NOT NULL DEFAULT '0',
  `is_deleted` tinyint(1) NOT NULL DEFAULT '0',
  `added_by` int NOT NULL DEFAULT '0',
  `approved` int NOT NULL DEFAULT '1',
  `created_at` timestamp NOT NULL DEFAULT CURRENT_TIMESTAMP,
  `updated_at` timestamp NOT NULL DEFAULT CURRENT_TIMESTAMP
) ENGINE=InnoDB DEFAULT CHARSET=utf8mb4 COLLATE=utf8mb4_unicode_ci;

--
-- Dumping data for table `products`
--

INSERT INTO `products` (`product_id`, `uuid`, `cat_id`, `product_name`, `base_price`, `base_mrp`, `slug`, `description`, `info`, `shipping`, `ean`, `on_sale`, `size_guide_images`, `product_image`, `type`, `hide`, `is_deleted`, `added_by`, `approved`, `created_at`, `updated_at`) VALUES
(17, '4fdd05d7-445b-4fad-a8d6-0f957555994f', 17, 'Gown', 3499, 3999, 'gown', 'This exquisite gown features a flattering silhouette with delicate detailing that adds a touch of sophistication. Crafted from premium fabric, it drapes beautifully to enhance your natural elegance. Perfect for weddings, parties, or formal events, this gown ensures you stand out with timeless charm.', NULL, NULL, 'gown111', 1, 'products/aDktb5slpye4OOADzfnePMiVPgdJYZtLvzfSFI1L.jpg', 'products/IrUlKS5OvUISv5p2mnpyFsPMfOVnjTWvhMIfBx1U.jpg', 'Variable', 0, 1, 0, 1, '2025-07-04 14:34:51', '2025-07-25 13:03:45'),
(19, '925e8262-be67-426a-85e3-d83f7c18f547', 22, 'Women Bootcut Light Fade Stretchable Jeans', 1655, 2399, 'women-bootcut-light-fade-stretchable-jeans', 'Product Details \r\nLight shade, light fade blue jeans\r\nBootcut, mid-rise\r\nClean look\r\nStretchable\r\n5 pocket\r\nLength: regular \r\n\r\nSize & Fit\r\nFit: Bootcut\r\nStretchable\r\nThe model (height 5\'8) is wearing a size 28\r\n\r\nMaterial & Care\r\nPoly Cotton\r\nMachine Wash', NULL, NULL, '08980090', 1, 'product/zyjMDljY45ogiEsUQoRHBOK3nfChZ5hoWNzgLj7A.png', 'products/vDWMekpT4YO55802704c82uaxFRNMcuhe0E8HU22.jpg', 'Simple', 0, 1, 0, 1, '2025-07-14 16:18:54', '2025-07-14 16:18:54'),
(20, 'a1dd2cb9-ca43-4404-804f-b85cc7934558', 22, 'Women Straight High Jeans', 1499, 1499, 'women-straight-high-jeans', '5-pocket jeans in rigid denim that feels firm at first but then softens and loosens with wear. Straight leg with a regular fit from the waist to the hip and a looser, straight cut from the thigh to the hem. High waist with a zip fly and button. Longer length, designed to fall over the foot with a stacking effect. This classic shape complements everything from hoodies to blazers.', NULL, NULL, '98989', 1, 'product/VtGpnC0PwCiy1ZzZ2UWeBvRa1ClzcIH8b7DRj4ph.jpg', 'products/VGZJXSLAK6cwQM41ruj9wwQ79yV3Cbx4CU13t1Xx.jpg', 'Variable', 0, 1, 0, 1, '2025-07-14 17:36:57', '2025-07-14 17:44:24'),
(21, 'baeaedf6-c42c-4c26-aa90-b42c48816551', 24, 'Round Neck Short Sleeves Relaxed Fit T-shirt', 1147, 1999, 'round-neck-short-sleeves-relaxed-fit-t-shirt', 'Charcoal Tshirt for women\r\nSolid\r\nLongline length\r\nRound neck\r\nShort, regular sleeves\r\nKnitted polyester fabric', NULL, NULL, '0012369', 1, NULL, 'products/VOZZIgflNrWoUBQ613FECvjPTZXSQcrRE437S4lp.jpg', 'Simple', 0, 1, 0, 1, '2025-07-21 23:58:34', '2025-07-21 23:58:34'),
(22, 'c3275a02-aaad-4cc8-bd2b-88d3e6e6b0b6', 24, 'Women Polo Collar T-shirt', 499, 14799, 'women-polo-collar-t-shirt', 'Tshirt for women\r\nSolid\r\nRegular length\r\nPolo collar\r\nShort, regular sleeves\r\nKnitted cotton fabric', NULL, NULL, '0012369', 1, NULL, 'products/dFnQ1BJNt8HY2RRD2pad78y8rEqdokXy39lkSwu8.jpg', 'Variable', 0, 1, 0, 1, '2025-07-22 00:15:48', '2025-07-22 00:15:48'),
(23, '59a290dd-dfde-4d0e-a51e-ecfad25bbf5c', 20, 'Hridaya Lilac Maheshwari Tissue Silk Cotton Saree Online', 1999, 2999, 'hridaya-lilac-maheshwari-tissue-silk-cotton-saree-online', 'Embrace grace and style with our Hridaya Lilac Maheshwari Tissue Silk Cotton Saree. Crafted through intricate handloom techniques, this 6.3m masterpiece, including a contrast blouse, captivates with its delicate pink hue. The Maheshwari Tissue Silk Cotton fabric adds a luxurious touch, making it an ideal choice for saree enthusiasts.\r\n\r\nElevate your wardrobe with this exclusive piece, designed for modern women who appreciate the artistry of handloom sarees. Buy online to experience the blend of tradition and contemporary fashion, ensuring you stand out at any occasion', 'Fabric - Maheshwari Tissue Silk Cotton (Handloom)\r\nLength - 6.3m including attached blouse', NULL, '000067', 1, 'products/BrKTIooukuQurv8W2ZED7kIRhUrJpoCYpDCQdOf7.jpg', 'products/iDWgPP6EAA67TlcwRMkP8Ef2sruKuN48fxX8GWGO.jpg', 'Variable', 0, 1, 0, 1, '2025-07-24 18:55:05', '2025-07-25 12:07:49'),
(24, 'b0bae464-2628-427c-a402-7b9395dd5d38', 22, 'Women Blue High-Rise Denim Parallel Trousers', 839, 199, 'women-blue-high-rise-denim-parallel-trousers', 'Blue solid high-rise denim woven parallel trousers, has a partially elasticated waistband, snap button closure, zip fly, 2 pockets \r\n\r\nSize & Fit\r\nThe model (height 5\'8\") is wearing a size 28\r\n\r\nMaterial & Care\r\nCotton\r\nMachine-wash', NULL, NULL, '00068', 1, NULL, 'products/VnkUP1nUEfOz4axTwJBx9bSlhD0756QjOqh0eE9Q.jpg', 'Simple', 0, 1, 0, 1, '2025-07-25 12:20:41', '2025-07-25 12:20:41'),
(25, 'c3fd5864-25b7-4ddc-abe3-4d563dcd06f9', 20, 'Traditional Sare', 999, 1200, 'traditional-sare', 'This beautiful saree is crafted from high-quality fabric, featuring intricate designs and a graceful drape that enhances your natural charm. Perfect for weddings, festivals, or formal gatherings, it offers a classic yet modern look. Pair it with statement jewelry to complete your elegant ensemble.', 'A timeless saree that blends tradition with contemporary elegance for any special occasion.', NULL, '10001', 1, NULL, 'products/JbYEQ9wD9oa6RfJsGYzeeqXvU0J6io5PkpDDRMkA.jpg', 'Simple', 0, 1, 0, 1, '2025-07-25 12:28:32', '2025-07-25 15:18:22'),
(26, '00218ae5-0acb-4854-a72b-0165e26443c1', 22, 'Jeans Test', 999, 1200, 'jeans-test', 'Jeans', NULL, NULL, '10001', 1, NULL, 'products/YxNRRtPNrqjco4fbM70DBfQelxvloTVsZ1FBmKWU.jpg', 'Simple', 0, 1, 0, 1, '2025-07-25 12:32:48', '2025-07-25 12:32:48'),
(27, 'c044139a-93a8-48c6-8aa8-71a115523c2c', 18, 'Pavitra Light Pink Wear Cord Set Collection', 999, 999, 'pavitra-light-pink-wear-cord-set-collection', 'Pavitra Light Pink Jaipuri Cotton Designer Office Wear Cord Set Collection', NULL, NULL, NULL, 1, 'product/p6SXhaeHC5KtjAnmdO6iEB5lO5HX5004d7wOirHG.png', 'products/ZmRoHKQYRa6SHrXCAkqEVOsfu8F9bxAIHUFj64FR.jpg', 'Simple', 0, 1, 0, 1, '2025-07-25 17:10:20', '2025-07-25 17:10:20'),
(28, '9e51e48f-90e3-446b-a372-4aed877dbeb2', 18, 'Sweetheart Neck Top & Trouser With Jacket', 2999, 2999, 'sweetheart-neck-top-trouser-with-jacket', 'Sweetheart Neck Top & Trouser With Jacket', NULL, NULL, NULL, 1, NULL, 'products/9QkxK9S9go0ulWwmzleSJC67F175Pz7Q2PF9a4ZE.jpg', 'Variable', 0, 1, 0, 1, '2025-07-25 18:58:26', '2025-07-28 15:25:49'),
(29, 'af1d2b55-7cbd-4038-ba1e-17fe5507b33c', 18, 'Office wear coord set', 220, 220, 'office-wear-coord-set', 'Office wear coord set', NULL, NULL, '5', 1, NULL, 'products/hLBVicbR7sje88AzlHPHQpJuE59caFTNYTcxg5XA.jpg', 'Variable', 0, 1, 0, 1, '2025-07-31 14:24:27', '2025-07-31 14:26:36'),
(30, '9790249b-5cc6-4f39-b366-c792cad58431', 24, 'Blue Cowl Neck', 1000, 1000, 'blue-cowl-neck', 'Summery Top', NULL, NULL, NULL, 0, NULL, 'products/tThCgpxGvYYbNW6RJtM7eBMtnU0ra45xs1Blb77A.jpg', 'Simple', 0, 1, 0, 1, '2025-07-31 18:29:35', '2025-08-04 13:01:39'),
(31, '2ca56818-3929-4638-82db-78925772d8a2', 26, 'High Neck Top', 990, 1450, 'high-neck-top', 'Must Have', NULL, NULL, NULL, 0, NULL, 'products/bL4Tyj0EDvcDnRFIAOcTXmyGT5NRfdsu4rB75VY6.jpg', 'Variable', 0, 1, 0, 1, '2025-07-31 18:36:04', '2025-08-06 12:41:15'),
(32, 'cd9810f3-9549-4431-9a94-f2877da6853d', 26, 'White Lace Butterfly Top', 0, 2500, 'white-lace-butterfly-top', 'Will fit Size: S to M', 'This sleeveless blue striped top with delicate white lace butterfly embroidery is giving us all the summer vibes 🦋☀️', 'Free Shipping PAN India. Can be returned or exchanged within 15 days of delivery.', NULL, 0, 'products/ndbkFbj7wat1bXXek4zbAK3SoHU3eH2ysX6JW9D5.jpg', 'products/LlkzZttWHLdzLJDaRdbMet6lU6Vpux9dxliC6MLe.jpg', 'Variable', 0, 0, 0, 1, '2025-08-01 22:38:30', '2025-09-01 13:40:15'),
(33, '61c7d931-de21-4acb-9f19-4cc71efc5a9b', 17, 'Halter Neck Red Gown', 0, 3400, 'halter-neck-red-gown', 'Will fit Size M-XL', 'This halter-neck red gown is the ultimate statement piece for when you want to own the room. With its sleek drape neckline and figure-flattering silhouette, it’s the perfect blend of sophistication and allure.', 'Free Shipping PAN India. Can be returned or exchanged within 15 days of delivery.', NULL, 0, NULL, 'products/HcrGDIHVHfZiSuZLp43Tu8dzeHEXYXWrqt13g0sd.jpg', 'Simple', 0, 0, 0, 1, '2025-08-01 22:53:24', '2025-09-01 13:39:50'),
(34, '2c001c8d-2df4-4683-b967-02209f04306b', 26, 'Hello Sheer Shirt', 0, 1500, 'hello-sheer-shirt', 'Sheer shirt with Cami', NULL, NULL, NULL, 0, NULL, 'products/ZDJRdy8UD8RwaGbl8ZnugAfEE5J2sEhjEMcbZFtO.jpg', 'Variable', 0, 1, 0, 1, '2025-08-01 23:07:42', '2025-08-28 19:13:40'),
(35, '83060228-b2d3-4293-afe4-d3cbe65e8994', 25, 'Pleated Shirt Dress', 0, 3160, 'pleated-shirt-dress', 'Will fit Size: M-L', 'This mustard pleated shirt-dress is the definition of chic street-style. The structured collar, cinched waist with a statement belt, and flared hemline make it perfect for when you want to look effortlessly stylish yet powerful.', 'Free Shipping PAN India. Can be returned or exchanged within 15 days of delivery.', NULL, 0, NULL, 'products/q5xGC2E5Vb6KXy3mY5wG60S0ighpQrWg3EdxGwXd.jpg', 'Simple', 0, 0, 0, 1, '2025-08-04 17:47:54', '2025-08-28 19:11:01'),
(36, 'c3d582f8-046d-40a0-a9c2-b79b51c7cc50', 26, 'Solid Colours', 0, 1790, 'solid-colours', 'Solid Colour Tops', NULL, NULL, NULL, 0, NULL, 'products/J3BA2tm5RA3FyPKLA5r4gON2psM5B5dymsFoF1Ad.jpg', 'Variable', 0, 1, 0, 1, '2025-08-04 17:59:41', '2025-08-06 13:00:01'),
(37, '3cddafd4-b7de-4af6-ab31-84ce9f895b76', 24, 'Black Lace Top', 0, 1990, 'black-lace-top', 'Black Lace Top', NULL, NULL, NULL, 0, NULL, 'products/TuN5RhhEfv7kswLm4wU2uEGGfQRKj2vpTpWE4bac.jpg', 'Simple', 0, 1, 0, 1, '2025-08-04 18:23:43', '2025-08-26 19:26:08'),
(38, '37dedac7-322c-4d43-8392-00e5918ee5e8', 26, 'Office Shirts', 1550, 1550, 'office-shirts', 'Will fit Size XS-M', 'Button Down Shirt', NULL, NULL, 0, NULL, 'products/24AQnDUMNIyE6G4KocfeQsZzPCCtvWZsTMp7z8PJ.jpg', 'Simple', 0, 1, 0, 1, '2025-08-04 18:32:30', '2025-08-04 18:56:00'),
(39, '52b18ca2-29ae-4a6a-8672-a73ef5916bbe', 24, 'Structured Brown top', 1990, 1990, 'structured-brown-top', 'Size: M', 'This structured brown top is a true statement piece that blends elegance with authority. Featuring a wide lapel collar, gold embossed double-breasted buttons, flap pockets, and shoulder epaulets', NULL, NULL, 0, NULL, 'products/eT7IrMmfwpw2mNj6Tt0WC7FumOIUfp7vdFTOLbaD.jpg', 'Simple', 0, 1, 0, 1, '2025-08-04 18:48:40', '2025-08-04 18:54:37'),
(40, '8e29636a-d371-4fc9-a952-258b32265528', 22, 'Jeans Test', 999, 999, 'jeans-test-1', 'Jeans', NULL, NULL, NULL, 1, NULL, 'products/F1wUc3YrxdhgFq8NUu2xhzFEu5Vzuo8KyhDLelDb.jpg', 'Simple', 0, 1, 0, 1, '2025-08-05 14:59:22', '2025-08-05 14:59:22'),
(41, '0cec3085-4c60-429a-9b2d-23f6e9a9ea45', 22, 'Jeans', 999, 999, 'jeans', 'Jeans', NULL, NULL, NULL, 1, NULL, 'products/Z1oaFkAXi7bTm28X17txtmi6gGtnraIdyPE0f8mN.jpg', 'Simple', 0, 1, 0, 1, '2025-08-05 15:08:25', '2025-08-05 15:08:25'),
(42, 'd6d800eb-374e-4b97-a17a-32e190a4978e', 17, 'Blush Pink Lace Gown', 5500, 5500, 'blush-pink-lace-gown', 'Size: S to L', 'This blush pink lace gown is all about sophistication with a touch of romance. The halter neckline, delicate rose detail, and cascading ruffles create the perfect silhouette for evening soirées, cocktail nights, or that special occasion. ✨💫', 'Free Shipping PAN India. Can be returned or exchanged within 15 days of delivery.', NULL, 0, NULL, 'products/SweqXMkbcwwkGQn07nHDo85QdtnIgAw2veNAZMGd.jpg', 'Simple', 0, 0, 0, 1, '2025-08-05 18:49:53', '2025-09-02 19:55:56'),
(43, 'af9e9637-991f-4116-aa88-b643e5983513', 26, 'Pleated side panels Tee', 2190, 0, 'pleated-side-panels-tee', 'Will fit Size: S to M', 'This grey tee with olive green pleated side panels is the perfect blend of comfort & style', 'Free Shipping PAN India. Can be returned or exchanged within 15 days of delivery.', NULL, 0, NULL, 'products/q0Hu16yqccgCjvREvcZsQZEGdtu64S6wGZN69yIb.jpg', 'Simple', 0, 0, 0, 1, '2025-08-06 12:45:50', '2025-08-28 18:37:54'),
(44, '84626b9e-3511-42f9-a522-f7b44be80fdf', 25, 'Pleated abstract print dress', 5990, 0, 'pleated-abstract-print-dress', 'Size: M to XXL', 'This bold red pleated dress with its striking abstract print is the perfect blend of art and fashion. Comfortable, classy, and oh-so-stylish — it’s your go-to for brunches, soirées, or that special day out', 'Free Shipping PAN India. Can be returned or exchanged within 10 days of delivery.', NULL, 0, NULL, 'products/Yz0DADi7JqWPamYxyTj23MV0hODgSFEYLlqO3hBa.jpg', 'Simple', 0, 0, 0, 1, '2025-08-06 12:56:23', '2025-08-27 15:22:06'),
(45, 'fa4c8c46-4f48-42a6-9722-8b72c7ccea63', 25, 'Mini Denim Dress', 2500, 0, 'mini-denim-dress', 'Size: M-XL', NULL, NULL, NULL, 0, NULL, 'products/6Z50mNi6PIANtR8L0DdJRQmvXIsp4ep2j8R9yjP7.jpg', 'Simple', 0, 1, 0, 1, '2025-08-06 13:18:02', '2025-08-27 15:18:22'),
(46, 'e32640e5-cdde-47d2-b453-434631db25b7', 17, 'Two Toned Midi', 2500, 0, 'two-toned-midi', 'Size: M-XL', NULL, '1000 rs', NULL, 0, NULL, 'products/NP1JbUC23vPU2Gw5EwqVmvLZhGIdWliBKOuiZpyM.jpg', 'Simple', 0, 1, 0, 1, '2025-08-06 13:24:27', '2025-08-06 13:25:34'),
(47, '5163108b-29d3-4f0d-8a01-dd4b5dc54edd', 26, 'White Denim Top', 2350, 0, 'white-denim-top', 'Size: XXS-S', NULL, 'Free Shipping PAN India. Can be returned or exchanged within 10 days of delivery.', NULL, 0, NULL, 'products/AT2bgCqOxoKhxBM2RTW6cvBUuNwgBxyWs7MDtMpF.jpg', 'Simple', 0, 0, 0, 1, '2025-08-06 13:34:45', '2025-08-27 15:15:54'),
(48, '763ea0e3-635b-44e2-b8e0-f3c00167fd84', 23, 'Pink and denim contrast shirt', 2700, 0, 'pink-and-denim-contrast-shirt', 'Size: S-L', 'This pink and denim contrast shirt with pleated detailing is the perfect blend of feminine charm and street-style edge', 'Can be Returned/ Exchanged within 10 days of delivery.', NULL, 0, NULL, 'products/YJaGRYykX0k8vztslSERMxdGRAeH8C39J9d3ICgX.jpg', 'Simple', 0, 0, 0, 1, '2025-08-06 13:40:24', '2025-08-27 15:09:01'),
(49, '23c5e4a0-8722-46b1-82d8-d1bbab152271', 26, 'Lavender Draped Top', 1490, 0, 'lavender-draped-top', 'Free Size: Will fit XS to M FABRIC: Cotton Stretch', 'This lavender draped top with unique pleated detailing is the perfect mix of comfort & sophistication.', 'Free Shipping PAN INDIA', NULL, 0, NULL, 'products/IfqNC7kpEN3tbaGXayLDrbxNCuBHIgoK2CXrAAJF.jpg', 'Simple', 0, 0, 0, 1, '2025-08-19 17:06:19', '2025-08-27 14:57:28'),
(50, '1001528f-b66b-41c0-9525-d3cca01f5746', 31, 'Embroidered Shift Mini Dress', 2190, 0, 'embroidered-shift-mini-dress', 'Free Size: Will fit XS to M \r\n\r\nFabric: Cotton', 'Length: 31\"\r\nPerfect for beach strolls, brunch dates or a chic day out', 'Free Shipping PAN INDIA', NULL, 0, NULL, 'products/maieRwGpEOekZV9RrjkmmdIiw4wHsGmjVm0rl2S5.jpg', 'Simple', 0, 0, 0, 1, '2025-08-19 17:15:57', '2025-08-27 14:50:32'),
(51, 'd1799343-a9c3-4206-b082-2eaf2b5e2225', 23, 'Cape-Sleeve Top', 2800, 0, 'cape-sleeve-top', 'Size: M-L', 'Turn heads in this striking cobalt-blue cape top – where elegance meets drama', 'Free Shipping PAN INDIA', NULL, 0, NULL, 'products/4MNVtBRFE7sMko7DGmPJNo6i6tRI8KtixdeLlVRZ.png', 'Simple', 0, 0, 0, 1, '2025-08-19 18:11:02', '2025-08-27 14:47:26'),
(52, '95c5038e-f3f0-4029-a84a-6c739fe1272a', 23, 'Pastel Shirt', 100, 100, 'pastel-shirt', 'Will fit size: M-L', NULL, NULL, NULL, 0, NULL, 'products/VfZZMOc3ZSH06GTOGdtECyAhuEX5cAhXzMGJKtgo.jpg', 'Simple', 0, 1, 0, 1, '2025-08-23 13:54:42', '2025-08-23 13:54:42'),
(53, '9b4b3e64-e1f4-4fa5-a37c-b8af8b5a67ad', 17, 'Test product', 100, 100, 'test-product', 'adas', NULL, NULL, NULL, 0, NULL, 'products/I3S1KCqdIcYDmghIYtqwTm4oFdMHZE2RGytmpCph.jpg', 'Simple', 0, 1, 0, 1, '2025-08-25 20:36:12', '2025-08-25 20:36:12'),
(54, '8ef31929-8afa-43c1-a28d-cc27cd3bcc58', 29, 'Polka Dot Maxi Dress', 3250, 0, 'polka-dot-maxi-dress', 'Size: XS-M', NULL, NULL, NULL, 0, NULL, 'products/1DR76pOj2ccayrq0TjWtWB4eMwPWi2mH6q6lIBAv.png', 'Simple', 0, 0, 0, 1, '2025-08-25 20:56:38', '2025-08-27 13:23:55'),
(55, 'e9d21dee-766a-4f22-b11e-0ce7a223720f', 26, 'Pleated Contrast Top', 2590, 0, 'pleated-contrast-top', 'Will fit size: L-XXL', 'From playful orange to dreamy lavender, this pleated contrast top is all about comfort with a dash of elegance. Perfect for brunches, coffee runs, or casual evenings', 'Free Shipping PAN India. Can be returned or exchanged within 10 days of delivery.', NULL, 0, 'product/QEv1WZRbcNtSfMvjVWAQAEoR9pblhGqHcNU5aoBH.jpg', 'products/CBzOxBu17UCg0pi4TGSr3NAH8BsPQkQ8KnDjDnqU.png', 'Variable', 0, 0, 0, 1, '2025-08-27 15:49:49', '2025-08-28 18:23:58'),
(56, '30829c16-72ff-45a3-a4e6-40e2ba33efc7', 29, 'Rust-toned Maxi Dress', 2990, 0, 'rust-toned-maxi-dress', 'Will fit Size: S-L', 'This chic rust-toned maxi dress is all about understated glam — with a plunging neckline, soft drape back, and flowy silhouette that skims beautifully', 'Free Shipping PAN India. Can be returned or exchanged within 10 days of delivery.', NULL, 0, NULL, 'products/q9SGJiUEOM0RDHjZmZLMf5UvjclRAuSwQMAjMmfs.jpg', 'Simple', 0, 0, 0, 1, '2025-08-28 11:16:47', '2025-08-28 17:12:51'),
(57, '9e3cb85f-b985-4125-92b2-bfc6c5d5832f', 18, 'Forest-Green Summer Coordset', 2280, 3250, 'forest-green-summer-coordset', 'Will fit Size: XS to M', 'This breezy forest-green co-ord set is perfect for brunch dates, coffee runs, or vacation strolls. The flowy long-sleeved top with tassel ties pairs seamlessly with scallop-hem shorts, creating a relaxed yet stylish vibe.', 'Free Shipping PAN India. Can be returned or exchanged within 15 days of delivery.', NULL, 1, 'products/XfOOGA8b5e57SFa2x5X0XDfbJmS0DoRol3tvP2je.jpg', 'products/Jv2vKdRWE3JaVQpZULRpC6oeAvJvmREybxBJvfXv.jpg', 'Simple', 0, 0, 0, 1, '2025-08-29 17:59:50', '2025-08-29 18:08:16'),
(58, '628e20a3-d422-45e0-b5bb-44fba09ac95a', 22, 'High-waist Scarlet Red Skirt', 2440, 3490, 'high-waist-scarlet-red-skirt', 'Will fit Size: S-L', 'This high-waist scarlet red skirt is all about power dressing with elegance. Perfectly tailored with a sleek fit and a back slit for ease\r\n\r\n\r\n⸻\r\n\r\n🔥 Bold. Chic. Timeless.\r\nThis high-waist scarlet red skirt is all about power dressing with elegance. Perfectly tailored with a sleek fit and a back slit for ease', 'Free Shipping PAN India. Can be returned or exchanged within 15 days of delivery.', NULL, 1, 'product/yjhKmnJNodedPf0vEGKYKflbI49ObrE8XMbkQTyf.png', 'products/l33OUj0ohgcs5LsbQBfMBuZ8mFH8B2E9cdK8FaGV.png', 'Simple', 0, 0, 0, 1, '2025-08-29 20:18:56', '2025-08-29 20:24:45'),
(59, '091e9d8e-1ac4-4994-8d6d-2fe168a70462', 24, 'Pistachio green blouse', 2170, 0, 'pistachio-green-blouse', 'Size: Will fit S & M\r\nFabric: Satin', 'This pistachio green blouse with striped tie detail is perfect for workdays, brunch dates, or anytime you want to look effortlessly polished 💚🤍', 'Free Shipping PAN India. \r\nNo COD.\r\nCan be returned or exchanged within 15 days of delivery.', NULL, 0, 'products/r5PGnRgUdXrU6nIy6HsdWyljaMRI2IXxQNnGS0LS.jpg', 'products/PhHaCeaPozu0XiYnx5hYtd1UKH7PGIkphL7Mb7Xh.png', 'Simple', 0, 0, 0, 1, '2025-08-31 12:32:48', '2025-08-31 12:34:15'),
(60, '6509384d-a447-4a9c-adaa-dcaa930f8b40', 24, 'One Shoulder Green Top', 1890, 2700, 'one-shoulder-green-top', 'Size: Will fit S to L', 'This one-shoulder green top with a statement rose detail is the perfect mix of playful elegance and modern flair', 'Free Shipping PAN India. \r\nNo COD.\r\nCan be returned or exchanged within 15 days of delivery.', NULL, 1, 'product/j7ElbUA4YTFmKhv21lxp9vy9uAJfxf3WqE8A7PeX.jpg', 'products/YTjgisGgrt4TZ07wibZ44tx7Hbc8of0BC4S3gBZB.jpg', 'Simple', 0, 0, 0, 1, '2025-08-31 12:45:47', '2025-08-31 12:46:43'),
(61, '3a307f7b-34f2-44be-9b2e-acbf2ac0512a', 32, 'Asymmetrical navy jumpsuit!', 3240, 3600, 'asymmetrical-navy-jumpsuit', 'Size: Will fit S-M', 'Effortlessly chic in our asymmetrical navy jumpsuit!\r\nWith its one-shoulder detail, draped side panel, and flattering straight-leg fit, this statement piece is perfect for both day glam & evening elegance. 💙', 'Free Shipping PAN India. \r\nNo COD.\r\nCan be returned or exchanged within 15 days of delivery.', NULL, 1, 'product/vOanwZCkuCrFzhui8trtaD6UWcovZKTJnCeb7i2V.jpg', 'products/eweNmvd20dAVtv7Onb21PQk41g2OeocyTTBJ7RRj.png', 'Simple', 0, 0, 0, 1, '2025-08-31 21:28:17', '2025-08-31 21:30:25'),
(62, '375cc156-cc1d-4372-9dbd-3c3392946ff7', 31, 'Blush Pink Shirt Dress', 2775, 3700, 'blush-pink-shirt-dress', 'Size: Will fit M & L', 'Our blush pink shirt-dress with a cinched waist and bold floral print is the perfect blend of comfort & sophistication', 'Free Shipping PAN India. \r\nNo COD.\r\nCan be returned or exchanged within 15 days of delivery.', NULL, 1, NULL, 'products/quZaY1sXBUEvfSdT9xFpNncQcx3ewoUI50Jb8GxM.png', 'Simple', 0, 0, 0, 1, '2025-08-31 22:17:14', '2025-08-31 22:18:26'),
(63, 'ef1e9694-827b-4ffd-a4ce-ced4733f7614', 23, 'Pastel Mosaic Shirt', 1890, 1890, 'pastel-mosaic-shirt', 'Free Size: Will fit S-L', 'This is a stylish, collared long-sleeve blouse featuring a color-block abstract pattern in soft pastel shades of green, peach, aqua, and cream', 'Free Shipping PAN India. \r\nNo COD.\r\nCan be returned or exchanged within 15 days of delivery.', NULL, 0, NULL, 'products/eEZ7NC6gxhXhyq36sdYtidgjHmbhNsRWUy0OGhfq.png', 'Simple', 0, 0, 0, 1, '2025-09-01 13:38:36', '2025-09-01 13:38:36'),
(64, 'e751b3a9-e3cf-4e0d-ab19-fb72a1c373aa', 24, 'Test Product', 200, 200, 'test-product-1', 'adad', NULL, NULL, NULL, 0, NULL, 'products/x4DPfe9tBh9VywSkdVnIyHMJsYCy4xwJ7cF4RGwJ.jpg', 'Variable', 0, 1, 0, 1, '2025-09-01 13:52:05', '2025-09-01 13:52:05'),
(65, 'fb9d033f-55ee-49b5-a298-431254acac2d', 26, 'Lilac Eyelet Long-Top', 1640, 2730, 'lilac-eyelet-long-top', 'Free Size: Will fit M-XXL', 'Step into the season with this dreamy lilac eyelet dress featuring voluminous sleeves, scalloped hem, and breezy detailing', 'Free Shipping PAN India. \r\nNo COD.\r\nCan be returned or exchanged within 15 days of delivery.', NULL, 1, NULL, 'products/XU11xuVUNFrBW8y20tam7bhU8H8AYrCDwy5E9FrI.png', 'Simple', 0, 0, 0, 1, '2025-09-01 20:18:04', '2025-09-01 20:18:31'),
(66, '8c244ef0-2cb7-4c09-97ed-8192341cb886', 26, 'Daisy Print Shirt', 2550, 2550, 'daisy-print-shirt', 'Free Size: Will fit M & L\r\nFabric: Poplin Cotton', 'Brighten up your style with this bold yellow statement shirt! Featuring an oversized daisy print, it’s the perfect blend of chic and playful 🌼💛', 'Free Shipping PAN India. \r\nNo COD.\r\nCan be returned or exchanged within 15 days of delivery.', NULL, 0, NULL, 'products/OyThqJ8lqwC1Ii0EbtVA06PHZ2nnMZzkw0A0bNxB.png', 'Simple', 0, 0, 0, 1, '2025-09-02 18:33:14', '2025-09-02 18:33:14'),
(67, '9738aac6-77e2-46f4-bbf3-ab829a021932', 25, 'Classic Black Midi Dress', 3300, 3300, 'classic-black-midi-dress', 'Free Size: Will fit M & L\r\nFabric: Premium Polyester Blend', 'This classic black midi dress with flared sleeves is a wardrobe must-have for every fashion-forward woman', 'Free Shipping PAN India. \r\nNo COD.\r\nCan be returned or exchanged within 15 days of delivery.', NULL, 0, NULL, 'products/eJ05frjmQdBFDcLuYbPRuXABEOicLnNw72grKTsS.png', 'Simple', 0, 0, 0, 1, '2025-09-02 18:40:58', '2025-09-02 18:40:58'),
(68, '5354cd57-5ce9-426c-b461-d969259f71c7', 23, 'Ruffle Overlay Top', 2450, 2450, 'ruffle-overlay-top', 'Free Size: Will fit XS-M\r\nFabric: Premium Polyester', 'This magenta ruffle overlay top is all about drama in the right way. The layered detail adds flow and movement, while the back keyhole keeps it modern and stylish', 'Free Shipping PAN India. \r\nNo COD.\r\nCan be returned or exchanged within 15 days of delivery.', NULL, 0, NULL, 'products/TVtvD2RSa1hnUJRhBJyaV7FoTR3D905aepBR3ATb.jpg', 'Simple', 0, 1, 0, 1, '2025-09-02 18:51:59', '2025-09-02 18:51:59'),
(69, 'a7ab051b-cfa5-4641-aedc-0146ebb674ac', 23, 'Ruffle Overlay Top', 2450, 2450, 'ruffle-overlay-top-1', 'Free Size: Will fit XS to M\r\nFabric: Premium Polyester', 'This magenta ruffle overlay top is all about drama in the right way. The layered detail adds flow and movement, while the back keyhole keeps it modern and stylish', 'Free Shipping PAN India. \r\nNo COD.\r\nCan be returned or exchanged within 15 days of delivery.', NULL, 0, NULL, 'products/grtqig6QUK7yamzBNveSrzpBVl3d2tGt7AdpRwwl.jpg', 'Simple', 0, 0, 0, 1, '2025-09-02 19:04:30', '2025-09-03 09:35:59'),
(70, 'e0e376ca-f8a1-44f4-be1a-6fb7d52342a0', 26, 'Ruffle Overlay Top', 2450, 2450, 'ruffle-overlay-top-2', 'Free Size: Will fit XS-M', 'This white ruffle overlay top is all about drama in the right way. The layered detail adds flow and movement, while the back keyhole keeps it modern and stylish', 'Free Shipping PAN India. \r\nNo COD.\r\nCan be returned or exchanged within 15 days of delivery.', NULL, 0, NULL, 'products/MOXlRiLbPOtM3DsegdcCGRHOxUjmH50ijTtxa747.png', 'Simple', 0, 0, 0, 1, '2025-09-02 19:12:34', '2025-09-02 19:55:21'),
(71, '774d96e4-fa22-4353-b5d9-1a60ef009503', 23, 'Cut-out Shoulder Top', 1880, 2500, 'cut-out-shoulder-top', 'Free Size: Will fit XS-M\r\nFabric: Polyester', 'This white cut-out shoulder top with balloon sleeves is the ultimate mix of comfort & style 💫', 'Free Shipping PAN India. \r\nNo COD.\r\nCan be returned or exchanged within 15 days of delivery.', NULL, 1, NULL, 'products/x9HvGPE2DpE10a9I1QeX3c0T7STkBkTO0cvFNb6y.png', 'Simple', 0, 0, 0, 1, '2025-09-03 09:42:43', '2025-09-03 09:47:25'),
(72, 'ac743e18-0d5e-48f9-a730-bc7645408800', 31, 'Candy Crush Dress', 2990, 2990, 'candy-crush-dress', 'Free Size: Will fit S-L\r\nFabric: Poplin Cotton', 'This flowy dress with a chic square neckline and statement sleeves is all about effortless glamour', 'Free Shipping PAN India. \r\nNo COD.\r\nCan be returned or exchanged within 15 days of delivery.', NULL, 0, NULL, 'products/7h5yhEjlunzhW40w9CmU9WmkYjtbe1OKuo7ZbO1o.png', 'Variable', 0, 0, 0, 1, '2025-09-03 09:53:39', '2025-09-03 09:56:24'),
(73, '85c02ca0-02bb-42d8-a09e-a2164d37b3a0', 23, 'Sunset Bloom Kaftan', 2100, 2100, 'sunset-bloom-kaftan', 'Free Size: Will fit M-3XL\r\nFabric: Satin', 'Turn heads in this stunning kaftan-style top, featuring a fiery red base and statement golden florals', 'Free Shipping PAN India. \r\nNo COD.\r\nCan be returned or exchanged within 15 days of delivery.', NULL, 0, NULL, 'products/CcogK5JypAaRbKP63RYRpz3oqj0Uvtr2sKflMw3v.png', 'Simple', 0, 0, 0, 1, '2025-09-03 16:41:42', '2025-09-03 16:52:24'),
(74, 'af7a0b8f-8d36-4990-8d53-ee2160357cf5', 18, 'Marigold Dreams Set', 2590, 2590, 'marigold-dreams-set', 'Free Size: Will fit XXS-M', 'The soft puff sleeves, cinched waist, and tiered hemline create a dreamy silhouette that flatters every move', 'Free Shipping PAN India. \r\nNo COD.\r\nCan be returned or exchanged within 15 days of delivery.', NULL, 0, NULL, 'products/AxJBPzsq4DuEUhsMbeped2G28ejNkpqh1qzpnN4J.jpg', 'Simple', 0, 0, 0, 1, '2025-09-03 17:12:47', '2025-09-03 17:12:47'),
(75, '51f7165b-a948-458d-80bd-545b6764a016', 18, 'Mint green eyelet co-ord set', 2880, 3600, 'mint-green-eyelet-co-ord-set', 'Free Size: Will fit S-L', NULL, 'Free Shipping PAN India. \r\nNo COD.\r\nCan be returned or exchanged within 15 days of delivery.', NULL, 1, 'products/4fNyynoxDnMaQav7VeechLb80ChkNVqvzwOjsBz4.jpg', 'products/1LRy7CMfEJXUxKscZ0nR5XWKST21s9xC7FYNg70i.png', 'Simple', 0, 0, 0, 1, '2025-09-03 19:42:31', '2025-09-03 21:11:27'),
(76, '696bcf39-f1c8-4e9a-b9d9-16123db71b4a', 18, 'Cocoa Drift Set', 1590, 1990, 'cocoa-drift-set', 'Free Size: Will fit XXS-S', 'This Cocoa two-piece set is giving us all the breezy holiday vibes – a flowy peplum top with a strappy back and matching shorts, perfect for beach strolls or café hopping.', 'Free Shipping PAN India. \r\nNo COD.\r\nCan be returned or exchanged within 15 days of delivery.', NULL, 1, NULL, 'products/q55q93SfXQoulcmaN5yj5jArKR186oz2ZFslTRjQ.jpg', 'Simple', 0, 0, 0, 1, '2025-09-04 16:06:24', '2025-09-04 16:07:36'),
(77, '6b6b9a20-7882-4c55-a6a7-9ae5aa03096b', 23, 'Royal Radiance Shirt', 2550, 2550, 'royal-radiance-shirt', 'Free Size: Will fit L-XXL', 'Make a bold statement in this stunning royal blue shirt! Designed with intricate studded detailing across the yoke, it blends elegance with everyday comfort.', 'Free Shipping PAN India. \r\nNo COD.\r\nCan be returned or exchanged within 15 days of delivery.', NULL, 0, NULL, 'products/xdDShXovXXhH2mdYv7bLTOBs5SSNcsn8rH6oczzW.png', 'Simple', 0, 0, 0, 1, '2025-09-04 18:37:07', '2025-09-04 18:37:07');

-- --------------------------------------------------------

--
-- Table structure for table `product_images`
--

CREATE TABLE `product_images` (
  `image_id` int NOT NULL,
  `image` varchar(255) CHARACTER SET utf8mb4 COLLATE utf8mb4_general_ci NOT NULL,
  `type` int NOT NULL DEFAULT '0',
  `product_id` int NOT NULL,
  `created_at` timestamp NOT NULL DEFAULT CURRENT_TIMESTAMP,
  `updated_at` timestamp NOT NULL DEFAULT CURRENT_TIMESTAMP
) ENGINE=InnoDB DEFAULT CHARSET=utf8mb4 COLLATE=utf8mb4_general_ci;

--
-- Dumping data for table `product_images`
--

INSERT INTO `product_images` (`image_id`, `image`, `type`, `product_id`, `created_at`, `updated_at`) VALUES
(3, '/images/product/31-03-2025/Best-Seller2.png', 1, 5, '2025-03-31 12:30:43', '2025-03-31 12:30:43'),
(4, '/images/product/31-03-2025/Denim.png', 1, 7, '2025-03-31 12:35:24', '2025-03-31 12:35:24'),
(19, '/images/product/02-04-2025/Lingerie.png', 1, 5, '2025-04-02 11:30:54', '2025-04-02 11:30:54'),
(20, '/images/product/02-04-2025/Denim.png', 1, 5, '2025-04-02 11:30:54', '2025-04-02 11:30:54'),
(21, '/images/product/04-04-2025/1E-L6K9-NAPY_1024x1024@2x.webp', 1, 6, '2025-04-04 05:42:41', '2025-04-04 05:42:41'),
(22, '/images/product/04-04-2025/5603-1.png', 1, 6, '2025-04-04 05:42:41', '2025-04-04 05:42:41'),
(31, '/images/product/04-04-2025/Breeze-Logo-1.png', 1, 5, '2025-04-04 12:48:57', '2025-04-04 12:48:57'),
(32, '/images/product/04-04-2025/Best-Seller3.png', 1, 5, '2025-04-04 12:48:57', '2025-04-04 12:48:57'),
(63, 'products/DOtCyyPXNYcmX8fogxjhxLuXx35bbMO48yc7G7X8.png', 1, 3, '2025-04-16 12:24:21', '2025-04-16 12:24:21'),
(64, 'products/uWe7JHoeu8e751alrOuAqr6nqtD5tOQ0I4Z5HWJQ.webp', 1, 3, '2025-04-16 12:24:21', '2025-04-16 12:24:21'),
(65, 'products/qnN8Fe5MU6NTd29kQ5tYfquZ5DBEAsUtZ15O9dCD.webp', 1, 3, '2025-04-16 12:24:21', '2025-04-16 12:24:21'),
(66, 'products/fClFDlLdblBAenkxxRrpLChJopH1IOXK5Xe9KJZ4.webp', 1, 3, '2025-04-16 12:24:21', '2025-04-16 12:24:21'),
(67, 'products/wBcZ0bcra3WaYmYoroMGVu0lB6jVBxNGfzNTYy7p.webp', 1, 2, '2025-04-16 12:24:49', '2025-04-16 12:24:49'),
(68, 'products/yzBs7yklSI4ND4MaLPMjsbYzPSwn8ewz9qW0lz54.jpg', 1, 2, '2025-04-16 12:24:49', '2025-04-16 12:24:49'),
(69, 'products/3azuR7bZ3AmIQAzDliBAuzUeNCaiit4i1Z1q52At.jpg', 1, 2, '2025-04-16 12:24:49', '2025-04-16 12:24:49'),
(70, 'products/TvCRJObDJSvmX0Iq8FVmD8u7oBCz53OHKwSl8cMZ.jpg', 1, 2, '2025-04-16 12:24:49', '2025-04-16 12:24:49'),
(79, 'variations/BppH5AvRqgl8P4fv16T45v35cbCr0fpqV6fbAiN6.jpg', 1, 9, '2025-04-21 18:52:08', '2025-04-21 18:52:08'),
(80, 'variations/y0KG9EfYSmFzU94tFJNHXpUV6yqQJyTpGr4TXewG.webp', 1, 10, '2025-04-24 15:50:05', '2025-04-24 15:50:05'),
(81, 'variations/9QBGt30frU4QPWPv4SyUTNLCX48Cp9o62Ua5rseq.png', 1, 10, '2025-04-24 15:50:05', '2025-04-24 15:50:05'),
(82, 'variations/hNmuSIoWihsJIW6iCtIXCfSP3mi0KqfQhcNggih7.png', 1, 10, '2025-04-24 15:50:05', '2025-04-24 15:50:05'),
(83, 'variations/XvseC4iCWNm9CxS38KQrMeoVsbPtIm9R6GUokZgx.png', 1, 10, '2025-04-24 15:50:05', '2025-04-24 15:50:05'),
(92, 'products/YLiwF9fLV7BoHQb5OrQ87MQGmBNFc2vtiQ1kULnS.jpg', 1, 11, '2025-06-09 08:09:23', '2025-06-09 08:09:23'),
(93, 'products/QjIbVClVunHHOUj0KeDObcgH9OWqlU6BDucLhC5e.jpg', 1, 11, '2025-06-09 08:09:23', '2025-06-09 08:09:23'),
(94, 'products/7bewBgPO2MNF1BDZ8CGhOUoBwjbWNyW1HcbRrJyB.jpg', 1, 11, '2025-06-09 08:09:23', '2025-06-09 08:09:23'),
(99, 'products/rDytFwlMexYj7KmkHmpptHHFzEGN11b7jkCHlmkS.jpg', 1, 8, '2025-06-09 08:27:17', '2025-06-09 08:27:17'),
(100, 'products/fpq1ErG3IWxR6qlZiv9M6DMX6MWBJP5WI23hl4J8.jpg', 1, 8, '2025-06-09 08:27:17', '2025-06-09 08:27:17'),
(101, 'products/zIkB9Vi16AoFOIeV855awypT1FLDMrgEOARM1uj8.jpg', 1, 8, '2025-06-09 08:27:17', '2025-06-09 08:27:17'),
(102, 'products/rtU3TmX4U6fjEDtg60wdUHTN1STe5neeV3C3W6Ea.jpg', 1, 8, '2025-06-09 08:27:17', '2025-06-09 08:27:17'),
(103, 'products/bY7yvqE325KAt2fBfq9D8v117gnzWeMqvJBL5hUm.jpg', 1, 12, '2025-06-09 08:29:20', '2025-06-09 08:29:20'),
(104, 'products/wwhccHhwktmAKsPia5BDhnzhwbBjGNh4SVuKvkXd.jpg', 1, 4, '2025-06-09 08:31:47', '2025-06-09 08:31:47'),
(105, 'products/C3PoJZ2h7rm4MDf4vG8AzoeL6yVXg6oVFJx39lWN.jpg', 1, 4, '2025-06-09 08:31:47', '2025-06-09 08:31:47'),
(106, 'products/B6ABADdlqCLC4DpPCh06NsoE3ZI1sQ0ljzdev2NY.jpg', 1, 4, '2025-06-09 08:31:47', '2025-06-09 08:31:47'),
(107, 'products/YwNuXcikDZmkIcqegWXS94ONc6uNs44EmhpCA0Zw.jpg', 1, 4, '2025-06-09 08:31:47', '2025-06-09 08:31:47'),
(108, 'products/OYU6aO7Xz4iQULzCBWqto96FraupHPJ6hRlFYsyZ.jpg', 1, 1, '2025-06-09 08:33:24', '2025-06-09 08:33:24'),
(109, 'products/7c50LTQMWc9RtQ9o3uMG7Y8u3AxTE4M8TZKk5rpi.jpg', 1, 1, '2025-06-09 08:33:24', '2025-06-09 08:33:24'),
(110, 'products/T7n7QmfX3L0oLsLNNjsO278p4JFqFR4L1S21cJUr.jpg', 1, 1, '2025-06-09 08:33:24', '2025-06-09 08:33:24'),
(113, 'products/decmElBHJsCCb5VbiETKPQNZ7LE91zOTjPtQjia0.jpg', 1, 13, '2025-06-09 14:07:03', '2025-06-09 14:07:03'),
(114, 'products/d0bpXuiXP9tg0ouYbUoc97r6Kg0e8S7LlUc1i5D9.jpg', 1, 13, '2025-06-09 14:07:03', '2025-06-09 14:07:03'),
(115, 'products/ak9yXhPhKzaqNH8E3DDMLYXcPgD5EEcqqHnOl5R7.jpg', 1, 13, '2025-06-09 14:07:03', '2025-06-09 14:07:03'),
(116, 'variations/yEfQhVUMKcHvG5sE2TwqKNi9ZcrOzWkZOMitQTUG.jpg', 1, 14, '2025-06-23 15:04:39', '2025-06-23 15:04:39'),
(117, 'variations/9rE0CYiMSqtnVXUUPLiUkI70MGcWiPSYhjJqZHUU.jpg', 1, 15, '2025-06-27 11:39:45', '2025-06-27 11:39:45'),
(124, 'products/AYQMB3FDkGmzvvzmxJd03GPUn7XL6Y61lNgVyeFi.jpg', 1, 17, '2025-07-04 09:23:14', '2025-07-04 09:23:14'),
(125, 'products/RGWLJnh2MWwVyRNQaxIYg9UaZc4B0vs17hSdgG0M.jpg', 1, 17, '2025-07-04 09:23:14', '2025-07-04 09:23:14'),
(126, 'products/PRtIgyATkVzhoPo4z2Um9yVMHSrYTYU0gumdKPBb.jpg', 1, 17, '2025-07-04 09:23:14', '2025-07-04 09:23:14'),
(130, 'variations/SYO0R99dQldTethlh86GT6ijwClzyuJg4QbMItH8.jpg', 1, 19, '2025-07-14 16:18:54', '2025-07-14 16:18:54'),
(131, 'variations/rjciGzRUtxpaSutFcc9IRHqk6rXc8NwckOGWCk4h.jpg', 1, 19, '2025-07-14 16:18:54', '2025-07-14 16:18:54'),
(132, 'variations/fIZBUzzpBbYaVPVevzLZ9MqUDhOPZBsCtdsER2jz.jpg', 1, 19, '2025-07-14 16:18:54', '2025-07-14 16:18:54'),
(133, 'variations/dltpKM414qTBb4uRLR2M3ACWfAYuke5N649eveDi.jpg', 1, 20, '2025-07-14 17:36:57', '2025-07-14 17:36:57'),
(134, 'variations/WcHfwJkKMs2o7o5VszyOq7vYbj6CL4RTjCDDFIiL.jpg', 1, 20, '2025-07-14 17:36:57', '2025-07-14 17:36:57'),
(135, 'variations/yXMngfAPGtnv7wNFLJdK9chPX40QaIKcpFD63E76.jpg', 1, 20, '2025-07-14 17:36:57', '2025-07-14 17:36:57'),
(136, 'variations/v8pYORcIfzetreiPXwRWZwjsicD6kV6x0YAfXc0P.jpg', 1, 21, '2025-07-21 23:58:34', '2025-07-21 23:58:34'),
(137, 'variations/FyZQXl7hGo0tfm449NxLc96TbiVHdbgnmfqYyHc5.jpg', 1, 21, '2025-07-21 23:58:34', '2025-07-21 23:58:34'),
(138, 'variations/TpAcJnhVqyrpmXVWe4qgjHD2HgUqTKf5U1HXKCE0.jpg', 1, 21, '2025-07-21 23:58:34', '2025-07-21 23:58:34'),
(139, 'variations/it7VLtjeLLnwFbf54glZuHUu1ZC4ZE6wNuTmxCLY.jpg', 1, 22, '2025-07-22 00:15:48', '2025-07-22 00:15:48'),
(140, 'variations/yHp2mc5VVAIjTO0t4TMxNrUZhz5hm43fS6ZLPAxp.jpg', 1, 22, '2025-07-22 00:15:48', '2025-07-22 00:15:48'),
(141, 'variations/9eKSLAlx8lYBacW1gTQPc0je5FtK4OBaQm0bMIID.jpg', 1, 22, '2025-07-22 00:15:48', '2025-07-22 00:15:48'),
(143, 'products/y5b2bbHj1b59StgtNAUZoFlYFozRGlnBltiZji98.jpg', 1, 23, '2025-07-25 06:28:09', '2025-07-25 06:28:09'),
(144, 'variations/gpvaTeUhhrg4UTtFWnCXm9LrL7P4CvrpXFzYrgH9.jpg', 1, 24, '2025-07-25 12:20:41', '2025-07-25 12:20:41'),
(149, 'variations/oKP37ZHN0MEKEoE4fayaFC8IXqtZbb9FZ4HuJO48.jpg', 1, 26, '2025-07-25 12:32:48', '2025-07-25 12:32:48'),
(150, 'variations/8pGpQjWlE1fqrbgOcAfOVVdX8eqejo7hHEI0Yrti.jpg', 1, 26, '2025-07-25 12:32:48', '2025-07-25 12:32:48'),
(151, 'variations/no7IVqKHQdtL2ooJ5h549KS8v8LE19OYeeORBYfF.jpg', 1, 26, '2025-07-25 12:32:48', '2025-07-25 12:32:48'),
(152, 'products/dvyUwaOSTbFBPlLonyj6TAsJgTud00jK8NZBHkfk.jpg', 1, 25, '2025-07-25 09:48:22', '2025-07-25 09:48:22'),
(153, 'products/AmcdxxDmnBs7JLx56Mr8Ds0Qe6dvIHb10Gbd6vEk.jpg', 1, 25, '2025-07-25 09:48:22', '2025-07-25 09:48:22'),
(154, 'products/v4iZ0FELpOp0noY27gH2THVqdE11PSrLkik5iIxJ.jpg', 1, 25, '2025-07-25 09:48:22', '2025-07-25 09:48:22'),
(155, 'variations/bp8y45X2CRcE0pvpsmx79EVMTdkrfrPgOSUIA3Fk.jpg', 1, 27, '2025-07-25 17:10:20', '2025-07-25 17:10:20'),
(156, 'variations/l3mJT6sX8GKW0Pqjz0cH1r0LdqieKsaD4P1Us2VX.jpg', 1, 27, '2025-07-25 17:10:20', '2025-07-25 17:10:20'),
(157, 'variations/BViKemWuGQeTS8odfu0NBL8YhoqpkySXgWb81fZf.jpg', 1, 27, '2025-07-25 17:10:20', '2025-07-25 17:10:20'),
(158, 'variations/xvZvsRYt1UKsrVLkjebHUpnVaxEZX4Dov8a3bWwk.jpg', 1, 27, '2025-07-25 17:10:20', '2025-07-25 17:10:20'),
(159, 'variations/1leXNsOaSJH6Jmz6KQwbTF2QVZktAzJ4QBfTUoBH.jpg', 1, 28, '2025-07-25 18:58:26', '2025-07-25 18:58:26'),
(160, 'variations/1xmNG8k3Kp5yf260Ksq2zvpKNGFKdUC9DfBlTLd8.jpg', 1, 28, '2025-07-25 18:58:26', '2025-07-25 18:58:26'),
(161, 'variations/UM8jJZo4I7AN4qCEL8kjitOIgNCBOJnbjU2CdAvG.jpg', 1, 28, '2025-07-25 18:58:26', '2025-07-25 18:58:26'),
(162, 'variations/hTmKh6AtdSCsmf2sbAHErYoHQiPT1P8psoWgCGQ5.jpg', 1, 28, '2025-07-25 18:58:26', '2025-07-25 18:58:26'),
(163, 'variations/LP8AyjHiiAMZZ5DxBNW5uoXCuZbFds2xqENS3jph.jpg', 1, 29, '2025-07-31 14:24:27', '2025-07-31 14:24:27'),
(164, 'variations/3zSfvKSCfEyWY0dxVeAsxLkcRuwax8GXPEebFlKf.jpg', 1, 29, '2025-07-31 14:24:27', '2025-07-31 14:24:27'),
(165, 'variations/iFs61WypNPPBCaYcAt4o7D21spP9fxHvsfQRzYE4.jpg', 1, 29, '2025-07-31 14:24:27', '2025-07-31 14:24:27'),
(166, 'variations/imo5gWlQInmSb2EpfQHwrBR046TACWroBbq7Zv0I.jpg', 1, 29, '2025-07-31 14:24:27', '2025-07-31 14:24:27'),
(167, 'variations/lwHPdVP9REhhC4zWEbXmzraUIdr2hlSQ1ef7lPH6.jpg', 1, 30, '2025-07-31 18:29:35', '2025-07-31 18:29:35'),
(168, 'variations/Ft13o34JP5EZZtUDpfiCLffmQFWrLAd4AuKjuJd6.jpg', 1, 31, '2025-07-31 18:36:04', '2025-07-31 18:36:04'),
(169, 'variations/XfHFPyv4eg62mf1nx6K4jTzKCzHEMhWE64v6LeJ9.jpg', 1, 31, '2025-07-31 18:36:04', '2025-07-31 18:36:04'),
(174, 'variations/aIVaunFsikSkwNnwbPW1pzduGfhZoGQGK7j5EZLW.jpg', 1, 34, '2025-08-01 23:07:42', '2025-08-01 23:07:42'),
(175, 'variations/kwIh7fPz0iYEhBOliMQF4dBuWkWhEnfseC4f9wtk.jpg', 1, 34, '2025-08-01 23:07:42', '2025-08-01 23:07:42'),
(176, 'variations/2QEQ7x2Qv4wfRKASeQXXnrJMzdy5dkHJgMjCYkhN.jpg', 1, 34, '2025-08-01 23:07:42', '2025-08-01 23:07:42'),
(177, 'variations/9ajUP0sgJLEzTV5QHOBmfkXEPkCKZZdE14fTVNOH.jpg', 1, 35, '2025-08-04 17:47:54', '2025-08-04 17:47:54'),
(178, 'variations/QZqNTeOr8kjfHwdldKzegsL3JC4Jue1m7rlHmoMr.jpg', 1, 35, '2025-08-04 17:47:54', '2025-08-04 17:47:54'),
(179, 'variations/L6YXBumsI0UvFCmzry55E3wp6KmA1GtID9vpQ7ut.jpg', 1, 35, '2025-08-04 17:47:54', '2025-08-04 17:47:54'),
(180, 'variations/HNDl8p1DOcXieYFFdyklRJlgpvjsGDKBs947WdtL.jpg', 1, 36, '2025-08-04 17:59:41', '2025-08-04 17:59:41'),
(181, 'variations/FZ3AzyfQA9ePGJEThH7bhiS57stRxa4FHW5VF5Oe.jpg', 1, 36, '2025-08-04 17:59:41', '2025-08-04 17:59:41'),
(182, 'variations/5LryORV2RvtglVY7GUUiRBh8O8Amlk8GTMyfLFGk.jpg', 1, 36, '2025-08-04 17:59:41', '2025-08-04 17:59:41'),
(183, 'variations/gyoc2GAaeTCuUPQbJEbcYagnknHBgEAnaVkG20kk.jpg', 1, 37, '2025-08-04 18:23:43', '2025-08-04 18:23:43'),
(184, 'variations/O7i6QpMI8r5JUqdHZGBydXZbT2nTWAiiFNPMrZ3Y.jpg', 1, 37, '2025-08-04 18:23:43', '2025-08-04 18:23:43'),
(185, 'variations/9cmexNKceFPYZiv7x5wshIVWXyCF3DtUcj7ad1Ti.jpg', 1, 38, '2025-08-04 18:32:30', '2025-08-04 18:32:30'),
(186, 'variations/1iAubAsS2xKjLaImjtOTuwaCVxfVW0hY4sNyqoGM.jpg', 1, 39, '2025-08-04 18:48:40', '2025-08-04 18:48:40'),
(187, 'variations/EjJFlVl5oWM884TgXO6Q0oCjeC9g19zVNu52k5cl.jpg', 1, 40, '2025-08-05 14:59:22', '2025-08-05 14:59:22'),
(188, 'variations/k9eB0IeopBvOj5EjNUFBxNMLri3SpuoWphnEiI64.jpg', 1, 40, '2025-08-05 14:59:22', '2025-08-05 14:59:22'),
(189, 'variations/bNBR6qA4TBkEW5pLKD7xrR8r2ccQ91KI3b7B6wOB.jpg', 1, 41, '2025-08-05 15:08:25', '2025-08-05 15:08:25'),
(190, 'variations/Hjf6LDfwZPl748B6624MJ6fPFbG5UZpwlf8L0TTn.jpg', 1, 42, '2025-08-05 18:49:53', '2025-08-05 18:49:53'),
(191, 'variations/sv8l2nuqfWKoqUFp14oYk57kwZ5yo7GNm0ssurfz.jpg', 1, 42, '2025-08-05 18:49:53', '2025-08-05 18:49:53'),
(192, 'variations/yuUhDFHEEB6ST7PaB1gvwh5LeXBDctL6aJ02mwF8.jpg', 1, 42, '2025-08-05 18:49:53', '2025-08-05 18:49:53'),
(195, 'variations/elwbvpwHrheTvi28MZw1CbGuXjPuNmL3Z3n5vmr2.jpg', 1, 44, '2025-08-06 12:56:23', '2025-08-06 12:56:23'),
(196, 'variations/zqLfKX5pmjlAjgPRc3eQnNuK4VlcDRbHYt60MvLS.jpg', 1, 44, '2025-08-06 12:56:23', '2025-08-06 12:56:23'),
(197, 'variations/dLYPMlhr3AHDmRp4btcTnNae5dZ7shA6kdhjsZdY.jpg', 1, 44, '2025-08-06 12:56:23', '2025-08-06 12:56:23'),
(198, 'variations/YKKMkco41WOXARBAkZQ00GQEtgitaGf0zBrfilC6.jpg', 1, 45, '2025-08-06 13:18:02', '2025-08-06 13:18:02'),
(199, 'variations/uhbmbzLJZKgLHdEtHlUH2hZtjN5I8X3RNvxjstI9.jpg', 1, 46, '2025-08-06 13:24:27', '2025-08-06 13:24:27'),
(200, 'variations/K3DPQNcCMbbK6UH49NLa4ZG2Lb1LR7t92AhG3ygI.jpg', 1, 47, '2025-08-06 13:34:45', '2025-08-06 13:34:45'),
(202, 'variations/QSygN9BfzrcrX6d2j4Nfs7V5ntj9Ze7yhZckyVyQ.jpg', 1, 49, '2025-08-19 17:06:19', '2025-08-19 17:06:19'),
(205, 'variations/WuR4nxDHSWTvMBiVZHPczOgvITHNZmNxNGrJ9hJc.png', 1, 52, '2025-08-23 13:54:42', '2025-08-23 13:54:42'),
(206, 'variations/Mv2lELnRQGdPI10xIUWrZSSdquV9Zw9ZRfl394Q9.jpg', 1, 53, '2025-08-25 20:36:12', '2025-08-25 20:36:12'),
(207, 'variations/ktroJe7kUy55FXc2S9zLCRqbQW0micqJ8Nw6r8hw.png', 1, 54, '2025-08-25 20:56:38', '2025-08-25 20:56:38'),
(208, 'products/r4nZB8H44ZzurEjpkNDzXDT3t8te823b7CRuNx1X.jpg', 1, 50, '2025-08-27 09:09:53', '2025-08-27 09:09:53'),
(209, 'products/ykyDWFlP6TibCTyprlzXktFnRXkGyvKdMsLvIWVy.png', 1, 51, '2025-08-27 09:16:37', '2025-08-27 09:16:37'),
(210, 'products/Z1tpfwyOP10f0FvVB0sshSaWSLLt6QaNEMS1KsFn.jpg', 1, 48, '2025-08-27 09:36:19', '2025-08-27 09:36:19'),
(211, 'products/nDxaO4aeMlctXHdqseNnZ7fMVlMFmw1JqdlZBNF0.jpg', 1, 48, '2025-08-27 09:36:19', '2025-08-27 09:36:19'),
(212, 'products/3TIrQr2i1QjfVBurZ9g524sveJkEiY81al3Hxwm3.jpg', 1, 48, '2025-08-27 09:36:19', '2025-08-27 09:36:19'),
(213, 'variations/QfNJRvAVpVu2zd6hv2zt4dqrqgW7yNUVcZISdNaM.png', 1, 55, '2025-08-27 15:49:49', '2025-08-27 15:49:49'),
(214, 'variations/jLqShd0HhRwN5U5gBaVczwr5dESN0GeRAe4WbSLL.png', 1, 55, '2025-08-27 15:49:49', '2025-08-27 15:49:49'),
(215, 'variations/avDyd2OY1CqSceflfKnFgeXh8u1lVinGbKoybUW0.png', 1, 55, '2025-08-27 15:49:49', '2025-08-27 15:49:49'),
(216, 'variations/f9OsXbudicFtjW3xxEGLd7D32k29ei3f42RGRll3.jpg', 1, 56, '2025-08-28 11:16:47', '2025-08-28 11:16:47'),
(217, 'products/L6ELbpn6IEPWX5rcKhuLccCLSjq4XjBc0cOnOAus.jpg', 1, 43, '2025-08-28 13:07:54', '2025-08-28 13:07:54'),
(218, 'products/ovNGaWLwY22hRkwdfl2DCAcCDHxArS2G2GA94iPZ.jpg', 1, 32, '2025-08-28 13:54:18', '2025-08-28 13:54:18'),
(219, 'products/VYmQS4vvRLAMdXf2JSZXcmFUkZ1fiI9QwH68Iimu.jpg', 1, 32, '2025-08-28 13:54:18', '2025-08-28 13:54:18'),
(220, 'products/TS5FF3GDE8bEWZBgyVmvhrfgszccikD3L3hZsRuo.jpg', 1, 32, '2025-08-28 13:54:18', '2025-08-28 13:54:18'),
(221, 'products/0bybFeTDVMyPltRsYu5TKWqzFHRPYnH4D9MOUSyW.jpg', 1, 33, '2025-08-28 14:05:53', '2025-08-28 14:05:53'),
(222, 'products/rLhRkjkwllHUdQl2EQuRC16JLgpBQE5o0d4Xaegg.jpg', 1, 33, '2025-08-28 14:05:53', '2025-08-28 14:05:53'),
(223, 'products/xo4r77nY9qyG1HdwkOuqSxP8S5MRzpnPMkBrwvuu.jpg', 1, 33, '2025-08-28 14:05:53', '2025-08-28 14:05:53'),
(225, 'products/gquGXE7EqXNACwxsRY9ilkrrnSBdbYEIuGjxZY6a.jpg', 1, 57, '2025-08-29 12:32:52', '2025-08-29 12:32:52'),
(227, 'products/duaDlzCzWKjalzQZHEErXcaFUdInRyUOXblfznQm.png', 1, 58, '2025-08-29 14:52:42', '2025-08-29 14:52:42'),
(229, 'products/mLaRlsCkszJlpaXES5YJgzrQmIzaG0gbGkIjCSSS.png', 1, 59, '2025-08-31 07:04:15', '2025-08-31 07:04:15'),
(230, 'variations/omqHlumqiNthjWyKFBDS0RL7L6x0BQT994aytAF2.png', 1, 60, '2025-08-31 12:45:47', '2025-08-31 12:45:47'),
(231, 'variations/SYFi868OrxQqkh7XKRRLvYAmYxqmMLJioWGumncq.png', 1, 61, '2025-08-31 21:28:17', '2025-08-31 21:28:17'),
(232, 'variations/7ed800d587aGpQipjcUmrxhxn8gnly3J0fOVrrPy.png', 1, 62, '2025-08-31 22:17:14', '2025-08-31 22:17:14'),
(233, 'variations/lHm3Zwllpqg1ikyGM8YLhHW851FQqxbwWVhs7YVf.jpg', 1, 63, '2025-09-01 13:38:36', '2025-09-01 13:38:36'),
(234, 'variations/ZZhuz1rUGhCrGZ54241jkvldY7du1oFTXgkVRfWx.png', 1, 63, '2025-09-01 13:38:36', '2025-09-01 13:38:36'),
(235, 'variations/9PfX4kBNkNmHuQHa2Ub8ZBnGHWOpgWx3dbxE18Px.jpg', 1, 64, '2025-09-01 13:52:05', '2025-09-01 13:52:05'),
(236, 'variations/TtNznEhX8KouZWMO08JCTheKywbcvmNOXosUgZ00.png', 1, 65, '2025-09-01 20:18:04', '2025-09-01 20:18:04'),
(237, 'variations/dbhiYotqNrUAWOe6FwA6qDzIBVoBCoZXOlJH45Hm.png', 1, 66, '2025-09-02 18:33:14', '2025-09-02 18:33:14'),
(238, 'variations/KVqQar5FUpgupyU3Vbwi5X3IxWN5kOd3Yew3QvJ5.png', 1, 67, '2025-09-02 18:40:58', '2025-09-02 18:40:58'),
(239, 'variations/LDJDTYTSGrhoDoba4e0YDv7v4CA766TXeECMZXSt.png', 1, 67, '2025-09-02 18:40:58', '2025-09-02 18:40:58'),
(240, 'variations/tRLLVsvI3d3kZnQpuce6GUEOVKZXnE9FXaoEf8w3.png', 1, 67, '2025-09-02 18:40:58', '2025-09-02 18:40:58'),
(241, 'variations/ObYgoNT2ts1nKmBGSQg1Lqd7QRgjxYAatxPMDG7Q.jpg', 1, 68, '2025-09-02 18:51:59', '2025-09-02 18:51:59'),
(243, 'variations/rrZUByaDzqGS2WEguCSUespedXigPwmwC4RtLIx2.jpg', 1, 70, '2025-09-02 19:12:34', '2025-09-02 19:12:34'),
(244, 'products/Z998e6ffmZ3C72AzbP68Hz5ffbmDsaGvCpIP6ylr.jpg', 1, 69, '2025-09-03 04:05:59', '2025-09-03 04:05:59'),
(245, 'variations/N8aoXwedQDu4kLmkF9WjW2AOWA35qqw5S33omhp4.jpg', 1, 71, '2025-09-03 09:42:43', '2025-09-03 09:42:43'),
(246, 'variations/j1f3VD1wgJYovvrgH5HKLtTPOTx7n4R7F9hV4le7.png', 1, 72, '2025-09-03 09:53:39', '2025-09-03 09:53:39'),
(247, 'variations/DYqfmmm4QhfQXND0bjlUpH71Rb9UCRHJz3FP9wjv.png', 1, 73, '2025-09-03 16:41:42', '2025-09-03 16:41:42'),
(248, 'variations/5VmLoxvzrQNrkDR8VpEUhdr5zCxqzg7jhpaDi14V.png', 1, 74, '2025-09-03 17:12:47', '2025-09-03 17:12:47'),
(250, 'products/cWxCoZG8ZYztl4Wp57CIcDunlhrdSrnWWQS9e3Jy.png', 1, 75, '2025-09-03 15:41:27', '2025-09-03 15:41:27'),
(251, 'variations/gb7c1TwiadOpiMRDcoe6oElTinXHJEAdk2RlM9kR.jpg', 1, 76, '2025-09-04 16:06:24', '2025-09-04 16:06:24'),
(252, 'variations/r3OgW67jxjZFIy6cvRlhWiTLrkgcpmmKmXpWPyDa.png', 1, 77, '2025-09-04 18:37:07', '2025-09-04 18:37:07');

-- --------------------------------------------------------

--
-- Table structure for table `product_rating`
--

CREATE TABLE `product_rating` (
  `rate_id` int NOT NULL,
  `store_id` int NOT NULL,
  `varient_id` int NOT NULL,
  `rating` varchar(255) CHARACTER SET utf8mb4 COLLATE utf8mb4_unicode_ci NOT NULL,
  `description` longtext CHARACTER SET utf8mb4 COLLATE utf8mb4_unicode_ci NOT NULL,
  `user_id` int NOT NULL,
  `created_at` datetime NOT NULL,
  `updated_at` datetime NOT NULL
) ENGINE=InnoDB DEFAULT CHARSET=utf8mb4 COLLATE=utf8mb4_unicode_ci;

-- --------------------------------------------------------

--
-- Table structure for table `product_varient`
--

CREATE TABLE `product_varient` (
  `varient_id` int NOT NULL,
  `product_id` int NOT NULL,
  `quantity` int NOT NULL,
  `unit` varchar(255) CHARACTER SET utf8mb4 COLLATE utf8mb4_unicode_ci NOT NULL,
  `base_mrp` float DEFAULT NULL,
  `base_price` float NOT NULL,
  `description` longtext CHARACTER SET utf8mb4 COLLATE utf8mb4_unicode_ci NOT NULL,
  `varient_image` varchar(255) CHARACTER SET utf8mb4 COLLATE utf8mb4_unicode_ci NOT NULL,
  `ean` varchar(255) CHARACTER SET utf8mb4 COLLATE utf8mb4_unicode_ci DEFAULT NULL,
  `approved` int NOT NULL DEFAULT '1',
  `added_by` int NOT NULL DEFAULT '0'
) ENGINE=InnoDB DEFAULT CHARSET=utf8mb4 COLLATE=utf8mb4_unicode_ci;

-- --------------------------------------------------------

--
-- Table structure for table `recently_viewed_products`
--

CREATE TABLE `recently_viewed_products` (
  `id` int UNSIGNED NOT NULL,
  `user_id` int NOT NULL,
  `product_id` int NOT NULL,
  `created_at` timestamp NULL DEFAULT NULL,
  `updated_at` timestamp NULL DEFAULT NULL
) ENGINE=InnoDB DEFAULT CHARSET=utf8mb4 COLLATE=utf8mb4_unicode_ci;

--
-- Dumping data for table `recently_viewed_products`
--

INSERT INTO `recently_viewed_products` (`id`, `user_id`, `product_id`, `created_at`, `updated_at`) VALUES
(1, 8, 11, '2025-07-04 11:45:44', '2025-07-04 11:45:44'),
(2, 8, 4, '2025-07-04 11:45:44', '2025-07-04 11:45:44'),
(3, 8, 14, '2025-07-04 11:45:44', '2025-07-04 11:45:44'),
(4, 13, 14, '2025-07-04 11:47:02', '2025-07-04 11:47:02'),
(5, 13, 3, '2025-07-04 11:47:02', '2025-07-04 11:47:02'),
(6, 13, 15, '2025-07-04 11:47:02', '2025-07-04 11:47:02'),
(7, 13, 17, '2025-07-04 15:21:03', '2025-07-04 15:21:03'),
(8, 8, 12, '2025-07-07 10:59:03', '2025-07-07 10:59:03'),
(11, 13, 4, '2025-07-12 16:01:15', '2025-07-12 16:01:15'),
(12, 13, 2, '2025-07-12 16:02:47', '2025-07-12 16:02:47'),
(15, 13, 21, '2025-07-24 18:09:55', '2025-07-24 18:09:55'),
(16, 13, 19, '2025-07-24 18:09:55', '2025-07-24 18:09:55'),
(17, 13, 1, '2025-07-24 18:09:55', '2025-07-24 18:09:55'),
(18, 13, 22, '2025-07-24 18:09:55', '2025-07-24 18:09:55'),
(20, 13, 23, '2025-07-25 17:34:10', '2025-07-25 17:34:10'),
(21, 13, 25, '2025-07-25 17:34:10', '2025-07-25 17:34:10'),
(22, 13, 24, '2025-07-25 17:34:10', '2025-07-25 17:34:10'),
(27, 13, 28, '2025-07-25 18:59:58', '2025-07-25 18:59:58'),
(28, 13, 30, '2025-08-01 11:39:09', '2025-08-01 11:39:09'),
(29, 13, 31, '2025-08-01 11:39:09', '2025-08-01 11:39:09'),
(30, 13, 29, '2025-08-01 11:43:03', '2025-08-01 11:43:03'),
(31, 17, 34, '2025-08-06 09:35:25', '2025-08-06 09:35:25'),
(32, 17, 33, '2025-08-06 09:35:25', '2025-08-06 09:35:25'),
(33, 17, 32, '2025-08-06 09:35:25', '2025-08-06 09:35:25'),
(34, 14, 49, '2025-08-19 17:44:05', '2025-08-19 17:44:05'),
(35, 14, 34, '2025-08-19 17:44:05', '2025-08-19 17:44:05'),
(36, 14, 50, '2025-08-19 17:44:05', '2025-08-19 17:44:05'),
(37, 14, 44, '2025-08-19 17:58:17', '2025-08-19 17:58:17'),
(38, 14, 33, '2025-08-19 18:04:39', '2025-08-19 18:04:39'),
(39, 14, 51, '2025-08-19 18:11:15', '2025-08-19 18:11:15'),
(40, 13, 37, '2025-08-22 18:01:25', '2025-08-22 18:01:25'),
(41, 18, 43, '2025-08-25 16:03:06', '2025-08-25 16:03:06'),
(42, 18, 31, '2025-08-25 16:05:55', '2025-08-25 16:05:55'),
(43, 18, 49, '2025-08-25 16:09:07', '2025-08-25 16:09:07'),
(44, 18, 50, '2025-08-25 16:23:53', '2025-08-25 16:23:53'),
(45, 14, 54, '2025-08-26 17:47:04', '2025-08-26 17:47:04'),
(46, 14, 37, '2025-08-26 17:47:44', '2025-08-26 17:47:44'),
(47, 13, 49, '2025-08-26 18:43:06', '2025-08-26 18:43:06'),
(48, 13, 54, '2025-08-26 18:43:06', '2025-08-26 18:43:06'),
(49, 14, 48, '2025-08-27 16:01:32', '2025-08-27 16:01:32'),
(50, 14, 55, '2025-08-27 16:01:32', '2025-08-27 16:01:32'),
(51, 14, 31, '2025-08-27 16:01:32', '2025-08-27 16:01:32'),
(52, 14, 45, '2025-08-27 16:01:32', '2025-08-27 16:01:32'),
(53, 14, 42, '2025-08-27 16:02:05', '2025-08-27 16:02:05'),
(54, 14, 30, '2025-08-27 16:07:39', '2025-08-27 16:07:39'),
(55, 14, 43, '2025-08-28 17:52:31', '2025-08-28 17:52:31'),
(56, 14, 56, '2025-08-28 17:52:31', '2025-08-28 17:52:31'),
(57, 14, 32, '2025-08-28 18:41:25', '2025-08-28 18:41:25'),
(58, 14, 35, '2025-08-28 19:11:32', '2025-08-28 19:11:32');

-- --------------------------------------------------------

--
-- Table structure for table `recent_search`
--

CREATE TABLE `recent_search` (
  `id` int NOT NULL,
  `keyword` varchar(255) CHARACTER SET utf8mb4 COLLATE utf8mb4_unicode_ci NOT NULL,
  `user_id` int NOT NULL
) ENGINE=InnoDB DEFAULT CHARSET=utf8mb4 COLLATE=utf8mb4_unicode_ci;

-- --------------------------------------------------------

--
-- Table structure for table `reedem_values`
--

CREATE TABLE `reedem_values` (
  `reedem_id` int NOT NULL,
  `reward_point` int NOT NULL,
  `value` varchar(255) CHARACTER SET utf8mb4 COLLATE utf8mb4_unicode_ci NOT NULL
) ENGINE=InnoDB DEFAULT CHARSET=utf8mb4 COLLATE=utf8mb4_unicode_ci;

--
-- Dumping data for table `reedem_values`
--

INSERT INTO `reedem_values` (`reedem_id`, `reward_point`, `value`) VALUES
(1, 2, '0.50');

-- --------------------------------------------------------

--
-- Table structure for table `referral_points`
--

CREATE TABLE `referral_points` (
  `id` int NOT NULL,
  `name` varchar(255) NOT NULL,
  `points` varchar(255) NOT NULL,
  `created_at` varchar(255) NOT NULL,
  `updated_at` varchar(255) NOT NULL
) ENGINE=InnoDB DEFAULT CHARSET=latin1;

--
-- Dumping data for table `referral_points`
--

INSERT INTO `referral_points` (`id`, `name`, `points`, `created_at`, `updated_at`) VALUES
(5, 'Registration Referral', '{\"min\":\"1\",\"max\":\"15\"}', '2021-12-17 09:50:21', '2021-01-25 13:17:36');

-- --------------------------------------------------------

--
-- Table structure for table `returnandexchangepage`
--

CREATE TABLE `returnandexchangepage` (
  `id` int NOT NULL,
  `title` varchar(255) NOT NULL,
  `description` text NOT NULL,
  `created_at` timestamp NULL DEFAULT CURRENT_TIMESTAMP,
  `updated_at` timestamp NOT NULL DEFAULT CURRENT_TIMESTAMP
) ENGINE=InnoDB DEFAULT CHARSET=utf8mb4 COLLATE=utf8mb4_0900_ai_ci;

--
-- Dumping data for table `returnandexchangepage`
--

INSERT INTO `returnandexchangepage` (`id`, `title`, `description`, `created_at`, `updated_at`) VALUES
(1, 'Return & Exchange', '<p>Return and exchange</p>', '2025-04-25 04:50:00', '2025-04-25 04:50:00');

-- --------------------------------------------------------

--
-- Table structure for table `reward_points`
--

CREATE TABLE `reward_points` (
  `reward_id` int NOT NULL,
  `min_cart_value` int NOT NULL,
  `reward_point` int NOT NULL
) ENGINE=InnoDB DEFAULT CHARSET=utf8mb4 COLLATE=utf8mb4_unicode_ci;

--
-- Dumping data for table `reward_points`
--

INSERT INTO `reward_points` (`reward_id`, `min_cart_value`, `reward_point`) VALUES
(3, 10, 1),
(4, 1000, 450);

-- --------------------------------------------------------

--
-- Table structure for table `roles`
--

CREATE TABLE `roles` (
  `role_id` int NOT NULL,
  `role_name` varchar(255) CHARACTER SET utf8mb4 COLLATE utf8mb4_unicode_ci NOT NULL,
  `dashboard` int NOT NULL DEFAULT '0',
  `tax` int NOT NULL DEFAULT '0',
  `id` int NOT NULL DEFAULT '0',
  `membership` int NOT NULL DEFAULT '0',
  `reports` int NOT NULL DEFAULT '0',
  `notification` int NOT NULL DEFAULT '0',
  `users` int NOT NULL DEFAULT '0',
  `category` int NOT NULL DEFAULT '0',
  `product` int NOT NULL DEFAULT '0',
  `area` int NOT NULL DEFAULT '0',
  `store` int NOT NULL DEFAULT '0',
  `orders` int NOT NULL DEFAULT '0',
  `payout` int NOT NULL DEFAULT '0',
  `rewards` int NOT NULL DEFAULT '0',
  `delivery_boy` int NOT NULL DEFAULT '0',
  `pages` int NOT NULL DEFAULT '0',
  `feedback` int NOT NULL DEFAULT '0',
  `callback` int NOT NULL DEFAULT '0',
  `settings` int NOT NULL DEFAULT '0',
  `reason` int NOT NULL DEFAULT '0'
) ENGINE=InnoDB DEFAULT CHARSET=utf8mb4 COLLATE=utf8mb4_unicode_ci;

--
-- Dumping data for table `roles`
--

INSERT INTO `roles` (`role_id`, `role_name`, `dashboard`, `tax`, `id`, `membership`, `reports`, `notification`, `users`, `category`, `product`, `area`, `store`, `orders`, `payout`, `rewards`, `delivery_boy`, `pages`, `feedback`, `callback`, `settings`, `reason`) VALUES
(1, 'sub admin', 1, 1, 1, 0, 1, 0, 1, 1, 1, 0, 1, 0, 0, 0, 0, 0, 0, 0, 0, 0);

-- --------------------------------------------------------

--
-- Table structure for table `sec_banner`
--

CREATE TABLE `sec_banner` (
  `banner_id` int NOT NULL,
  `banner_name` varchar(255) CHARACTER SET utf8mb4 COLLATE utf8mb4_unicode_ci NOT NULL,
  `banner_image` varchar(255) CHARACTER SET utf8mb4 COLLATE utf8mb4_unicode_ci DEFAULT NULL,
  `varient_id` int NOT NULL,
  `product_name` varchar(255) CHARACTER SET utf8mb4 COLLATE utf8mb4_unicode_ci NOT NULL,
  `store_id` int NOT NULL,
  `qty_unit` varchar(255) CHARACTER SET utf8mb4 COLLATE utf8mb4_unicode_ci NOT NULL
) ENGINE=InnoDB DEFAULT CHARSET=utf8mb4 COLLATE=utf8mb4_unicode_ci;

-- --------------------------------------------------------

--
-- Table structure for table `service_area`
--

CREATE TABLE `service_area` (
  `ser_id` int NOT NULL,
  `society_name` varchar(255) CHARACTER SET utf8mb4 COLLATE utf8mb4_unicode_ci NOT NULL,
  `society_id` int NOT NULL,
  `delivery_charge` float NOT NULL DEFAULT '0',
  `store_id` int NOT NULL,
  `added_by` int NOT NULL DEFAULT '0',
  `enabled` int NOT NULL DEFAULT '1',
  `city_id` int NOT NULL
) ENGINE=InnoDB DEFAULT CHARSET=utf8mb4 COLLATE=utf8mb4_unicode_ci;

-- --------------------------------------------------------

--
-- Table structure for table `settings`
--

CREATE TABLE `settings` (
  `id` int UNSIGNED NOT NULL,
  `name` varchar(191) CHARACTER SET utf8mb4 COLLATE utf8mb4_unicode_ci NOT NULL,
  `value` longtext CHARACTER SET utf8mb4 COLLATE utf8mb4_unicode_ci NOT NULL,
  `created_at` timestamp NULL DEFAULT NULL,
  `updated_at` timestamp NULL DEFAULT NULL
) ENGINE=InnoDB DEFAULT CHARSET=utf8mb4 COLLATE=utf8mb4_unicode_ci;

--
-- Dumping data for table `settings`
--

INSERT INTO `settings` (`id`, `name`, `value`, `created_at`, `updated_at`) VALUES
(31, 'paypal_active', 'No', '2020-11-18 13:56:42', '2021-02-15 16:32:58'),
(32, 'paypal_email', 'deekhati63@gmail.com', '2020-11-18 13:56:42', '2021-02-08 15:59:27'),
(34, 'stripe_active', 'No', '2020-11-18 13:56:42', '2021-02-15 16:32:58'),
(35, 'stripe_secret_key', 'sk_test_AsWOqM4QzNC5kiiuhVaMr1mH00JC9bmg6A', '2020-11-18 13:56:42', '2021-11-19 16:47:13'),
(36, 'stripe_publishable_key', 'pk_test_c0oc159sTDjBAxK4JOCpPElA00WOC6sWJq', '2020-11-18 13:56:42', '2021-11-19 16:47:13'),
(38, 'razorpay_active', 'Yes', '2020-11-18 13:56:42', '2021-02-15 16:32:58'),
(39, 'razorpay_key_id', 'rzp_test_5eJgxBiQclifFX', '2020-11-18 13:56:42', '2021-11-19 16:47:13'),
(40, 'razorpay_secret_key', 'JmgJ4PmkG2TqCG4fBcsk15A9', '2020-11-18 13:56:42', '2021-11-19 16:47:13'),
(42, 'paystack_active', 'No', '2020-11-18 13:56:42', '2021-02-15 16:32:58'),
(43, 'paystack_public_key', 'dg', '2020-11-18 13:56:42', '2021-11-19 16:47:13'),
(44, 'paystack_secret_key', 'sdgdgdsg', '2020-11-18 13:56:42', '2021-11-19 16:47:13'),
(61, 'paypal_client_id', 'efsdgfdhdfhf', '2021-02-15 16:32:58', '2021-11-19 16:47:13'),
(62, 'paypal_secret_key', 'sdgdhfdhsfhhsf', '2021-02-15 16:32:58', '2021-11-19 16:47:13'),
(63, 'stripe_merchant_id', 'acct_1HzzheJi3WFPjQpE', '2021-03-11 15:44:01', '2021-11-19 16:47:13');

-- --------------------------------------------------------

--
-- Table structure for table `shippinganddeliverypage`
--

CREATE TABLE `shippinganddeliverypage` (
  `id` int NOT NULL,
  `title` varchar(255) NOT NULL,
  `description` text NOT NULL,
  `created_at` timestamp NOT NULL DEFAULT CURRENT_TIMESTAMP,
  `updated_at` timestamp NOT NULL DEFAULT CURRENT_TIMESTAMP
) ENGINE=InnoDB DEFAULT CHARSET=utf8mb4 COLLATE=utf8mb4_0900_ai_ci;

--
-- Dumping data for table `shippinganddeliverypage`
--

INSERT INTO `shippinganddeliverypage` (`id`, `title`, `description`, `created_at`, `updated_at`) VALUES
(1, 'Shipping & Delivery', '<div class=\"order-story page-conetnt\">\r\n    <p><strong>It all begins the moment you click “Place Order”.</strong></p>\r\n    <p>From that instant, we spring into action—not just as a brand, but as your personal courier of joy, comfort, and care. At <strong>SOAP OPERA</strong>, every delivery is a mission. A mission to surprise you, delight you, and deliver more than just a package.</p>\r\n\r\n    <div class=\"highlight\">\r\n        <h3>🎁 Free Shipping, Always</h3>\r\n        <p>No plot twists here—shipping is always free, no matter where you are in India.<br>\r\n        No hidden fees. No minimums. What you see is what you pay. That’s our happily-ever-after guarantee.</p>\r\n    </div>\r\n\r\n    <div class=\"highlight\">\r\n        <h3>⚡ Swift Dispatch, Reliable as a Hero</h3>\r\n        <p>Within 2–3 business days, your order is packed, prepped, and handed off to our trusted courier partners.<br>\r\n        Orders placed on weekends or holidays? Don’t worry—we’ll pick up the first thing the next working day. We never leave a good story hanging.</p>\r\n    </div>\r\n\r\n    <div class=\"highlight\">\r\n        <h3>🗺️ Delivery Timelines You Can Count On</h3>\r\n        <ul>\r\n            <li><strong>Metropolitan Cities:</strong> 4–5 working days</li>\r\n            <li><strong>Rest of India:</strong> 5–7 working days</li>\r\n        </ul>\r\n        <p>Sometimes life throws in a few plot twists—peak seasons, festive surges, or a rare hiccup in logistics. If there’s ever a delay, we’ll make sure you’re the first to know.</p>\r\n    </div>\r\n\r\n    <div class=\"highlight\">\r\n        <h3>🔍 Track Your Story in Real-Time</h3>\r\n        <p>The moment your order leaves our hands, we’ll send you an email or SMS with your tracking number and courier details.<br>\r\n        Follow every step of your order’s journey—because every delivery tells a story.</p>\r\n    </div>\r\n\r\n    <div class=\"highlight\">\r\n        <h3>🤝 Trusted Delivery Partners</h3>\r\n        <p>We team up with India’s leading logistics providers—the kind of allies every hero needs.<br>\r\n        Safe, secure, and always on time.</p>\r\n    </div>\r\n\r\n    <div class=\"contact-info\">\r\n        <h4>Real People, Real Help:</h4>\r\n        <p>📧 <strong>Email:</strong> <a href=\"mailto:support@soapopera.in\">support@soapopera.in</a><br>\r\n        📞 <strong>Phone:</strong> +91 9820166550 / +91 9321319542<br>\r\n        🏠 <strong>Address:</strong> Shop No.9A, Ground Floor, Chennoy Mansion, Warden Road, Kemps Corner, Near Mucchad Paan Wala. Opp. St. Stephen’s Church, Next to Gangar Optician, Mumbai 400026.</p>\r\n    </div>\r\n\r\n    <div class=\"footer-note\">\r\n        <p><strong>🌬️ SOAP OPERA – Where Every Order is a Story Delivered</strong></p>\r\n        <p>Thank you for being a part of our journey. Now let us be part of yours.<br>\r\n        From click to doorstep—we’re with you every step of the way.</p>\r\n    </div>\r\n</div>', '2025-04-25 04:50:29', '2025-08-26 17:55:14');

-- --------------------------------------------------------

--
-- Table structure for table `smsby`
--

CREATE TABLE `smsby` (
  `by_id` int NOT NULL,
  `msg91` int NOT NULL DEFAULT '1',
  `twilio` int NOT NULL DEFAULT '0',
  `status` int NOT NULL DEFAULT '1'
) ENGINE=InnoDB DEFAULT CHARSET=utf8mb4 COLLATE=utf8mb4_unicode_ci;

--
-- Dumping data for table `smsby`
--

INSERT INTO `smsby` (`by_id`, `msg91`, `twilio`, `status`) VALUES
(1, 1, 0, 1);

-- --------------------------------------------------------

--
-- Table structure for table `society`
--

CREATE TABLE `society` (
  `society_id` int NOT NULL,
  `society_name` varchar(255) CHARACTER SET utf8mb4 COLLATE utf8mb4_unicode_ci NOT NULL,
  `city_id` int NOT NULL
) ENGINE=InnoDB DEFAULT CHARSET=utf8mb4 COLLATE=utf8mb4_unicode_ci;

--
-- Dumping data for table `society`
--

INSERT INTO `society` (`society_id`, `society_name`, `city_id`) VALUES
(3, 'badi haibowal santosh nagar', 3),
(4, 'badi haibowal santosh nagar', 4),
(5, 'badi haibowal santosh nagar', 5),
(6, 'badi haibowal santosh nagar', 6),
(7, 'badi haibowal santosh nagar', 7),
(8, 'badi haibowal santosh nagar', 8),
(9, 'Ved Residency,Near railway station', 9),
(10, 'badi haibowal santosh nagar', 10),
(11, 'Garima Garden, Ghaziabad', 11),
(12, 'Garima Garden, Ghaziabad', 12),
(13, 'Garima Garden, Ghaziabad', 13),
(14, 'Garima Garden', 14),
(15, 'XYZ', 15),
(16, 'Garima Garden, Ghaziabad', 16),
(17, 'Garima Garden, Ghaziabad', 17),
(18, 'Garima Garden, Ghaziabad', 29),
(19, 'Non voluptatem tempo', 32),
(20, 'Velit accusamus mini', 34);

-- --------------------------------------------------------

--
-- Table structure for table `spotlight`
--

CREATE TABLE `spotlight` (
  `sp_id` int NOT NULL,
  `p_id` int NOT NULL,
  `store_id` int NOT NULL
) ENGINE=InnoDB DEFAULT CHARSET=utf8mb4 COLLATE=utf8mb4_unicode_ci;

-- --------------------------------------------------------

--
-- Table structure for table `stores_cityadmin`
--

CREATE TABLE `stores_cityadmin` (
  `id` int UNSIGNED NOT NULL,
  `cityadmin_owner` int NOT NULL,
  `store_id` int NOT NULL,
  `is_assigned` enum('0','1') COLLATE utf8mb4_unicode_ci NOT NULL DEFAULT '1'
) ENGINE=InnoDB DEFAULT CHARSET=utf8mb4 COLLATE=utf8mb4_unicode_ci;

-- --------------------------------------------------------

--
-- Table structure for table `store_assign_homecat`
--

CREATE TABLE `store_assign_homecat` (
  `assign_id` int NOT NULL,
  `homecat_id` varchar(500) CHARACTER SET utf8mb4 COLLATE utf8mb4_unicode_ci NOT NULL,
  `cat_id` varchar(500) CHARACTER SET utf8mb4 COLLATE utf8mb4_unicode_ci NOT NULL
) ENGINE=InnoDB DEFAULT CHARSET=utf8mb4 COLLATE=utf8mb4_unicode_ci;

-- --------------------------------------------------------

--
-- Table structure for table `store_bank`
--

CREATE TABLE `store_bank` (
  `ac_id` int NOT NULL,
  `store_id` int NOT NULL,
  `ac_no` varchar(255) CHARACTER SET utf8mb4 COLLATE utf8mb4_unicode_ci NOT NULL,
  `ifsc` varchar(255) CHARACTER SET utf8mb4 COLLATE utf8mb4_unicode_ci NOT NULL,
  `holder_name` varchar(255) CHARACTER SET utf8mb4 COLLATE utf8mb4_unicode_ci NOT NULL,
  `bank_name` varchar(255) CHARACTER SET utf8mb4 COLLATE utf8mb4_unicode_ci NOT NULL,
  `upi` varchar(255) CHARACTER SET utf8mb4 COLLATE utf8mb4_unicode_ci DEFAULT NULL
) ENGINE=InnoDB DEFAULT CHARSET=utf8mb4 COLLATE=utf8mb4_unicode_ci;

-- --------------------------------------------------------

--
-- Table structure for table `store_banner`
--

CREATE TABLE `store_banner` (
  `banner_id` int NOT NULL,
  `banner_name` varchar(255) CHARACTER SET utf8mb4 COLLATE utf8mb4_unicode_ci NOT NULL,
  `banner_image` varchar(255) CHARACTER SET utf8mb4 COLLATE utf8mb4_unicode_ci DEFAULT NULL,
  `store_id` int NOT NULL,
  `cat_id` int NOT NULL,
  `type` varchar(255) CHARACTER SET utf8mb4 COLLATE utf8mb4_unicode_ci NOT NULL DEFAULT 'H'
) ENGINE=InnoDB DEFAULT CHARSET=utf8mb4 COLLATE=utf8mb4_unicode_ci;

-- --------------------------------------------------------

--
-- Table structure for table `store_callback_req`
--

CREATE TABLE `store_callback_req` (
  `callback_req_id` int NOT NULL,
  `store_name` varchar(255) CHARACTER SET utf8mb3 COLLATE utf8mb3_unicode_ci NOT NULL,
  `store_phone` varchar(255) CHARACTER SET utf8mb3 COLLATE utf8mb3_unicode_ci NOT NULL,
  `processed` int NOT NULL DEFAULT '0',
  `date` date NOT NULL,
  `store_id` int NOT NULL
) ENGINE=InnoDB DEFAULT CHARSET=utf8mb3 COLLATE=utf8mb3_unicode_ci;

-- --------------------------------------------------------

--
-- Table structure for table `store_doc`
--

CREATE TABLE `store_doc` (
  `doc_id` int NOT NULL,
  `store_id` int NOT NULL,
  `document` varchar(255) CHARACTER SET utf8mb4 COLLATE utf8mb4_unicode_ci NOT NULL
) ENGINE=InnoDB DEFAULT CHARSET=utf8mb4 COLLATE=utf8mb4_unicode_ci;

-- --------------------------------------------------------

--
-- Table structure for table `store_driver_incentive`
--

CREATE TABLE `store_driver_incentive` (
  `id` int NOT NULL,
  `incentive` varchar(255) CHARACTER SET utf8mb4 COLLATE utf8mb4_unicode_ci NOT NULL,
  `store_id` int NOT NULL
) ENGINE=InnoDB DEFAULT CHARSET=utf8mb4 COLLATE=utf8mb4_unicode_ci;

-- --------------------------------------------------------

--
-- Table structure for table `store_earning`
--

CREATE TABLE `store_earning` (
  `id` int NOT NULL,
  `store_id` int NOT NULL,
  `paid` float NOT NULL
) ENGINE=InnoDB DEFAULT CHARSET=utf8mb4 COLLATE=utf8mb4_unicode_ci;

-- --------------------------------------------------------

--
-- Table structure for table `store_homecat`
--

CREATE TABLE `store_homecat` (
  `homecat_id` int NOT NULL,
  `homecat_name` varchar(500) CHARACTER SET utf8mb4 COLLATE utf8mb4_unicode_ci NOT NULL,
  `order` varchar(200) CHARACTER SET utf8mb4 COLLATE utf8mb4_unicode_ci NOT NULL,
  `homecat_status` varchar(200) CHARACTER SET utf8mb4 COLLATE utf8mb4_unicode_ci NOT NULL,
  `store_id` int NOT NULL
) ENGINE=InnoDB DEFAULT CHARSET=utf8mb4 COLLATE=utf8mb4_unicode_ci;

-- --------------------------------------------------------

--
-- Table structure for table `store_notification`
--

CREATE TABLE `store_notification` (
  `not_id` int NOT NULL,
  `not_title` varchar(255) CHARACTER SET utf8mb4 COLLATE utf8mb4_unicode_ci NOT NULL,
  `image` varchar(255) CHARACTER SET utf8mb4 COLLATE utf8mb4_unicode_ci DEFAULT NULL,
  `not_message` longtext CHARACTER SET utf8mb4 COLLATE utf8mb4_unicode_ci NOT NULL,
  `store_id` int NOT NULL,
  `read_by_store` int NOT NULL DEFAULT '0',
  `created_at` datetime DEFAULT CURRENT_TIMESTAMP
) ENGINE=InnoDB DEFAULT CHARSET=utf8mb4 COLLATE=utf8mb4_unicode_ci;

-- --------------------------------------------------------

--
-- Table structure for table `store_orders`
--

CREATE TABLE `store_orders` (
  `store_order_id` int NOT NULL,
  `product_name` varchar(255) CHARACTER SET utf8mb4 COLLATE utf8mb4_unicode_ci NOT NULL,
  `varient_image` varchar(255) CHARACTER SET utf8mb4 COLLATE utf8mb4_unicode_ci NOT NULL,
  `quantity` float NOT NULL,
  `unit` varchar(255) CHARACTER SET utf8mb4 COLLATE utf8mb4_unicode_ci NOT NULL,
  `varient_id` int NOT NULL,
  `qty` int NOT NULL,
  `price` float NOT NULL,
  `total_mrp` float NOT NULL,
  `order_cart_id` varchar(255) CHARACTER SET utf8mb4 COLLATE utf8mb4_unicode_ci NOT NULL,
  `order_date` datetime NOT NULL,
  `store_approval` int NOT NULL DEFAULT '1',
  `store_id` int NOT NULL,
  `description` longtext CHARACTER SET utf8mb4 COLLATE utf8mb4_unicode_ci NOT NULL,
  `tx_per` int DEFAULT NULL,
  `price_without_tax` float DEFAULT NULL,
  `tx_price` float DEFAULT NULL,
  `tx_name` varchar(255) CHARACTER SET utf8mb4 COLLATE utf8mb4_unicode_ci DEFAULT NULL,
  `type` varchar(255) CHARACTER SET utf8mb4 COLLATE utf8mb4_unicode_ci NOT NULL DEFAULT 'Regular'
) ENGINE=InnoDB DEFAULT CHARSET=utf8mb4 COLLATE=utf8mb4_unicode_ci;

--
-- Dumping data for table `store_orders`
--

INSERT INTO `store_orders` (`store_order_id`, `product_name`, `varient_image`, `quantity`, `unit`, `varient_id`, `qty`, `price`, `total_mrp`, `order_cart_id`, `order_date`, `store_approval`, `store_id`, `description`, `tx_per`, `price_without_tax`, `tx_price`, `tx_name`, `type`) VALUES
(1, 'Blush Pink Cotton Stretch Cropped Leggings', 'products/Z6cilFSpRtsugSXcrHCeuSdKIllb1HvDQzjJSJI3.png', 6, '', 4, 6, 400, 500, '7EF2E5', '2025-04-19 17:45:55', 1, 1, 'Blush Pink Cotton Stretch Cropped Leggings', NULL, NULL, NULL, NULL, 'Regular'),
(2, 'Silver Nylon Stretch Shimmer Leggings', 'products/hHeX9rjO7I869SngQJBLdp90X3FBmvURm5yxAwVx.png', 4, '', 2, 4, 520, 600, '7EF2E5', '2025-04-19 17:45:55', 1, 1, 'Silver Nylon Stretch Shimmer Leggings', NULL, NULL, NULL, NULL, 'Regular'),
(3, 'White Cotton Stretch Ankle Length Leggings', 'products/xT99EdhZUuw6Mq7SXhr0vOxoIoDSM1y7xdW7faHe.png', 6, '', 1, 6, 200, 300, '7EF2E5', '2025-04-19 17:45:55', 1, 1, 'White Cotton Stretch Ankle Length Leggings', NULL, NULL, NULL, NULL, 'Regular'),
(4, 'White Cotton Stretch Ankle Length Leggings', 'products/xT99EdhZUuw6Mq7SXhr0vOxoIoDSM1y7xdW7faHe.png', 2, '', 1, 2, 200, 300, '02F6E3', '2025-04-19 17:49:31', 1, 1, 'White Cotton Stretch Ankle Length Leggings', NULL, NULL, NULL, NULL, 'Regular'),
(5, 'Navy Ponte Smart Fit Leggings', 'products/An9gFjQ4oG45MfwszgQAcs0MsHHpG33E0cdqyA8j.png', 3, '', 10, 3, 400, 500, '69B99D', '2025-04-19 17:51:55', 1, 1, 'Navy Ponte Smart Fit Leggings', NULL, NULL, NULL, NULL, 'Regular'),
(6, 'Blush Pink Cotton Stretch Cropped Leggings', 'products/Z6cilFSpRtsugSXcrHCeuSdKIllb1HvDQzjJSJI3.png', 5, '', 4, 5, 400, 500, '69B99D', '2025-04-19 17:51:55', 1, 1, 'Blush Pink Cotton Stretch Cropped Leggings', NULL, NULL, NULL, NULL, 'Regular'),
(7, 'Blush Pink Cotton Stretch Cropped Leggings', 'products/Z6cilFSpRtsugSXcrHCeuSdKIllb1HvDQzjJSJI3.png', 6, '', 5, 6, 800, 900, 'D4501B', '2025-04-19 17:54:49', 1, 1, 'Blush Pink Cotton Stretch Cropped Leggings', NULL, NULL, NULL, NULL, 'Regular'),
(8, 'Silver Nylon Stretch Shimmer Leggings', 'products/hHeX9rjO7I869SngQJBLdp90X3FBmvURm5yxAwVx.png', 1, '', 2, 1, 520, 600, '9D1952', '2025-04-19 17:59:13', 1, 1, 'Silver Nylon Stretch Shimmer Leggings', NULL, NULL, NULL, NULL, 'Regular'),
(9, 'Blush Pink Cotton Stretch Cropped Leggings', 'products/Z6cilFSpRtsugSXcrHCeuSdKIllb1HvDQzjJSJI3.png', 6, '', 4, 6, 400, 500, 'B5E0A0', '2025-04-19 18:30:07', 1, 1, 'Blush Pink Cotton Stretch Cropped Leggings', NULL, NULL, NULL, NULL, 'Regular'),
(10, 'Navy Ponte Smart Fit Leggings', 'products/An9gFjQ4oG45MfwszgQAcs0MsHHpG33E0cdqyA8j.png', 1, '', 10, 1, 400, 500, 'CB4189', '2025-04-19 19:28:07', 1, 1, 'Navy Ponte Smart Fit Leggings', NULL, NULL, NULL, NULL, 'Regular'),
(11, 'Silver Nylon Stretch Shimmer Leggings', 'products/hHeX9rjO7I869SngQJBLdp90X3FBmvURm5yxAwVx.png', 5, '', 2, 5, 520, 600, 'CB4189', '2025-04-19 19:28:07', 1, 1, 'Silver Nylon Stretch Shimmer Leggings', NULL, NULL, NULL, NULL, 'Regular'),
(12, 'Blush Pink Cotton Stretch Cropped Leggings', 'products/Z6cilFSpRtsugSXcrHCeuSdKIllb1HvDQzjJSJI3.png', 7, '', 4, 7, 400, 500, 'CB4189', '2025-04-19 19:28:07', 1, 1, 'Blush Pink Cotton Stretch Cropped Leggings', NULL, NULL, NULL, NULL, 'Regular'),
(13, 'White Cotton Stretch Ankle Length Leggings', 'products/xT99EdhZUuw6Mq7SXhr0vOxoIoDSM1y7xdW7faHe.png', 10, '', 1, 10, 200, 300, '744B22', '2025-04-21 10:09:44', 1, 1, 'White Cotton Stretch Ankle Length Leggings', NULL, NULL, NULL, NULL, 'Regular'),
(14, 'White Cotton Stretch Ankle Length Leggings', 'products/xT99EdhZUuw6Mq7SXhr0vOxoIoDSM1y7xdW7faHe.png', 10, '', 13, 10, 750, 820, '744B22', '2025-04-21 10:09:44', 1, 1, 'White Cotton Stretch Ankle Length Leggings', NULL, NULL, NULL, NULL, 'Regular'),
(15, 'Blush Pink Cotton Stretch Cropped Leggings', 'products/Z6cilFSpRtsugSXcrHCeuSdKIllb1HvDQzjJSJI3.png', 2, '', 5, 2, 800, 900, 'F30C0E', '2025-04-21 15:00:56', 1, 1, 'Blush Pink Cotton Stretch Cropped Leggings', NULL, NULL, NULL, NULL, 'Regular'),
(16, 'Blush Pink Cotton Stretch Cropped Leggings', 'products/Z6cilFSpRtsugSXcrHCeuSdKIllb1HvDQzjJSJI3.png', 1, '', 3, 1, 300, 400, 'F30C0E', '2025-04-21 15:00:56', 1, 1, 'Blush Pink Cotton Stretch Cropped Leggings', NULL, NULL, NULL, NULL, 'Regular'),
(17, 'White Cotton Stretch Ankle Length Leggings', 'products/xT99EdhZUuw6Mq7SXhr0vOxoIoDSM1y7xdW7faHe.png', 3, '', 13, 3, 750, 820, 'F30C0E', '2025-04-21 15:00:56', 1, 1, 'White Cotton Stretch Ankle Length Leggings', NULL, NULL, NULL, NULL, 'Regular'),
(18, 'Blush Pink Cotton Stretch Cropped Leggings', 'products/Z6cilFSpRtsugSXcrHCeuSdKIllb1HvDQzjJSJI3.png', 1, '', 3, 1, 300, 400, '1C975D', '2025-04-21 17:22:51', 1, 1, 'Blush Pink Cotton Stretch Cropped Leggings', NULL, NULL, NULL, NULL, 'Regular'),
(19, 'Blush Pink Cotton Stretch Cropped Leggings', 'products/Z6cilFSpRtsugSXcrHCeuSdKIllb1HvDQzjJSJI3.png', 2, '', 5, 2, 800, 900, '1C975D', '2025-04-21 17:22:51', 1, 1, 'Blush Pink Cotton Stretch Cropped Leggings', NULL, NULL, NULL, NULL, 'Regular'),
(20, 'Blush Pink Cotton Stretch Cropped Leggings', 'products/Z6cilFSpRtsugSXcrHCeuSdKIllb1HvDQzjJSJI3.png', 2, '', 4, 2, 400, 500, '4B6A2A', '2025-04-21 19:05:12', 1, 1, 'Blush Pink Cotton Stretch Cropped Leggings', NULL, NULL, NULL, NULL, 'Regular'),
(21, 'Blush Pink Cotton Stretch Cropped Leggings', 'products/Z6cilFSpRtsugSXcrHCeuSdKIllb1HvDQzjJSJI3.png', 1, '', 3, 1, 300, 400, 'A01822', '2025-04-22 12:32:20', 1, 1, 'Blush Pink Cotton Stretch Cropped Leggings', NULL, NULL, NULL, NULL, 'Regular'),
(22, 'White Cotton Stretch Ankle Length Leggings', 'products/xT99EdhZUuw6Mq7SXhr0vOxoIoDSM1y7xdW7faHe.png', 1, '', 1, 1, 200, 300, '0BEE02', '2025-04-22 14:07:12', 1, 1, 'White Cotton Stretch Ankle Length Leggings', NULL, NULL, NULL, NULL, 'Regular'),
(23, 'Rose Cotton Stretch Ankle Length Leggings', 'variations/WecpdmI5bmuq2qmBEu2YeORFn3YvY3oZVOSsJMNs.png', 1, '', 16, 1, 400, 500, '0BEE02', '2025-04-22 14:07:12', 1, 1, 'fgfgfgfg', NULL, NULL, NULL, NULL, 'Regular'),
(24, 'Navy Ponte Smart Fit Leggings', 'products/An9gFjQ4oG45MfwszgQAcs0MsHHpG33E0cdqyA8j.png', 1, '', 10, 1, 400, 500, '7CADAD', '2025-04-22 14:19:45', 1, 1, 'Navy Ponte Smart Fit Leggings', NULL, NULL, NULL, NULL, 'Regular'),
(25, 'Blush Pink Cotton Stretch Cropped Leggings', 'products/Z6cilFSpRtsugSXcrHCeuSdKIllb1HvDQzjJSJI3.png', 4, '', 4, 4, 400, 500, 'A9A8AF', '2025-04-22 15:14:56', 1, 1, 'Blush Pink Cotton Stretch Cropped Leggings', NULL, NULL, NULL, NULL, 'Regular'),
(26, 'White Cotton Stretch Ankle Length Leggings', 'products/xT99EdhZUuw6Mq7SXhr0vOxoIoDSM1y7xdW7faHe.png', 5, '', 1, 5, 200, 300, '98FE87', '2025-04-22 15:27:10', 1, 1, 'White Cotton Stretch Ankle Length Leggings', NULL, NULL, NULL, NULL, 'Regular'),
(27, 'Silver Nylon Stretch Shimmer Leggings', 'products/hHeX9rjO7I869SngQJBLdp90X3FBmvURm5yxAwVx.png', 1, '', 2, 1, 520, 600, '98FE87', '2025-04-22 15:27:10', 1, 1, 'Silver Nylon Stretch Shimmer Leggings', NULL, NULL, NULL, NULL, 'Regular'),
(28, 'White Cotton Stretch Ankle Length Leggings', 'products/xT99EdhZUuw6Mq7SXhr0vOxoIoDSM1y7xdW7faHe.png', 4, '', 1, 4, 200, 300, 'DB0E1E', '2025-04-22 15:31:01', 1, 1, 'White Cotton Stretch Ankle Length Leggings', NULL, NULL, NULL, NULL, 'Regular'),
(29, 'Blush Pink Cotton Stretch Cropped Leggings', 'products/Z6cilFSpRtsugSXcrHCeuSdKIllb1HvDQzjJSJI3.png', 1, '', 3, 1, 300, 400, '4BA97F', '2025-04-22 15:34:36', 1, 1, 'Blush Pink Cotton Stretch Cropped Leggings', NULL, NULL, NULL, NULL, 'Regular'),
(30, 'White Cotton Stretch Ankle Length Leggings', 'products/xT99EdhZUuw6Mq7SXhr0vOxoIoDSM1y7xdW7faHe.png', 7, '', 13, 7, 750, 820, 'CFFC92', '2025-04-22 15:38:58', 1, 1, 'White Cotton Stretch Ankle Length Leggings', NULL, NULL, NULL, NULL, 'Regular'),
(31, 'White Cotton Stretch Ankle Length Leggings', 'products/xT99EdhZUuw6Mq7SXhr0vOxoIoDSM1y7xdW7faHe.png', 6, '', 13, 6, 750, 820, '311443', '2025-04-22 15:40:49', 1, 1, 'White Cotton Stretch Ankle Length Leggings', NULL, NULL, NULL, NULL, 'Regular'),
(32, 'White Cotton Stretch Ankle Length Leggings', 'products/xT99EdhZUuw6Mq7SXhr0vOxoIoDSM1y7xdW7faHe.png', 5, '', 13, 5, 750, 820, '811956', '2025-04-22 15:45:26', 1, 1, 'White Cotton Stretch Ankle Length Leggings', NULL, NULL, NULL, NULL, 'Regular'),
(33, 'Blush Pink Cotton Stretch Cropped Leggings', 'products/Z6cilFSpRtsugSXcrHCeuSdKIllb1HvDQzjJSJI3.png', 4, '', 3, 4, 300, 400, '40D5DF', '2025-04-23 10:02:53', 1, 1, 'Blush Pink Cotton Stretch Cropped Leggings', NULL, NULL, NULL, NULL, 'Regular'),
(34, 'Blush Pink Cotton Stretch Cropped Leggings', 'products/Z6cilFSpRtsugSXcrHCeuSdKIllb1HvDQzjJSJI3.png', 4, '', 4, 4, 400, 500, '40D5DF', '2025-04-23 10:02:53', 1, 1, 'Blush Pink Cotton Stretch Cropped Leggings', NULL, NULL, NULL, NULL, 'Regular'),
(35, 'Navy Ponte Smart Fit Leggings', 'products/An9gFjQ4oG45MfwszgQAcs0MsHHpG33E0cdqyA8j.png', 1, '', 6, 1, 650, 800, '40D5DF', '2025-04-23 10:02:53', 1, 1, 'Navy Ponte Smart Fit Leggings', NULL, NULL, NULL, NULL, 'Regular'),
(36, 'Silver Nylon Stretch Shimmer Leggings', 'products/hHeX9rjO7I869SngQJBLdp90X3FBmvURm5yxAwVx.png', 1, '', 2, 1, 520, 600, 'CBF5C5', '2025-04-23 11:22:19', 1, 1, 'Silver Nylon Stretch Shimmer Leggings', NULL, NULL, NULL, NULL, 'Regular'),
(37, 'Rose Cotton Stretch Ankle Length Leggings', 'variations/WecpdmI5bmuq2qmBEu2YeORFn3YvY3oZVOSsJMNs.png', 5, '', 16, 5, 400, 500, 'CBF5C5', '2025-04-23 11:22:19', 1, 1, 'fgfgfgfg', NULL, NULL, NULL, NULL, 'Regular'),
(38, 'Navy Ponte Smart Fit Leggings', 'products/An9gFjQ4oG45MfwszgQAcs0MsHHpG33E0cdqyA8j.png', 1, '', 6, 1, 650, 800, 'CBF5C5', '2025-04-23 11:22:19', 1, 1, 'Navy Ponte Smart Fit Leggings', NULL, NULL, NULL, NULL, 'Regular'),
(39, 'Silver Nylon Stretch Shimmer Leggings', 'products/hHeX9rjO7I869SngQJBLdp90X3FBmvURm5yxAwVx.png', 3, '', 2, 3, 520, 600, 'EF5F8C', '2025-04-23 13:23:53', 1, 1, 'Silver Nylon Stretch Shimmer Leggings', NULL, NULL, NULL, NULL, 'Regular'),
(40, 'Blush Pink Cotton Stretch Cropped Leggings', 'products/Z6cilFSpRtsugSXcrHCeuSdKIllb1HvDQzjJSJI3.png', 6, '', 5, 6, 800, 900, '5C4E4F', '2025-04-24 11:28:49', 1, 1, 'Blush Pink Cotton Stretch Cropped Leggings', NULL, NULL, NULL, NULL, 'Regular'),
(41, 'Rose Cotton Stretch Ankle Length Leggings', 'variations/WecpdmI5bmuq2qmBEu2YeORFn3YvY3oZVOSsJMNs.png', 1, '', 16, 1, 400, 500, '5C4E4F', '2025-04-24 11:28:49', 1, 1, 'fgfgfgfg', NULL, NULL, NULL, NULL, 'Regular'),
(42, 'White Cotton Stretch Ankle Length Leggings', 'products/xT99EdhZUuw6Mq7SXhr0vOxoIoDSM1y7xdW7faHe.png', 2, '', 1, 2, 200, 300, '031FDB', '2025-04-24 12:16:17', 1, 1, 'White Cotton Stretch Ankle Length Leggings', NULL, NULL, NULL, NULL, 'Regular'),
(43, 'White Cotton Stretch Ankle Length Leggings', 'products/xT99EdhZUuw6Mq7SXhr0vOxoIoDSM1y7xdW7faHe.png', 10, '', 11, 10, 400, 500, 'C5A68F', '2025-04-24 13:56:03', 1, 1, 'White Cotton Stretch Ankle Length Leggings', NULL, NULL, NULL, NULL, 'Regular'),
(44, 'White Cotton Stretch Ankle Length Leggings', 'products/xT99EdhZUuw6Mq7SXhr0vOxoIoDSM1y7xdW7faHe.png', 8, '', 13, 8, 750, 820, 'C5A68F', '2025-04-24 13:56:03', 1, 1, 'White Cotton Stretch Ankle Length Leggings', NULL, NULL, NULL, NULL, 'Regular'),
(45, 'Navy Ponte Smart Fit Leggings', 'products/An9gFjQ4oG45MfwszgQAcs0MsHHpG33E0cdqyA8j.png', 1, '', 14, 1, 600, 700, 'B7E2A3', '2025-04-24 14:13:52', 1, 1, 'Navy Ponte Smart Fit Leggings', NULL, NULL, NULL, NULL, 'Regular'),
(46, 'Rose Cotton Stretch Ankle Length Leggings', 'variations/WecpdmI5bmuq2qmBEu2YeORFn3YvY3oZVOSsJMNs.png', 1, '', 16, 1, 400, 500, 'B7E2A3', '2025-04-24 14:13:52', 1, 1, 'fgfgfgfg', NULL, NULL, NULL, NULL, 'Regular'),
(47, 'White Cotton Stretch Ankle Length Leggings', 'products/xT99EdhZUuw6Mq7SXhr0vOxoIoDSM1y7xdW7faHe.png', 1, '', 1, 1, 200, 300, '6BBAB7', '2025-04-24 17:35:06', 1, 1, 'White Cotton Stretch Ankle Length Leggings', NULL, NULL, NULL, NULL, 'Regular'),
(48, 'White Cotton Stretch Ankle Length Leggings', 'products/xT99EdhZUuw6Mq7SXhr0vOxoIoDSM1y7xdW7faHe.png', 10, '', 13, 10, 750, 820, '6BBAB7', '2025-04-24 17:35:06', 1, 1, 'White Cotton Stretch Ankle Length Leggings', NULL, NULL, NULL, NULL, 'Regular'),
(49, 'Rose Cotton Stretch Ankle Length Leggings', 'variations/WecpdmI5bmuq2qmBEu2YeORFn3YvY3oZVOSsJMNs.png', 1, '', 16, 1, 400, 500, 'E92F06', '2025-04-24 18:21:29', 1, 1, 'fgfgfgfg', NULL, NULL, NULL, NULL, 'Regular'),
(50, 'White Cotton Stretch Ankle Length Leggings', 'products/xT99EdhZUuw6Mq7SXhr0vOxoIoDSM1y7xdW7faHe.png', 1, '', 1, 1, 200, 300, '9F7CA9', '2025-04-24 18:24:26', 1, 1, 'White Cotton Stretch Ankle Length Leggings', NULL, NULL, NULL, NULL, 'Regular'),
(51, 'Navy Ponte Smart Fit Leggings', 'products/An9gFjQ4oG45MfwszgQAcs0MsHHpG33E0cdqyA8j.png', 1, '', 6, 1, 650, 800, '14BA5B', '2025-04-24 18:31:35', 1, 1, 'Navy Ponte Smart Fit Leggings', NULL, NULL, NULL, NULL, 'Regular'),
(52, 'Silver Nylon Stretch Shimmer Leggings', 'products/hHeX9rjO7I869SngQJBLdp90X3FBmvURm5yxAwVx.png', 1, '', 2, 1, 520, 600, '85E8F7', '2025-04-25 16:01:23', 1, 1, 'Silver Nylon Stretch Shimmer Leggings', NULL, NULL, NULL, NULL, 'Regular'),
(53, 'Blush Pink Cotton Stretch Cropped Leggings', 'products/Z6cilFSpRtsugSXcrHCeuSdKIllb1HvDQzjJSJI3.png', 1, '', 3, 1, 300, 400, 'F4EFF3', '2025-04-28 10:04:32', 1, 1, 'Blush Pink Cotton Stretch Cropped Leggings', NULL, NULL, NULL, NULL, 'Regular'),
(54, 'White Cotton Stretch Ankle Length Leggings', 'products/xT99EdhZUuw6Mq7SXhr0vOxoIoDSM1y7xdW7faHe.png', 1, '', 1, 1, 200, 300, 'C168E4', '2025-04-28 10:45:37', 1, 1, 'White Cotton Stretch Ankle Length Leggings', NULL, NULL, NULL, NULL, 'Regular'),
(55, 'White Cotton Stretch Ankle Length Leggings', 'products/xT99EdhZUuw6Mq7SXhr0vOxoIoDSM1y7xdW7faHe.png', 1, '', 1, 1, 200, 300, 'BF16EC', '2025-04-28 11:18:13', 1, 1, 'White Cotton Stretch Ankle Length Leggings', NULL, NULL, NULL, NULL, 'Regular'),
(56, 'Silver Nylon Stretch Shimmer Leggings', 'products/hHeX9rjO7I869SngQJBLdp90X3FBmvURm5yxAwVx.png', 1, '', 2, 1, 520, 600, '3980C9', '2025-04-28 11:18:55', 1, 1, 'Silver Nylon Stretch Shimmer Leggings', NULL, NULL, NULL, NULL, 'Regular'),
(57, 'Silver Nylon Stretch Shimmer Leggings', 'products/hHeX9rjO7I869SngQJBLdp90X3FBmvURm5yxAwVx.png', 1, '', 2, 1, 520, 600, '389DB2', '2025-04-28 11:29:21', 1, 1, 'Silver Nylon Stretch Shimmer Leggings', NULL, NULL, NULL, NULL, 'Regular'),
(58, 'Blush Pink Cotton Stretch Cropped Leggings', 'products/Z6cilFSpRtsugSXcrHCeuSdKIllb1HvDQzjJSJI3.png', 1, '', 3, 1, 300, 400, '5D235D', '2025-04-28 13:14:03', 1, 1, 'Blush Pink Cotton Stretch Cropped Leggings', NULL, NULL, NULL, NULL, 'Regular'),
(59, 'White Cotton Stretch Ankle Length Leggings', 'products/xT99EdhZUuw6Mq7SXhr0vOxoIoDSM1y7xdW7faHe.png', 1, '', 11, 1, 400, 500, '5D235D', '2025-04-28 13:14:03', 1, 1, 'White Cotton Stretch Ankle Length Leggings', NULL, NULL, NULL, NULL, 'Regular'),
(60, 'White Cotton Stretch Ankle Length Leggings', 'products/xT99EdhZUuw6Mq7SXhr0vOxoIoDSM1y7xdW7faHe.png', 1, '', 1, 1, 200, 300, '4D575C', '2025-04-28 13:17:21', 1, 1, 'White Cotton Stretch Ankle Length Leggings', NULL, NULL, NULL, NULL, 'Regular'),
(61, 'White Cotton Stretch Ankle Length Leggings', 'products/xT99EdhZUuw6Mq7SXhr0vOxoIoDSM1y7xdW7faHe.png', 1, '', 1, 1, 200, 300, 'D75EB0', '2025-04-28 13:19:28', 1, 1, 'White Cotton Stretch Ankle Length Leggings', NULL, NULL, NULL, NULL, 'Regular'),
(62, 'Blush Pink Cotton Stretch Cropped Leggings', 'products/Z6cilFSpRtsugSXcrHCeuSdKIllb1HvDQzjJSJI3.png', 1, '', 3, 1, 300, 400, '69180A', '2025-04-28 16:24:44', 1, 1, 'Blush Pink Cotton Stretch Cropped Leggings', NULL, NULL, NULL, NULL, 'Regular'),
(63, 'White Cotton Stretch Ankle Length Leggings', 'products/xT99EdhZUuw6Mq7SXhr0vOxoIoDSM1y7xdW7faHe.png', 5, '', 11, 5, 400, 500, '69180A', '2025-04-28 16:24:44', 1, 1, 'White Cotton Stretch Ankle Length Leggings', NULL, NULL, NULL, NULL, 'Regular'),
(64, 'Coord Set', 'products/q8TdnCPLtuM0mBRaajLqrlkUcZbdjYh7jTyzmQis.webp', 1, '', 19, 1, 300, 450, '68C489', '2025-05-05 12:10:07', 1, 1, 'Coord Set', NULL, NULL, NULL, NULL, 'Regular'),
(65, 'Coord Set', 'products/q8TdnCPLtuM0mBRaajLqrlkUcZbdjYh7jTyzmQis.webp', 1, '', 22, 1, 350, 500, 'EBFCEE', '2025-05-05 12:50:51', 1, 1, 'Coord Set', NULL, NULL, NULL, NULL, 'Regular'),
(66, 'Coord Set', 'products/q8TdnCPLtuM0mBRaajLqrlkUcZbdjYh7jTyzmQis.webp', 1, '', 19, 1, 300, 450, '5A176B', '2025-05-12 18:05:02', 1, 1, 'Coord Set', NULL, NULL, NULL, NULL, 'Regular'),
(67, 'Coord Set', 'products/3UdnVMK6TjN5S03m60oE18pCCYQkxNeViyjzHKpC.jpg', 2, '', 19, 2, 300, 450, '6935D5', '2025-06-11 16:53:34', 1, 1, 'Product Information\r\nLorem ipsum dolor sit amet, consectetuer adipiscing elit. Donec odio. Quisque volutpat mattis eros. Nullam malesuada erat ut turpis. Suspendisse urna viverra non, semper suscipit, posuere a, pede. Donec nec justo eget felis facilisis fermentum. Aliquam porttitor mauris sit amet orci. Aenean dignissim pellentesque felis. Phasellus ultrices nulla quis nibh. Quisque a lectus. Donec consectetuer ligula vulputate sem tristique cursus.\r\n\r\nNunc nec porttitor turpis. In eu risus enim. In vitae mollis elit.\r\nVivamus finibus vel mauris ut vehicula.\r\nNullam a magna porttitor, dictum risus nec, faucibus sapien.\r\nLorem ipsum dolor sit amet, consectetuer adipiscing elit. Donec odio. Quisque volutpat mattis eros. Nullam malesuada erat ut turpis. Suspendisse urna viverra non, semper suscipit, posuere a, pede. Donec nec justo eget felis facilisis fermentum. Aliquam porttitor mauris sit amet orci. Aenean dignissim pellentesque felis. Phasellus ultrices nulla quis nibh. Quisque a lectus. Donec consectetuer ligula vulputate sem tristique cursus.', NULL, NULL, NULL, NULL, 'Regular'),
(68, 'Rose Cotton Stretch Ankle Length Leggings', 'products/c6a1EuCQP7BBPtUQ2Kq4LWq6kDdP9wnVADY0LBOB.jpg', 1, '', 16, 1, 400, 500, '6935D5', '2025-06-11 16:53:34', 1, 1, 'fgfgfgfg', NULL, NULL, NULL, NULL, 'Regular'),
(69, 'Test Product', 'products/uRod02Xm5XGilOOoId9ybr650LBqGisdPTo6glff.jpg', 1, '', 24, 1, 2500, 2999, '635AA5', '2025-06-11 16:54:16', 1, 1, 'Test', NULL, NULL, NULL, NULL, 'Regular'),
(70, 'Dark yellow lace cut out swing dress', 'products/UqktKsQqMF6v3w6cXRrr65AAT6TtIjXX7cqSPcwa.jpg', 1, '', 18, 1, 250, 5000, '8A3A66', '2025-06-13 12:02:45', 1, 1, 'Tunics', NULL, NULL, NULL, NULL, 'Regular'),
(71, 'Coord Set', 'products/3UdnVMK6TjN5S03m60oE18pCCYQkxNeViyjzHKpC.jpg', 1, '', 19, 1, 300, 450, '8A3A66', '2025-06-13 12:02:45', 1, 1, 'Product Information\r\nLorem ipsum dolor sit amet, consectetuer adipiscing elit. Donec odio. Quisque volutpat mattis eros. Nullam malesuada erat ut turpis. Suspendisse urna viverra non, semper suscipit, posuere a, pede. Donec nec justo eget felis facilisis fermentum. Aliquam porttitor mauris sit amet orci. Aenean dignissim pellentesque felis. Phasellus ultrices nulla quis nibh. Quisque a lectus. Donec consectetuer ligula vulputate sem tristique cursus.\r\n\r\nNunc nec porttitor turpis. In eu risus enim. In vitae mollis elit.\r\nVivamus finibus vel mauris ut vehicula.\r\nNullam a magna porttitor, dictum risus nec, faucibus sapien.\r\nLorem ipsum dolor sit amet, consectetuer adipiscing elit. Donec odio. Quisque volutpat mattis eros. Nullam malesuada erat ut turpis. Suspendisse urna viverra non, semper suscipit, posuere a, pede. Donec nec justo eget felis facilisis fermentum. Aliquam porttitor mauris sit amet orci. Aenean dignissim pellentesque felis. Phasellus ultrices nulla quis nibh. Quisque a lectus. Donec consectetuer ligula vulputate sem tristique cursus.', NULL, NULL, NULL, NULL, 'Regular'),
(72, 'Rose Cotton Stretch Ankle Length Leggings', 'products/c6a1EuCQP7BBPtUQ2Kq4LWq6kDdP9wnVADY0LBOB.jpg', 2, '', 16, 2, 400, 500, '8A3A66', '2025-06-13 12:02:45', 1, 1, 'fgfgfgfg', NULL, NULL, NULL, NULL, 'Regular'),
(73, 'Rose Cotton Stretch Ankle Length Leggings', 'products/c6a1EuCQP7BBPtUQ2Kq4LWq6kDdP9wnVADY0LBOB.jpg', 1, '', 16, 1, 400, 500, '6AB7B1', '2025-06-13 16:08:12', 1, 1, 'fgfgfgfg', NULL, NULL, NULL, NULL, 'Regular'),
(74, 'Dark yellow lace cut out swing dress', 'products/UqktKsQqMF6v3w6cXRrr65AAT6TtIjXX7cqSPcwa.jpg', 2, '', 18, 2, 250, 5000, 'CD03D3', '2025-06-13 17:04:36', 1, 1, 'Tunics', NULL, NULL, NULL, NULL, 'Regular'),
(75, 'Rose Cotton Stretch Ankle Length Leggings', 'products/c6a1EuCQP7BBPtUQ2Kq4LWq6kDdP9wnVADY0LBOB.jpg', 1, '', 23, 1, 200, 300, 'CD03D3', '2025-06-13 17:04:36', 1, 1, 'fgfgfgfg', NULL, NULL, NULL, NULL, 'Regular'),
(76, 'Silver Nylon Stretch Shimmer Leggings', 'products/hHeX9rjO7I869SngQJBLdp90X3FBmvURm5yxAwVx.png', 1, '', 2, 1, 520, 600, '2BB3B2', '2025-06-16 11:22:27', 1, 1, 'Silver Nylon Stretch Shimmer Leggings', NULL, NULL, NULL, NULL, 'Regular'),
(77, 'Rose Cotton Stretch Ankle Length Leggings', 'products/c6a1EuCQP7BBPtUQ2Kq4LWq6kDdP9wnVADY0LBOB.jpg', 1, '', 16, 1, 400, 500, '2BB3B2', '2025-06-16 11:22:27', 1, 1, 'fgfgfgfg', NULL, NULL, NULL, NULL, 'Regular'),
(78, 'Navy Ponte Smart Fit Leggings', 'products/aKp5JxDrd0L2oxcTTbSQpZFRfQFFdqesPXPgs8rm.jpg', 1, '', 6, 1, 650, 800, '2BB3B2', '2025-06-16 11:22:27', 1, 1, 'Navy Ponte Smart Fit Leggings', NULL, NULL, NULL, NULL, 'Regular'),
(79, 'Navy Ponte Smart Fit Leggings', 'products/aKp5JxDrd0L2oxcTTbSQpZFRfQFFdqesPXPgs8rm.jpg', 1, '', 6, 1, 650, 800, '322B98', '2025-06-16 18:34:55', 1, 1, 'Navy Ponte Smart Fit Leggings', NULL, NULL, NULL, NULL, 'Regular'),
(80, 'Silver Nylon Stretch Shimmer Leggings', 'products/hHeX9rjO7I869SngQJBLdp90X3FBmvURm5yxAwVx.png', 1, '', 2, 1, 520, 600, '322B98', '2025-06-16 18:34:55', 1, 1, 'Silver Nylon Stretch Shimmer Leggings', NULL, NULL, NULL, NULL, 'Regular'),
(81, 'Rose Cotton Stretch Ankle Length Leggings', 'products/c6a1EuCQP7BBPtUQ2Kq4LWq6kDdP9wnVADY0LBOB.jpg', 2, '', 16, 2, 400, 500, 'C7A541', '2025-06-16 18:35:48', 1, 1, 'fgfgfgfg', NULL, NULL, NULL, NULL, 'Regular'),
(82, 'Coord Set', 'products/3UdnVMK6TjN5S03m60oE18pCCYQkxNeViyjzHKpC.jpg', 1, '', 19, 1, 300, 450, 'B664FA', '2025-06-16 18:38:04', 1, 1, 'Product Information\r\nLorem ipsum dolor sit amet, consectetuer adipiscing elit. Donec odio. Quisque volutpat mattis eros. Nullam malesuada erat ut turpis. Suspendisse urna viverra non, semper suscipit, posuere a, pede. Donec nec justo eget felis facilisis fermentum. Aliquam porttitor mauris sit amet orci. Aenean dignissim pellentesque felis. Phasellus ultrices nulla quis nibh. Quisque a lectus. Donec consectetuer ligula vulputate sem tristique cursus.\r\n\r\nNunc nec porttitor turpis. In eu risus enim. In vitae mollis elit.\r\nVivamus finibus vel mauris ut vehicula.\r\nNullam a magna porttitor, dictum risus nec, faucibus sapien.\r\nLorem ipsum dolor sit amet, consectetuer adipiscing elit. Donec odio. Quisque volutpat mattis eros. Nullam malesuada erat ut turpis. Suspendisse urna viverra non, semper suscipit, posuere a, pede. Donec nec justo eget felis facilisis fermentum. Aliquam porttitor mauris sit amet orci. Aenean dignissim pellentesque felis. Phasellus ultrices nulla quis nibh. Quisque a lectus. Donec consectetuer ligula vulputate sem tristique cursus.', NULL, NULL, NULL, NULL, 'Regular'),
(83, 'Rose Cotton Stretch Ankle Length Leggings', 'products/c6a1EuCQP7BBPtUQ2Kq4LWq6kDdP9wnVADY0LBOB.jpg', 1, '', 16, 1, 400, 500, '6CAE6F', '2025-06-16 19:26:30', 1, 1, 'fgfgfgfg', NULL, NULL, NULL, NULL, 'Regular'),
(84, 'Dark yellow lace cut out swing dress', 'products/UqktKsQqMF6v3w6cXRrr65AAT6TtIjXX7cqSPcwa.jpg', 1, '', 18, 1, 250, 5000, '6CAE6F', '2025-06-16 19:26:30', 1, 1, 'Tunics', NULL, NULL, NULL, NULL, 'Regular'),
(85, 'Rose Cotton Stretch Ankle Length Leggings', 'products/c6a1EuCQP7BBPtUQ2Kq4LWq6kDdP9wnVADY0LBOB.jpg', 1, '', 16, 1, 400, 500, '85D1D2', '2025-06-17 11:10:24', 1, 1, 'fgfgfgfg', NULL, NULL, NULL, NULL, 'Regular'),
(86, 'Silver Nylon Stretch Shimmer Leggings', 'products/hHeX9rjO7I869SngQJBLdp90X3FBmvURm5yxAwVx.png', 1, '', 2, 1, 520, 600, 'CC0CF0', '2025-06-17 14:20:36', 1, 1, 'Silver Nylon Stretch Shimmer Leggings', NULL, NULL, NULL, NULL, 'Regular'),
(87, 'Rose Cotton Stretch Ankle Length Leggings', 'products/c6a1EuCQP7BBPtUQ2Kq4LWq6kDdP9wnVADY0LBOB.jpg', 1, '', 16, 1, 400, 500, '55ECD9', '2025-06-17 16:29:42', 1, 1, 'fgfgfgfg', NULL, NULL, NULL, NULL, 'Regular'),
(88, 'Dark yellow lace cut out swing dress', 'products/UqktKsQqMF6v3w6cXRrr65AAT6TtIjXX7cqSPcwa.jpg', 1, '', 18, 1, 250, 5000, '55ECD9', '2025-06-17 16:29:42', 1, 1, 'Tunics', NULL, NULL, NULL, NULL, 'Regular'),
(89, 'Test Product', 'products/uRod02Xm5XGilOOoId9ybr650LBqGisdPTo6glff.jpg', 1, '', 24, 1, 2500, 2999, '55ECD9', '2025-06-17 16:29:42', 1, 1, 'Test', NULL, NULL, NULL, NULL, 'Regular'),
(90, 'Dark yellow lace cut out swing dress', 'products/UqktKsQqMF6v3w6cXRrr65AAT6TtIjXX7cqSPcwa.jpg', 1, '', 18, 1, 250, 5000, '74786C', '2025-06-18 11:40:09', 1, 1, 'Tunics', NULL, NULL, NULL, NULL, 'Regular'),
(91, 'Dark yellow lace cut out swing dress', 'products/UqktKsQqMF6v3w6cXRrr65AAT6TtIjXX7cqSPcwa.jpg', 2, '', 18, 2, 250, 5000, 'B429EB', '2025-06-19 11:39:47', 1, 1, 'Tunics', NULL, NULL, NULL, NULL, 'Regular'),
(92, 'Paper bag trousers', 'products/YJ1r9eqctSHDJMQJ6R1Ny453VqkKh18FlzQw4n2g.jpg', 1, '', 1, 1, 200, 300, 'B429EB', '2025-06-19 11:39:47', 1, 1, 'White Cotton Stretch Ankle Length Leggings', NULL, NULL, NULL, NULL, 'Regular'),
(93, 'Blush Pink Cotton Stretch Cropped Leggings', 'products/Z6cilFSpRtsugSXcrHCeuSdKIllb1HvDQzjJSJI3.png', 1, '', 3, 1, 300, 400, 'A19466', '2025-06-19 13:02:26', 1, 1, 'Blush Pink Cotton Stretch Cropped Leggings', NULL, NULL, NULL, NULL, 'Regular'),
(94, 'Dark yellow lace cut out swing dress', 'products/UqktKsQqMF6v3w6cXRrr65AAT6TtIjXX7cqSPcwa.jpg', 1, '', 18, 1, 250, 5000, 'EEDED5', '2025-06-19 13:17:38', 1, 1, 'Tunics', NULL, NULL, NULL, NULL, 'Regular'),
(95, 'Test Product', 'products/uRod02Xm5XGilOOoId9ybr650LBqGisdPTo6glff.jpg', 2, '', 24, 2, 2500, 2999, 'C65662', '2025-06-19 14:27:10', 1, 1, 'Test', NULL, NULL, NULL, NULL, 'Regular'),
(96, 'Blush Pink Cotton Stretch Cropped Leggings', 'products/Z6cilFSpRtsugSXcrHCeuSdKIllb1HvDQzjJSJI3.png', 1, '', 3, 1, 300, 400, '26DD14', '2025-06-19 15:13:13', 1, 1, 'Blush Pink Cotton Stretch Cropped Leggings', NULL, NULL, NULL, NULL, 'Regular'),
(97, 'Rose Cotton Stretch Ankle Length Leggings', 'products/c6a1EuCQP7BBPtUQ2Kq4LWq6kDdP9wnVADY0LBOB.jpg', 1, '', 16, 1, 400, 500, '26DD14', '2025-06-19 15:13:13', 1, 1, 'fgfgfgfg', NULL, NULL, NULL, NULL, 'Regular'),
(98, 'Dark yellow lace cut out swing dress', 'products/UqktKsQqMF6v3w6cXRrr65AAT6TtIjXX7cqSPcwa.jpg', 2, '', 18, 2, 250, 5000, '26DD14', '2025-06-19 15:13:13', 1, 1, 'Tunics', NULL, NULL, NULL, NULL, 'Regular'),
(99, 'Blush Pink Cotton Stretch Cropped Leggings', 'products/Z6cilFSpRtsugSXcrHCeuSdKIllb1HvDQzjJSJI3.png', 1, '', 3, 1, 300, 400, 'FAF540', '2025-06-20 10:33:04', 1, 1, 'Blush Pink Cotton Stretch Cropped Leggings', NULL, NULL, NULL, NULL, 'Regular'),
(100, 'Silver Nylon Stretch Shimmer Leggings', 'products/hHeX9rjO7I869SngQJBLdp90X3FBmvURm5yxAwVx.png', 2, '', 2, 2, 520, 600, 'E18763', '2025-06-21 18:06:09', 1, 1, 'Silver Nylon Stretch Shimmer Leggings', NULL, NULL, NULL, NULL, 'Regular'),
(101, 'Silver Nylon Stretch Shimmer Leggings', 'products/hHeX9rjO7I869SngQJBLdp90X3FBmvURm5yxAwVx.png', 1, '', 2, 1, 520, 600, 'FB234D', '2025-06-21 19:00:59', 1, 1, 'Silver Nylon Stretch Shimmer Leggings', NULL, NULL, NULL, NULL, 'Regular'),
(102, 'Dark yellow lace cut out swing dress', 'products/UqktKsQqMF6v3w6cXRrr65AAT6TtIjXX7cqSPcwa.jpg', 1, '', 18, 1, 250, 5000, 'FB234D', '2025-06-21 19:00:59', 1, 1, 'Tunics', NULL, NULL, NULL, NULL, 'Regular'),
(103, 'Skirts', 'products/3cA9M1NxJBX48Pqr9xn4bdu9pvGoEGMzSJIPWZMV.jpg', 2, '', 25, 2, 299, 499, 'A4DEF1', '2025-06-24 12:43:25', 1, 1, 'Skirts', NULL, NULL, NULL, NULL, 'Regular'),
(104, 'Coord Set', 'products/3UdnVMK6TjN5S03m60oE18pCCYQkxNeViyjzHKpC.jpg', 1, '', 19, 1, 300, 450, 'A4DEF1', '2025-06-24 12:43:25', 1, 1, 'Product Information\r\nLorem ipsum dolor sit amet, consectetuer adipiscing elit. Donec odio. Quisque volutpat mattis eros. Nullam malesuada erat ut turpis. Suspendisse urna viverra non, semper suscipit, posuere a, pede. Donec nec justo eget felis facilisis fermentum. Aliquam porttitor mauris sit amet orci. Aenean dignissim pellentesque felis. Phasellus ultrices nulla quis nibh. Quisque a lectus. Donec consectetuer ligula vulputate sem tristique cursus.\r\n\r\nNunc nec porttitor turpis. In eu risus enim. In vitae mollis elit.\r\nVivamus finibus vel mauris ut vehicula.\r\nNullam a magna porttitor, dictum risus nec, faucibus sapien.\r\nLorem ipsum dolor sit amet, consectetuer adipiscing elit. Donec odio. Quisque volutpat mattis eros. Nullam malesuada erat ut turpis. Suspendisse urna viverra non, semper suscipit, posuere a, pede. Donec nec justo eget felis facilisis fermentum. Aliquam porttitor mauris sit amet orci. Aenean dignissim pellentesque felis. Phasellus ultrices nulla quis nibh. Quisque a lectus. Donec consectetuer ligula vulputate sem tristique cursus.', NULL, NULL, NULL, NULL, 'Regular'),
(105, 'Blush Pink Cotton Stretch Cropped Leggings', 'products/Z6cilFSpRtsugSXcrHCeuSdKIllb1HvDQzjJSJI3.png', 1, '', 5, 1, 800, 900, 'A4DEF1', '2025-06-24 12:43:25', 1, 1, 'Blush Pink Cotton Stretch Cropped Leggings', NULL, NULL, NULL, NULL, 'Regular'),
(106, 'Blush Pink Cotton Stretch Cropped Leggings', 'products/Z6cilFSpRtsugSXcrHCeuSdKIllb1HvDQzjJSJI3.png', 1, '', 3, 1, 300, 400, 'F99437', '2025-06-24 22:06:33', 1, 1, 'Blush Pink Cotton Stretch Cropped Leggings', NULL, NULL, NULL, NULL, 'Regular'),
(107, 'Test Product', 'products/uRod02Xm5XGilOOoId9ybr650LBqGisdPTo6glff.jpg', 1, '', 24, 1, 2500, 2999, 'AF0D9A', '2025-06-25 10:37:40', 1, 1, 'Test', NULL, NULL, NULL, NULL, 'Regular'),
(108, 'Silver Nylon Stretch Shimmer Leggings', 'products/hHeX9rjO7I869SngQJBLdp90X3FBmvURm5yxAwVx.png', 1, '', 2, 1, 520, 600, 'AF0D9A', '2025-06-25 10:37:40', 1, 1, 'Silver Nylon Stretch Shimmer Leggings', NULL, NULL, NULL, NULL, 'Regular'),
(109, 'Dark yellow lace cut out swing dress', 'products/UqktKsQqMF6v3w6cXRrr65AAT6TtIjXX7cqSPcwa.jpg', 2, '', 18, 2, 250, 5000, 'AF0D9A', '2025-06-25 10:37:40', 1, 1, 'Tunics', NULL, NULL, NULL, NULL, 'Regular'),
(110, 'Skirts', 'products/3cA9M1NxJBX48Pqr9xn4bdu9pvGoEGMzSJIPWZMV.jpg', 2, '', 25, 2, 598, 998, '697D0F', '2025-06-25 22:56:47', 1, 1, 'Skirts', NULL, NULL, NULL, NULL, 'Regular'),
(111, 'Paper bag trousers', 'products/YJ1r9eqctSHDJMQJ6R1Ny453VqkKh18FlzQw4n2g.jpg', 1, '', 1, 1, 200, 300, '819106', '2025-06-26 10:35:07', 1, 1, 'White Cotton Stretch Ankle Length Leggings', NULL, NULL, NULL, NULL, 'Regular'),
(112, 'Blush Pink Cotton Stretch Cropped Leggings', 'products/Z6cilFSpRtsugSXcrHCeuSdKIllb1HvDQzjJSJI3.png', 2, '', 3, 2, 600, 800, '4A8C6D', '2025-06-26 11:47:24', 1, 1, 'Blush Pink Cotton Stretch Cropped Leggings', NULL, NULL, NULL, NULL, 'Regular'),
(113, 'Dark yellow lace cut out swing dress', 'products/UqktKsQqMF6v3w6cXRrr65AAT6TtIjXX7cqSPcwa.jpg', 3, '', 18, 3, 750, 15000, '84D79B', '2025-06-26 12:00:31', 1, 1, 'Tunics', NULL, NULL, NULL, NULL, 'Regular'),
(114, 'Coord Set', 'products/3UdnVMK6TjN5S03m60oE18pCCYQkxNeViyjzHKpC.jpg', 1, '', 19, 1, 300, 450, '03FE9B', '2025-06-26 12:47:19', 1, 1, 'Product Information\r\nLorem ipsum dolor sit amet, consectetuer adipiscing elit. Donec odio. Quisque volutpat mattis eros. Nullam malesuada erat ut turpis. Suspendisse urna viverra non, semper suscipit, posuere a, pede. Donec nec justo eget felis facilisis fermentum. Aliquam porttitor mauris sit amet orci. Aenean dignissim pellentesque felis. Phasellus ultrices nulla quis nibh. Quisque a lectus. Donec consectetuer ligula vulputate sem tristique cursus.\r\n\r\nNunc nec porttitor turpis. In eu risus enim. In vitae mollis elit.\r\nVivamus finibus vel mauris ut vehicula.\r\nNullam a magna porttitor, dictum risus nec, faucibus sapien.\r\nLorem ipsum dolor sit amet, consectetuer adipiscing elit. Donec odio. Quisque volutpat mattis eros. Nullam malesuada erat ut turpis. Suspendisse urna viverra non, semper suscipit, posuere a, pede. Donec nec justo eget felis facilisis fermentum. Aliquam porttitor mauris sit amet orci. Aenean dignissim pellentesque felis. Phasellus ultrices nulla quis nibh. Quisque a lectus. Donec consectetuer ligula vulputate sem tristique cursus.', NULL, NULL, NULL, NULL, 'Regular'),
(115, 'Paper bag trousers', 'products/YJ1r9eqctSHDJMQJ6R1Ny453VqkKh18FlzQw4n2g.jpg', 1, '', 1, 1, 200, 300, 'CBED70', '2025-06-27 12:15:46', 1, 1, 'White Cotton Stretch Ankle Length Leggings', NULL, NULL, NULL, NULL, 'Regular'),
(116, 'Coord Set', 'products/3UdnVMK6TjN5S03m60oE18pCCYQkxNeViyjzHKpC.jpg', 1, '', 19, 1, 300, 450, 'CBED70', '2025-06-27 12:15:46', 1, 1, 'Product Information\r\nLorem ipsum dolor sit amet, consectetuer adipiscing elit. Donec odio. Quisque volutpat mattis eros. Nullam malesuada erat ut turpis. Suspendisse urna viverra non, semper suscipit, posuere a, pede. Donec nec justo eget felis facilisis fermentum. Aliquam porttitor mauris sit amet orci. Aenean dignissim pellentesque felis. Phasellus ultrices nulla quis nibh. Quisque a lectus. Donec consectetuer ligula vulputate sem tristique cursus.\r\n\r\nNunc nec porttitor turpis. In eu risus enim. In vitae mollis elit.\r\nVivamus finibus vel mauris ut vehicula.\r\nNullam a magna porttitor, dictum risus nec, faucibus sapien.\r\nLorem ipsum dolor sit amet, consectetuer adipiscing elit. Donec odio. Quisque volutpat mattis eros. Nullam malesuada erat ut turpis. Suspendisse urna viverra non, semper suscipit, posuere a, pede. Donec nec justo eget felis facilisis fermentum. Aliquam porttitor mauris sit amet orci. Aenean dignissim pellentesque felis. Phasellus ultrices nulla quis nibh. Quisque a lectus. Donec consectetuer ligula vulputate sem tristique cursus.', NULL, NULL, NULL, NULL, 'Regular'),
(117, 'Saree', 'products/tIGEOstIEtHzUI1y6WV2bYYyBZ2kJCXimN6oJBIP.jpg', 1, '', 26, 1, 1000, 1300, 'CBED70', '2025-06-27 12:15:46', 1, 1, 'Trending Saree', NULL, NULL, NULL, NULL, 'Regular'),
(118, 'Blush Pink Cotton Stretch Cropped Leggings', 'products/Z6cilFSpRtsugSXcrHCeuSdKIllb1HvDQzjJSJI3.png', 1, '', 3, 1, 300, 400, '485337', '2025-06-30 13:47:39', 1, 1, 'Blush Pink Cotton Stretch Cropped Leggings', NULL, NULL, NULL, NULL, 'Regular'),
(119, 'Blush Pink Cotton Stretch Cropped Leggings', 'products/Z6cilFSpRtsugSXcrHCeuSdKIllb1HvDQzjJSJI3.png', 1, '', 3, 1, 300, 400, 'EEF481', '2025-06-30 13:52:32', 1, 1, 'Blush Pink Cotton Stretch Cropped Leggings', NULL, NULL, NULL, NULL, 'Regular'),
(120, 'Paper bag trousers', 'products/YJ1r9eqctSHDJMQJ6R1Ny453VqkKh18FlzQw4n2g.jpg', 1, '', 1, 1, 200, 300, '2C1ACA', '2025-06-30 13:54:28', 1, 1, 'White Cotton Stretch Ankle Length Leggings', NULL, NULL, NULL, NULL, 'Regular'),
(121, 'Paper bag trousers', 'products/YJ1r9eqctSHDJMQJ6R1Ny453VqkKh18FlzQw4n2g.jpg', 1, '', 1, 1, 200, 300, 'EC59F7', '2025-06-30 14:02:07', 1, 1, 'White Cotton Stretch Ankle Length Leggings', NULL, NULL, NULL, NULL, 'Regular'),
(122, 'Navy Ponte Smart Fit Leggings', 'products/aKp5JxDrd0L2oxcTTbSQpZFRfQFFdqesPXPgs8rm.jpg', 1, '', 6, 1, 650, 800, '5FF134', '2025-06-30 15:45:12', 1, 1, 'Navy Ponte Smart Fit Leggings', NULL, NULL, NULL, NULL, 'Regular'),
(123, 'Dark yellow lace cut out swing dress', 'products/UqktKsQqMF6v3w6cXRrr65AAT6TtIjXX7cqSPcwa.jpg', 3, '', 18, 3, 750, 15000, '5FF134', '2025-06-30 15:45:12', 1, 1, 'Tunics', NULL, NULL, NULL, NULL, 'Regular'),
(124, 'Silver Nylon Stretch Shimmer Leggings', 'products/hHeX9rjO7I869SngQJBLdp90X3FBmvURm5yxAwVx.png', 1, '', 2, 1, 520, 600, '24ECD5', '2025-06-30 15:52:14', 1, 1, 'Silver Nylon Stretch Shimmer Leggings', NULL, NULL, NULL, NULL, 'Regular'),
(125, 'Dark yellow lace cut out swing dress', 'products/UqktKsQqMF6v3w6cXRrr65AAT6TtIjXX7cqSPcwa.jpg', 2, '', 18, 2, 500, 10000, 'CFC60B', '2025-06-30 16:16:23', 1, 1, 'Tunics', NULL, NULL, NULL, NULL, 'Regular'),
(126, 'Navy Ponte Smart Fit Leggings', 'products/aKp5JxDrd0L2oxcTTbSQpZFRfQFFdqesPXPgs8rm.jpg', 1, '', 6, 1, 650, 800, '6AE533', '2025-06-30 16:26:03', 1, 1, 'Navy Ponte Smart Fit Leggings', NULL, NULL, NULL, NULL, 'Regular'),
(127, 'Test Product', 'products/uRod02Xm5XGilOOoId9ybr650LBqGisdPTo6glff.jpg', 1, '', 24, 1, 2500, 2999, '6AE533', '2025-06-30 16:26:03', 1, 1, 'Test', NULL, NULL, NULL, NULL, 'Regular'),
(128, 'Dark yellow lace cut out swing dress', 'products/UqktKsQqMF6v3w6cXRrr65AAT6TtIjXX7cqSPcwa.jpg', 1, '', 18, 1, 250, 5000, '32F274', '2025-06-30 16:30:14', 1, 1, 'Tunics', NULL, NULL, NULL, NULL, 'Regular'),
(129, 'Paper bag trousers', 'products/YJ1r9eqctSHDJMQJ6R1Ny453VqkKh18FlzQw4n2g.jpg', 2, '', 1, 2, 400, 600, '91CB43', '2025-06-30 17:59:36', 1, 1, 'White Cotton Stretch Ankle Length Leggings', NULL, NULL, NULL, NULL, 'Regular'),
(130, 'Paper bag trousers', 'products/YJ1r9eqctSHDJMQJ6R1Ny453VqkKh18FlzQw4n2g.jpg', 3, '', 1, 3, 600, 900, 'A65C98', '2025-06-30 18:06:19', 1, 1, 'White Cotton Stretch Ankle Length Leggings', NULL, NULL, NULL, NULL, 'Regular'),
(131, 'Blush Pink Cotton Stretch Cropped Leggings', 'products/Z6cilFSpRtsugSXcrHCeuSdKIllb1HvDQzjJSJI3.png', 4, '', 3, 4, 1200, 1600, 'A65C98', '2025-06-30 18:06:19', 1, 1, 'Blush Pink Cotton Stretch Cropped Leggings', NULL, NULL, NULL, NULL, 'Regular'),
(132, 'Dark yellow lace cut out swing dress', 'products/UqktKsQqMF6v3w6cXRrr65AAT6TtIjXX7cqSPcwa.jpg', 1, '', 18, 1, 250, 5000, '6D24B7', '2025-07-01 15:46:12', 1, 1, 'Tunics', NULL, NULL, NULL, NULL, 'Regular'),
(133, 'Paper bag trousers', 'products/YJ1r9eqctSHDJMQJ6R1Ny453VqkKh18FlzQw4n2g.jpg', 1, '', 1, 1, 200, 300, '51862E', '2025-07-01 15:56:22', 1, 1, 'White Cotton Stretch Ankle Length Leggings', NULL, NULL, NULL, NULL, 'Regular'),
(134, 'Saree', 'products/tIGEOstIEtHzUI1y6WV2bYYyBZ2kJCXimN6oJBIP.jpg', 1, '', 26, 1, 1000, 1300, '51862E', '2025-07-01 15:56:22', 1, 1, 'Trending Saree', NULL, NULL, NULL, NULL, 'Regular'),
(135, 'Coord Set', 'products/3UdnVMK6TjN5S03m60oE18pCCYQkxNeViyjzHKpC.jpg', 1, '', 19, 1, 300, 450, '51862E', '2025-07-01 15:56:22', 1, 1, 'Product Information\r\nLorem ipsum dolor sit amet, consectetuer adipiscing elit. Donec odio. Quisque volutpat mattis eros. Nullam malesuada erat ut turpis. Suspendisse urna viverra non, semper suscipit, posuere a, pede. Donec nec justo eget felis facilisis fermentum. Aliquam porttitor mauris sit amet orci. Aenean dignissim pellentesque felis. Phasellus ultrices nulla quis nibh. Quisque a lectus. Donec consectetuer ligula vulputate sem tristique cursus.\r\n\r\nNunc nec porttitor turpis. In eu risus enim. In vitae mollis elit.\r\nVivamus finibus vel mauris ut vehicula.\r\nNullam a magna porttitor, dictum risus nec, faucibus sapien.\r\nLorem ipsum dolor sit amet, consectetuer adipiscing elit. Donec odio. Quisque volutpat mattis eros. Nullam malesuada erat ut turpis. Suspendisse urna viverra non, semper suscipit, posuere a, pede. Donec nec justo eget felis facilisis fermentum. Aliquam porttitor mauris sit amet orci. Aenean dignissim pellentesque felis. Phasellus ultrices nulla quis nibh. Quisque a lectus. Donec consectetuer ligula vulputate sem tristique cursus.', NULL, NULL, NULL, NULL, 'Regular'),
(136, 'Skirts', 'products/3cA9M1NxJBX48Pqr9xn4bdu9pvGoEGMzSJIPWZMV.jpg', 1, '', 25, 1, 299, 499, '51862E', '2025-07-01 15:56:22', 1, 1, 'Skirts', NULL, NULL, NULL, NULL, 'Regular'),
(137, 'Test Product', 'products/uRod02Xm5XGilOOoId9ybr650LBqGisdPTo6glff.jpg', 1, '', 24, 1, 2500, 2999, '51862E', '2025-07-01 15:56:22', 1, 1, 'Test', NULL, NULL, NULL, NULL, 'Regular'),
(138, 'Skirts', 'products/3cA9M1NxJBX48Pqr9xn4bdu9pvGoEGMzSJIPWZMV.jpg', 1, '', 25, 1, 299, 499, '860FC4', '2025-07-01 15:58:58', 1, 1, 'Skirts', NULL, NULL, NULL, NULL, 'Regular'),
(139, 'Blush Pink Cotton Stretch Cropped Leggings', 'products/Z6cilFSpRtsugSXcrHCeuSdKIllb1HvDQzjJSJI3.png', 1, '', 3, 1, 300, 400, '860FC4', '2025-07-01 15:58:58', 1, 1, 'Blush Pink Cotton Stretch Cropped Leggings', NULL, NULL, NULL, NULL, 'Regular'),
(140, 'Skirts', 'products/3cA9M1NxJBX48Pqr9xn4bdu9pvGoEGMzSJIPWZMV.jpg', 1, '', 25, 1, 299, 499, '7A78EE', '2025-07-01 16:00:20', 1, 1, 'Skirts', NULL, NULL, NULL, NULL, 'Regular'),
(141, 'Saree', 'products/tIGEOstIEtHzUI1y6WV2bYYyBZ2kJCXimN6oJBIP.jpg', 1, '', 26, 1, 1000, 1300, '7A78EE', '2025-07-01 16:00:20', 1, 1, 'Trending Saree', NULL, NULL, NULL, NULL, 'Regular'),
(142, 'Skirts', 'products/3cA9M1NxJBX48Pqr9xn4bdu9pvGoEGMzSJIPWZMV.jpg', 1, '', 25, 1, 299, 499, 'BD85E3', '2025-07-01 16:10:26', 1, 1, 'Skirts', NULL, NULL, NULL, NULL, 'Regular'),
(143, 'Test Product', 'products/uRod02Xm5XGilOOoId9ybr650LBqGisdPTo6glff.jpg', 1, '', 24, 1, 2500, 2999, 'BD85E3', '2025-07-01 16:10:26', 1, 1, 'Test', NULL, NULL, NULL, NULL, 'Regular'),
(144, 'Test Product', 'products/uRod02Xm5XGilOOoId9ybr650LBqGisdPTo6glff.jpg', 1, '', 24, 1, 2500, 2999, '7E7D81', '2025-07-01 16:11:46', 1, 1, 'Test', NULL, NULL, NULL, NULL, 'Regular'),
(145, 'Blush Pink Cotton Stretch Cropped Leggings', 'products/Z6cilFSpRtsugSXcrHCeuSdKIllb1HvDQzjJSJI3.png', 1, '', 3, 1, 300, 400, '4D44C1', '2025-07-01 16:13:09', 1, 1, 'Blush Pink Cotton Stretch Cropped Leggings', NULL, NULL, NULL, NULL, 'Regular'),
(146, 'Blush Pink Cotton Stretch Cropped Leggings', 'products/Z6cilFSpRtsugSXcrHCeuSdKIllb1HvDQzjJSJI3.png', 1, '', 3, 1, 300, 400, '1B252B', '2025-07-01 16:27:11', 1, 1, 'Blush Pink Cotton Stretch Cropped Leggings', NULL, NULL, NULL, NULL, 'Regular'),
(147, 'Test Product', 'products/uRod02Xm5XGilOOoId9ybr650LBqGisdPTo6glff.jpg', 1, '', 24, 1, 2500, 2999, '746806', '2025-07-01 16:30:22', 1, 1, 'Test', NULL, NULL, NULL, NULL, 'Regular'),
(148, 'Coord Set', 'products/3UdnVMK6TjN5S03m60oE18pCCYQkxNeViyjzHKpC.jpg', 1, '', 19, 1, 300, 450, 'A9D6B5', '2025-07-01 17:02:42', 1, 1, 'Product Information\r\nLorem ipsum dolor sit amet, consectetuer adipiscing elit. Donec odio. Quisque volutpat mattis eros. Nullam malesuada erat ut turpis. Suspendisse urna viverra non, semper suscipit, posuere a, pede. Donec nec justo eget felis facilisis fermentum. Aliquam porttitor mauris sit amet orci. Aenean dignissim pellentesque felis. Phasellus ultrices nulla quis nibh. Quisque a lectus. Donec consectetuer ligula vulputate sem tristique cursus.\r\n\r\nNunc nec porttitor turpis. In eu risus enim. In vitae mollis elit.\r\nVivamus finibus vel mauris ut vehicula.\r\nNullam a magna porttitor, dictum risus nec, faucibus sapien.\r\nLorem ipsum dolor sit amet, consectetuer adipiscing elit. Donec odio. Quisque volutpat mattis eros. Nullam malesuada erat ut turpis. Suspendisse urna viverra non, semper suscipit, posuere a, pede. Donec nec justo eget felis facilisis fermentum. Aliquam porttitor mauris sit amet orci. Aenean dignissim pellentesque felis. Phasellus ultrices nulla quis nibh. Quisque a lectus. Donec consectetuer ligula vulputate sem tristique cursus.', NULL, NULL, NULL, NULL, 'Regular'),
(149, 'Test Product', 'products/uRod02Xm5XGilOOoId9ybr650LBqGisdPTo6glff.jpg', 1, '', 24, 1, 2500, 2999, 'B5A1C4', '2025-07-01 17:05:51', 1, 1, 'Test', NULL, NULL, NULL, NULL, 'Regular'),
(150, 'Test Product', 'products/uRod02Xm5XGilOOoId9ybr650LBqGisdPTo6glff.jpg', 1, '', 24, 1, 2500, 2999, '05A0BB', '2025-07-01 17:07:03', 1, 1, 'Test', NULL, NULL, NULL, NULL, 'Regular'),
(151, 'Saree', 'products/tIGEOstIEtHzUI1y6WV2bYYyBZ2kJCXimN6oJBIP.jpg', 1, '', 26, 1, 1000, 1300, 'AB5B69', '2025-07-01 17:14:00', 1, 1, 'Trending Saree', NULL, NULL, NULL, NULL, 'Regular'),
(152, 'Saree', 'products/tIGEOstIEtHzUI1y6WV2bYYyBZ2kJCXimN6oJBIP.jpg', 1, '', 26, 1, 1000, 1300, '153324', '2025-07-01 17:15:57', 1, 1, 'Trending Saree', NULL, NULL, NULL, NULL, 'Regular'),
(153, 'Skirts', 'products/3cA9M1NxJBX48Pqr9xn4bdu9pvGoEGMzSJIPWZMV.jpg', 1, '', 25, 1, 299, 499, '08BFEC', '2025-07-01 17:22:56', 1, 1, 'Skirts', NULL, NULL, NULL, NULL, 'Regular'),
(154, 'Blush Pink Cotton Stretch Cropped Leggings', 'products/Z6cilFSpRtsugSXcrHCeuSdKIllb1HvDQzjJSJI3.png', 1, '', 3, 1, 300, 400, '7E04AD', '2025-07-01 18:14:45', 1, 1, 'Blush Pink Cotton Stretch Cropped Leggings', NULL, NULL, NULL, NULL, 'Regular'),
(155, 'Navy Ponte Smart Fit Leggings', 'products/aKp5JxDrd0L2oxcTTbSQpZFRfQFFdqesPXPgs8rm.jpg', 1, '', 6, 1, 650, 800, '74F0A0', '2025-07-02 18:44:45', 1, 1, 'Navy Ponte Smart Fit Leggings', NULL, NULL, NULL, NULL, 'Regular'),
(156, 'Paper bag trousers', 'products/YJ1r9eqctSHDJMQJ6R1Ny453VqkKh18FlzQw4n2g.jpg', 1, '', 1, 1, 200, 300, '74F0A0', '2025-07-02 18:44:45', 1, 1, 'White Cotton Stretch Ankle Length Leggings', NULL, NULL, NULL, NULL, 'Regular'),
(157, 'Paper bag trousers', 'products/YJ1r9eqctSHDJMQJ6R1Ny453VqkKh18FlzQw4n2g.jpg', 1, '', 1, 1, 200, 300, '4A8846', '2025-07-02 18:46:18', 1, 1, 'White Cotton Stretch Ankle Length Leggings', NULL, NULL, NULL, NULL, 'Regular'),
(158, 'Saree', 'products/tIGEOstIEtHzUI1y6WV2bYYyBZ2kJCXimN6oJBIP.jpg', 1, '', 26, 1, 1000, 1300, 'A54914', '2025-07-02 18:50:28', 1, 1, 'Trending Saree', NULL, NULL, NULL, NULL, 'Regular'),
(159, 'Skirts', 'products/3cA9M1NxJBX48Pqr9xn4bdu9pvGoEGMzSJIPWZMV.jpg', 1, '', 25, 1, 299, 499, 'A54914', '2025-07-02 18:50:28', 1, 1, 'Skirts', NULL, NULL, NULL, NULL, 'Regular'),
(160, 'Paper bag trousers', 'products/YJ1r9eqctSHDJMQJ6R1Ny453VqkKh18FlzQw4n2g.jpg', 1, '', 1, 1, 200, 300, '219ED6', '2025-07-02 18:56:13', 1, 1, 'White Cotton Stretch Ankle Length Leggings', NULL, NULL, NULL, NULL, 'Regular'),
(161, 'Paper bag trousers', 'products/YJ1r9eqctSHDJMQJ6R1Ny453VqkKh18FlzQw4n2g.jpg', 1, '', 1, 1, 200, 300, '0FE595', '2025-07-02 18:58:32', 1, 1, 'White Cotton Stretch Ankle Length Leggings', NULL, NULL, NULL, NULL, 'Regular'),
(162, 'Blush Pink Cotton Stretch Cropped Leggings', 'products/Z6cilFSpRtsugSXcrHCeuSdKIllb1HvDQzjJSJI3.png', 1, '', 3, 1, 300, 400, 'BE8BAA', '2025-07-02 19:02:46', 1, 1, 'Blush Pink Cotton Stretch Cropped Leggings', NULL, NULL, NULL, NULL, 'Regular'),
(163, 'Paper bag trousers', 'products/YJ1r9eqctSHDJMQJ6R1Ny453VqkKh18FlzQw4n2g.jpg', 1, '', 1, 1, 200, 300, 'BE8BAA', '2025-07-02 19:02:46', 1, 1, 'White Cotton Stretch Ankle Length Leggings', NULL, NULL, NULL, NULL, 'Regular'),
(164, 'Paper bag trousers', 'products/YJ1r9eqctSHDJMQJ6R1Ny453VqkKh18FlzQw4n2g.jpg', 1, '', 1, 1, 200, 300, '4B8CB9', '2025-07-02 19:07:29', 1, 1, 'White Cotton Stretch Ankle Length Leggings', NULL, NULL, NULL, NULL, 'Regular'),
(165, 'Blush Pink Cotton Stretch Cropped Leggings', 'products/Z6cilFSpRtsugSXcrHCeuSdKIllb1HvDQzjJSJI3.png', 1, '', 3, 1, 300, 400, 'B571CF', '2025-07-02 19:11:49', 1, 1, 'Blush Pink Cotton Stretch Cropped Leggings', NULL, NULL, NULL, NULL, 'Regular'),
(166, 'Paper bag trousers', 'products/YJ1r9eqctSHDJMQJ6R1Ny453VqkKh18FlzQw4n2g.jpg', 1, '', 1, 1, 200, 300, 'B571CF', '2025-07-02 19:11:49', 1, 1, 'White Cotton Stretch Ankle Length Leggings', NULL, NULL, NULL, NULL, 'Regular'),
(167, 'Paper bag trousers', 'products/YJ1r9eqctSHDJMQJ6R1Ny453VqkKh18FlzQw4n2g.jpg', 1, '', 1, 1, 200, 300, '17DE33', '2025-07-02 19:18:23', 1, 1, 'White Cotton Stretch Ankle Length Leggings', NULL, NULL, NULL, NULL, 'Regular'),
(168, 'Paper bag trousers', 'products/YJ1r9eqctSHDJMQJ6R1Ny453VqkKh18FlzQw4n2g.jpg', 1, '', 1, 1, 200, 300, 'BAE94F', '2025-07-02 19:23:26', 1, 1, 'White Cotton Stretch Ankle Length Leggings', NULL, NULL, NULL, NULL, 'Regular'),
(169, 'Blush Pink Cotton Stretch Cropped Leggings', 'products/Z6cilFSpRtsugSXcrHCeuSdKIllb1HvDQzjJSJI3.png', 1, '', 3, 1, 300, 400, 'BAE94F', '2025-07-02 19:23:26', 1, 1, 'Blush Pink Cotton Stretch Cropped Leggings', NULL, NULL, NULL, NULL, 'Regular'),
(170, 'Saree', 'products/tIGEOstIEtHzUI1y6WV2bYYyBZ2kJCXimN6oJBIP.jpg', 1, '', 27, 1, 999, 1400, '343C08', '2025-07-03 10:30:26', 1, 1, 'Trending Saree', NULL, NULL, NULL, NULL, 'Regular'),
(171, 'Silver Nylon Stretch Shimmer Leggings', 'products/hHeX9rjO7I869SngQJBLdp90X3FBmvURm5yxAwVx.png', 1, '', 2, 1, 520, 600, '343C08', '2025-07-03 10:30:26', 1, 1, 'Silver Nylon Stretch Shimmer Leggings', NULL, NULL, NULL, NULL, 'Regular'),
(172, 'Saree', 'products/tIGEOstIEtHzUI1y6WV2bYYyBZ2kJCXimN6oJBIP.jpg', 1, '', 26, 1, 1000, 1300, '9BAF94', '2025-07-03 16:19:09', 1, 1, 'Trending Saree', NULL, NULL, NULL, NULL, 'Regular'),
(173, 'Paper bag trousers', 'products/YJ1r9eqctSHDJMQJ6R1Ny453VqkKh18FlzQw4n2g.jpg', 3, '', 1, 3, 600, 900, 'EAB729', '2025-07-03 16:47:23', 1, 1, 'White Cotton Stretch Ankle Length Leggings', NULL, NULL, NULL, NULL, 'Regular'),
(174, 'Test Product', 'products/uRod02Xm5XGilOOoId9ybr650LBqGisdPTo6glff.jpg', 1, '', 24, 1, 2500, 2999, 'EAB729', '2025-07-03 16:47:23', 1, 1, 'Test', NULL, NULL, NULL, NULL, 'Regular'),
(175, 'Blush Pink Cotton Stretch Cropped Leggings', 'products/Z6cilFSpRtsugSXcrHCeuSdKIllb1HvDQzjJSJI3.png', 1, '', 3, 1, 300, 400, '5B3DDA', '2025-07-03 16:54:32', 1, 1, 'Blush Pink Cotton Stretch Cropped Leggings', NULL, NULL, NULL, NULL, 'Regular'),
(176, 'Blush Pink Cotton Stretch Cropped Leggings', 'products/Z6cilFSpRtsugSXcrHCeuSdKIllb1HvDQzjJSJI3.png', 1, '', 3, 1, 300, 400, '832840', '2025-07-03 16:57:05', 1, 1, 'Blush Pink Cotton Stretch Cropped Leggings', NULL, NULL, NULL, NULL, 'Regular'),
(177, 'Blush Pink Cotton Stretch Cropped Leggings', 'products/Z6cilFSpRtsugSXcrHCeuSdKIllb1HvDQzjJSJI3.png', 4, '', 5, 4, 3200, 3600, 'AB364F', '2025-07-03 18:21:51', 1, 1, 'Blush Pink Cotton Stretch Cropped Leggings', NULL, NULL, NULL, NULL, 'Regular'),
(178, 'Blush Pink Cotton Stretch Cropped Leggings', 'products/Z6cilFSpRtsugSXcrHCeuSdKIllb1HvDQzjJSJI3.png', 1, '', 3, 1, 300, 400, 'AB364F', '2025-07-03 18:21:51', 1, 1, 'Blush Pink Cotton Stretch Cropped Leggings', NULL, NULL, NULL, NULL, 'Regular'),
(179, 'Silver Nylon Stretch Shimmer Leggings', 'products/hHeX9rjO7I869SngQJBLdp90X3FBmvURm5yxAwVx.png', 1, '', 2, 1, 520, 600, 'AB364F', '2025-07-03 18:21:51', 1, 1, 'Silver Nylon Stretch Shimmer Leggings', NULL, NULL, NULL, NULL, 'Regular'),
(180, 'Silver Nylon Stretch Shimmer Leggings', 'products/hHeX9rjO7I869SngQJBLdp90X3FBmvURm5yxAwVx.png', 1, '', 2, 1, 520, 600, '761D26', '2025-07-03 18:25:14', 1, 1, 'Silver Nylon Stretch Shimmer Leggings', NULL, NULL, NULL, NULL, 'Regular'),
(181, 'Blush Pink Cotton Stretch Cropped Leggings', 'products/Z6cilFSpRtsugSXcrHCeuSdKIllb1HvDQzjJSJI3.png', 1, '', 3, 1, 300, 400, 'FCBCF7', '2025-07-03 18:41:06', 1, 1, 'Blush Pink Cotton Stretch Cropped Leggings', NULL, NULL, NULL, NULL, 'Regular'),
(182, 'Paper bag trousers', 'products/YJ1r9eqctSHDJMQJ6R1Ny453VqkKh18FlzQw4n2g.jpg', 1, '', 1, 1, 200, 300, '0814FD', '2025-07-03 19:10:25', 1, 1, 'White Cotton Stretch Ankle Length Leggings', NULL, NULL, NULL, NULL, 'Regular');
INSERT INTO `store_orders` (`store_order_id`, `product_name`, `varient_image`, `quantity`, `unit`, `varient_id`, `qty`, `price`, `total_mrp`, `order_cart_id`, `order_date`, `store_approval`, `store_id`, `description`, `tx_per`, `price_without_tax`, `tx_price`, `tx_name`, `type`) VALUES
(183, 'Blush Pink Cotton Stretch Cropped Leggings', 'products/Z6cilFSpRtsugSXcrHCeuSdKIllb1HvDQzjJSJI3.png', 1, '', 3, 1, 300, 400, '0814FD', '2025-07-03 19:10:25', 1, 1, 'Blush Pink Cotton Stretch Cropped Leggings', NULL, NULL, NULL, NULL, 'Regular'),
(184, 'Coord Set', 'products/3UdnVMK6TjN5S03m60oE18pCCYQkxNeViyjzHKpC.jpg', 3, '', 19, 3, 900, 1350, 'BCD3D2', '2025-07-04 11:40:11', 1, 1, 'Product Information\r\nLorem ipsum dolor sit amet, consectetuer adipiscing elit. Donec odio. Quisque volutpat mattis eros. Nullam malesuada erat ut turpis. Suspendisse urna viverra non, semper suscipit, posuere a, pede. Donec nec justo eget felis facilisis fermentum. Aliquam porttitor mauris sit amet orci. Aenean dignissim pellentesque felis. Phasellus ultrices nulla quis nibh. Quisque a lectus. Donec consectetuer ligula vulputate sem tristique cursus.\r\n\r\nNunc nec porttitor turpis. In eu risus enim. In vitae mollis elit.\r\nVivamus finibus vel mauris ut vehicula.\r\nNullam a magna porttitor, dictum risus nec, faucibus sapien.\r\nLorem ipsum dolor sit amet, consectetuer adipiscing elit. Donec odio. Quisque volutpat mattis eros. Nullam malesuada erat ut turpis. Suspendisse urna viverra non, semper suscipit, posuere a, pede. Donec nec justo eget felis facilisis fermentum. Aliquam porttitor mauris sit amet orci. Aenean dignissim pellentesque felis. Phasellus ultrices nulla quis nibh. Quisque a lectus. Donec consectetuer ligula vulputate sem tristique cursus.', NULL, NULL, NULL, NULL, 'Regular'),
(185, 'Test Product', 'products/uRod02Xm5XGilOOoId9ybr650LBqGisdPTo6glff.jpg', 1, '', 24, 1, 2500, 2999, 'BCD3D2', '2025-07-04 11:40:11', 1, 1, 'Test', NULL, NULL, NULL, NULL, 'Regular'),
(186, 'Rose Cotton Stretch Ankle Length Leggings', 'products/c6a1EuCQP7BBPtUQ2Kq4LWq6kDdP9wnVADY0LBOB.jpg', 5, '', 16, 5, 2000, 2500, 'BCD3D2', '2025-07-04 11:40:11', 1, 1, 'fgfgfgfg', NULL, NULL, NULL, NULL, 'Regular'),
(187, 'Gown', 'products/lUfIoGAtgfYJqRt4mkQbICdGwiu878eW7zixJthy.jpg', 1, '', 29, 1, 2499, 2999, '2D3974', '2025-07-04 15:21:21', 1, 1, 'Gown', NULL, NULL, NULL, NULL, 'Regular'),
(188, 'Saree', 'products/tIGEOstIEtHzUI1y6WV2bYYyBZ2kJCXimN6oJBIP.jpg', 1, '', 26, 1, 1000, 1300, '2D3974', '2025-07-04 15:21:21', 1, 1, 'Trending Saree', NULL, NULL, NULL, NULL, 'Regular'),
(189, 'Gown', 'products/lUfIoGAtgfYJqRt4mkQbICdGwiu878eW7zixJthy.jpg', 1, '', 29, 1, 2499, 2999, 'B4A68D', '2025-07-04 15:24:46', 1, 1, 'Gown', NULL, NULL, NULL, NULL, 'Regular'),
(190, 'Gown', 'products/lUfIoGAtgfYJqRt4mkQbICdGwiu878eW7zixJthy.jpg', 1, '', 29, 1, 2499, 2999, '3836C0', '2025-07-04 15:27:40', 1, 1, 'Gown', NULL, NULL, NULL, NULL, 'Regular'),
(191, 'Paper bag trousers', 'products/YJ1r9eqctSHDJMQJ6R1Ny453VqkKh18FlzQw4n2g.jpg', 1, '', 1, 1, 200, 300, '900489', '2025-07-04 15:52:11', 1, 1, 'White Cotton Stretch Ankle Length Leggings', NULL, NULL, NULL, NULL, 'Regular'),
(192, 'Gown', 'products/lUfIoGAtgfYJqRt4mkQbICdGwiu878eW7zixJthy.jpg', 1, '', 29, 1, 2499, 2999, '70A82E', '2025-07-04 15:58:50', 1, 1, 'Gown', NULL, NULL, NULL, NULL, 'Regular'),
(193, 'Gown', 'products/lUfIoGAtgfYJqRt4mkQbICdGwiu878eW7zixJthy.jpg', 1, '', 29, 1, 2499, 2999, '6E8129', '2025-07-04 18:35:02', 1, 1, 'Gown', NULL, NULL, NULL, NULL, 'Regular'),
(194, 'Saree', 'products/tIGEOstIEtHzUI1y6WV2bYYyBZ2kJCXimN6oJBIP.jpg', 1, '', 26, 1, 1000, 1300, '55055D', '2025-07-04 18:37:53', 1, 1, 'Trending Saree', NULL, NULL, NULL, NULL, 'Regular'),
(195, 'Saree', 'products/tIGEOstIEtHzUI1y6WV2bYYyBZ2kJCXimN6oJBIP.jpg', 1, '', 26, 1, 1000, 1300, '14CBAF', '2025-07-04 19:14:04', 1, 1, 'Trending Saree', NULL, NULL, NULL, NULL, 'Regular'),
(196, 'Gown', 'products/lUfIoGAtgfYJqRt4mkQbICdGwiu878eW7zixJthy.jpg', 1, '', 29, 1, 2499, 2999, 'D53095', '2025-07-04 19:21:40', 1, 1, 'Gown', NULL, NULL, NULL, NULL, 'Regular'),
(197, 'Paper bag trousers', 'products/YJ1r9eqctSHDJMQJ6R1Ny453VqkKh18FlzQw4n2g.jpg', 1, '', 1, 1, 200, 300, '5A3896', '2025-07-04 19:23:34', 1, 1, 'White Cotton Stretch Ankle Length Leggings', NULL, NULL, NULL, NULL, 'Regular'),
(198, 'Saree', 'products/tIGEOstIEtHzUI1y6WV2bYYyBZ2kJCXimN6oJBIP.jpg', 1, '', 26, 1, 1000, 1300, '8A132A', '2025-07-07 16:32:33', 1, 1, 'Trending Saree', NULL, NULL, NULL, NULL, 'Regular'),
(199, 'Gown', 'products/lUfIoGAtgfYJqRt4mkQbICdGwiu878eW7zixJthy.jpg', 1, '', 29, 1, 2499, 2999, '8A132A', '2025-07-07 16:32:33', 1, 1, 'Gown', NULL, NULL, NULL, NULL, 'Regular'),
(200, 'Paper bag trousers', 'products/YJ1r9eqctSHDJMQJ6R1Ny453VqkKh18FlzQw4n2g.jpg', 1, '', 1, 1, 200, 300, '8A132A', '2025-07-07 16:32:33', 1, 1, 'White Cotton Stretch Ankle Length Leggings', NULL, NULL, NULL, NULL, 'Regular'),
(201, 'Paper bag trousers', 'products/YJ1r9eqctSHDJMQJ6R1Ny453VqkKh18FlzQw4n2g.jpg', 1, '', 1, 1, 200, 300, 'ED111F', '2025-07-08 18:35:00', 1, 1, 'White Cotton Stretch Ankle Length Leggings', NULL, NULL, NULL, NULL, 'Regular'),
(202, 'Saree', 'products/tIGEOstIEtHzUI1y6WV2bYYyBZ2kJCXimN6oJBIP.jpg', 1, '', 26, 1, 1000, 1300, 'ED111F', '2025-07-08 18:35:00', 1, 1, 'Trending Saree', NULL, NULL, NULL, NULL, 'Regular'),
(203, 'Coord Set', 'products/3UdnVMK6TjN5S03m60oE18pCCYQkxNeViyjzHKpC.jpg', 1, '', 19, 1, 300, 450, '8EB807', '2025-07-09 14:44:40', 1, 1, 'Product Information\r\nLorem ipsum dolor sit amet, consectetuer adipiscing elit. Donec odio. Quisque volutpat mattis eros. Nullam malesuada erat ut turpis. Suspendisse urna viverra non, semper suscipit, posuere a, pede. Donec nec justo eget felis facilisis fermentum. Aliquam porttitor mauris sit amet orci. Aenean dignissim pellentesque felis. Phasellus ultrices nulla quis nibh. Quisque a lectus. Donec consectetuer ligula vulputate sem tristique cursus.\r\n\r\nNunc nec porttitor turpis. In eu risus enim. In vitae mollis elit.\r\nVivamus finibus vel mauris ut vehicula.\r\nNullam a magna porttitor, dictum risus nec, faucibus sapien.\r\nLorem ipsum dolor sit amet, consectetuer adipiscing elit. Donec odio. Quisque volutpat mattis eros. Nullam malesuada erat ut turpis. Suspendisse urna viverra non, semper suscipit, posuere a, pede. Donec nec justo eget felis facilisis fermentum. Aliquam porttitor mauris sit amet orci. Aenean dignissim pellentesque felis. Phasellus ultrices nulla quis nibh. Quisque a lectus. Donec consectetuer ligula vulputate sem tristique cursus.', NULL, NULL, NULL, NULL, 'Regular'),
(204, 'Gown', 'products/lUfIoGAtgfYJqRt4mkQbICdGwiu878eW7zixJthy.jpg', 1, '', 30, 1, 2499, 2599, 'C35DCF', '2025-07-12 15:44:46', 1, 1, 'Gown', NULL, NULL, NULL, NULL, 'Regular'),
(205, 'Gown', 'products/lUfIoGAtgfYJqRt4mkQbICdGwiu878eW7zixJthy.jpg', 2, '', 29, 2, 4998, 5998, 'C35DCF', '2025-07-12 15:44:46', 1, 1, 'Gown', NULL, NULL, NULL, NULL, 'Regular'),
(206, 'Women Bootcut Light Fade Stretchable Jeans', 'products/vDWMekpT4YO55802704c82uaxFRNMcuhe0E8HU22.jpg', 1, '', 32, 1, 1655, 2399, '59FACA', '2025-07-22 19:13:54', 1, 1, 'Product Details \r\nLight shade, light fade blue jeans\r\nBootcut, mid-rise\r\nClean look\r\nStretchable\r\n5 pocket\r\nLength: regular \r\n\r\nSize & Fit\r\nFit: Bootcut\r\nStretchable\r\nThe model (height 5\'8) is wearing a size 28\r\n\r\nMaterial & Care\r\nPoly Cotton\r\nMachine Wash', NULL, NULL, NULL, NULL, 'Regular'),
(207, 'Saree', 'products/tIGEOstIEtHzUI1y6WV2bYYyBZ2kJCXimN6oJBIP.jpg', 1, '', 26, 1, 1000, 1300, '59FACA', '2025-07-22 19:13:54', 1, 1, 'Trending Saree', NULL, NULL, NULL, NULL, 'Regular'),
(208, 'Women Bootcut Light Fade Stretchable Jeans', 'products/vDWMekpT4YO55802704c82uaxFRNMcuhe0E8HU22.jpg', 1, '', 32, 1, 1655, 2399, '9B9764', '2025-07-22 19:17:13', 1, 1, 'Product Details \r\nLight shade, light fade blue jeans\r\nBootcut, mid-rise\r\nClean look\r\nStretchable\r\n5 pocket\r\nLength: regular \r\n\r\nSize & Fit\r\nFit: Bootcut\r\nStretchable\r\nThe model (height 5\'8) is wearing a size 28\r\n\r\nMaterial & Care\r\nPoly Cotton\r\nMachine Wash', NULL, NULL, NULL, NULL, 'Regular'),
(209, 'Women Straight High Jeans', 'products/VGZJXSLAK6cwQM41ruj9wwQ79yV3Cbx4CU13t1Xx.jpg', 1, '', 33, 1, 1499, 1499, '683A09', '2025-07-22 19:20:05', 1, 1, '5-pocket jeans in rigid denim that feels firm at first but then softens and loosens with wear. Straight leg with a regular fit from the waist to the hip and a looser, straight cut from the thigh to the hem. High waist with a zip fly and button. Longer length, designed to fall over the foot with a stacking effect. This classic shape complements everything from hoodies to blazers.', NULL, NULL, NULL, NULL, 'Regular'),
(210, 'Women Bootcut Light Fade Stretchable Jeans', 'products/vDWMekpT4YO55802704c82uaxFRNMcuhe0E8HU22.jpg', 1, '', 32, 1, 1655, 2399, '359A9E', '2025-07-22 19:22:41', 1, 1, 'Product Details \r\nLight shade, light fade blue jeans\r\nBootcut, mid-rise\r\nClean look\r\nStretchable\r\n5 pocket\r\nLength: regular \r\n\r\nSize & Fit\r\nFit: Bootcut\r\nStretchable\r\nThe model (height 5\'8) is wearing a size 28\r\n\r\nMaterial & Care\r\nPoly Cotton\r\nMachine Wash', NULL, NULL, NULL, NULL, 'Regular'),
(211, 'Women Bootcut Light Fade Stretchable Jeans', 'products/vDWMekpT4YO55802704c82uaxFRNMcuhe0E8HU22.jpg', 1, '', 32, 1, 1655, 2399, '0D4433', '2025-07-23 12:47:05', 1, 1, 'Product Details \r\nLight shade, light fade blue jeans\r\nBootcut, mid-rise\r\nClean look\r\nStretchable\r\n5 pocket\r\nLength: regular \r\n\r\nSize & Fit\r\nFit: Bootcut\r\nStretchable\r\nThe model (height 5\'8) is wearing a size 28\r\n\r\nMaterial & Care\r\nPoly Cotton\r\nMachine Wash', NULL, NULL, NULL, NULL, 'Regular'),
(212, 'Women Bootcut Light Fade Stretchable Jeans', 'products/vDWMekpT4YO55802704c82uaxFRNMcuhe0E8HU22.jpg', 1, '', 32, 1, 1655, 2399, 'A827BE', '2025-07-23 16:47:04', 1, 1, 'Product Details \r\nLight shade, light fade blue jeans\r\nBootcut, mid-rise\r\nClean look\r\nStretchable\r\n5 pocket\r\nLength: regular \r\n\r\nSize & Fit\r\nFit: Bootcut\r\nStretchable\r\nThe model (height 5\'8) is wearing a size 28\r\n\r\nMaterial & Care\r\nPoly Cotton\r\nMachine Wash', NULL, NULL, NULL, NULL, 'Regular'),
(213, 'Gown', 'products/IrUlKS5OvUISv5p2mnpyFsPMfOVnjTWvhMIfBx1U.jpg', 1, '', 29, 1, 2499, 2999, '603EEC', '2025-07-24 18:10:44', 1, 1, 'Gown', NULL, NULL, NULL, NULL, 'Regular'),
(214, 'Silver Nylon Stretch Shimmer Leggings', 'products/hHeX9rjO7I869SngQJBLdp90X3FBmvURm5yxAwVx.png', 4, '', 2, 4, 2080, 2400, '603EEC', '2025-07-24 18:10:44', 1, 1, 'Silver Nylon Stretch Shimmer Leggings', NULL, NULL, NULL, NULL, 'Regular'),
(215, 'Saree', 'products/tIGEOstIEtHzUI1y6WV2bYYyBZ2kJCXimN6oJBIP.jpg', 1, '', 26, 1, 1000, 1300, '603EEC', '2025-07-24 18:10:44', 1, 1, 'Trending Saree', NULL, NULL, NULL, NULL, 'Regular'),
(216, 'Paper bag trousers', 'products/YJ1r9eqctSHDJMQJ6R1Ny453VqkKh18FlzQw4n2g.jpg', 1, '', 1, 1, 200, 300, '17FBFF', '2025-07-24 18:11:13', 1, 1, 'White Cotton Stretch Ankle Length Leggings', NULL, NULL, NULL, NULL, 'Regular'),
(217, 'Saree Trending Saree', 'products/abXrXdlEpyYkb0W5qEcNR962EADQYa2TPmQuGzoH.jpg', 1, '', 39, 1, 1999, 2999, 'EEAB36', '2025-07-24 19:17:41', 1, 1, 'Trending Saree', NULL, NULL, NULL, NULL, 'Regular'),
(218, 'Gown', 'products/IrUlKS5OvUISv5p2mnpyFsPMfOVnjTWvhMIfBx1U.jpg', 1, '', 29, 1, 2499, 2999, '324EFE', '2025-07-25 18:10:42', 1, 1, 'This exquisite gown features a flattering silhouette with delicate detailing that adds a touch of sophistication. Crafted from premium fabric, it drapes beautifully to enhance your natural elegance. Perfect for weddings, parties, or formal events, this gown ensures you stand out with timeless charm.', NULL, NULL, NULL, NULL, 'Regular'),
(219, 'Turtle Neck Party Dress', 'products/Yz0DADi7JqWPamYxyTj23MV0hODgSFEYLlqO3hBa.jpg', 1, '', 71, 1, 2990, 2990, 'C3CEF4', '2025-08-19 18:24:42', 1, 1, 'Size: L to XXL', NULL, NULL, NULL, NULL, 'Regular'),
(220, 'Peplum Top', 'products/AT2bgCqOxoKhxBM2RTW6cvBUuNwgBxyWs7MDtMpF.jpg', 1, '', 75, 1, 999, 999, '276E38', '2025-08-22 17:57:30', 1, 1, 'Size: XS-S', NULL, NULL, NULL, NULL, 'Regular'),
(221, 'Women Bootcut Light Fade Stretchable Jeans', 'products/vDWMekpT4YO55802704c82uaxFRNMcuhe0E8HU22.jpg', 1, '', 32, 1, 1655, 2399, '276E38', '2025-08-22 17:57:30', 1, 1, 'Product Details \r\nLight shade, light fade blue jeans\r\nBootcut, mid-rise\r\nClean look\r\nStretchable\r\n5 pocket\r\nLength: regular \r\n\r\nSize & Fit\r\nFit: Bootcut\r\nStretchable\r\nThe model (height 5\'8) is wearing a size 28\r\n\r\nMaterial & Care\r\nPoly Cotton\r\nMachine Wash', NULL, NULL, NULL, NULL, 'Regular'),
(222, 'Black Lace Top', 'products/TuN5RhhEfv7kswLm4wU2uEGGfQRKj2vpTpWE4bac.jpg', 1, '', 64, 1, 1990, 0, 'F260DA', '2025-08-22 17:58:57', 1, 1, 'Black Lace Top', NULL, NULL, NULL, NULL, 'Regular'),
(223, 'Black Lace Top', 'products/TuN5RhhEfv7kswLm4wU2uEGGfQRKj2vpTpWE4bac.jpg', 1, '', 64, 1, 1990, 0, '031614', '2025-08-22 18:00:15', 1, 1, 'Black Lace Top', NULL, NULL, NULL, NULL, 'Regular'),
(224, 'Black Lace Top', 'products/TuN5RhhEfv7kswLm4wU2uEGGfQRKj2vpTpWE4bac.jpg', 2, '', 64, 2, 3980, 0, '9BEEB4', '2025-08-22 18:01:44', 1, 1, 'Black Lace Top', NULL, NULL, NULL, NULL, 'Regular'),
(225, 'Mini Denim Dress', 'products/6Z50mNi6PIANtR8L0DdJRQmvXIsp4ep2j8R9yjP7.jpg', 1, '', 73, 1, 2500, 0, 'CFCAC0', '2025-08-25 15:38:45', 1, 1, 'Size: M-XL', NULL, NULL, NULL, NULL, 'Regular'),
(226, 'Jersey Pleated Top', 'products/q0Hu16yqccgCjvREvcZsQZEGdtu64S6wGZN69yIb.jpg', 1, '', 70, 1, 1000, 1000, 'FD6A6C', '2025-08-25 16:15:08', 1, 1, 'Super Top', NULL, NULL, NULL, NULL, 'Regular'),
(227, 'Lavender Tee', 'products/IfqNC7kpEN3tbaGXayLDrbxNCuBHIgoK2CXrAAJF.jpg', 1, '', 77, 1, 100, 100, 'FD6A6C', '2025-08-25 16:15:08', 1, 1, 'Free Size: Will fit S to M', NULL, NULL, NULL, NULL, 'Regular'),
(228, 'Black Lace Top', 'products/TuN5RhhEfv7kswLm4wU2uEGGfQRKj2vpTpWE4bac.jpg', 1, '', 64, 1, 1990, 0, 'E90DED', '2025-08-25 16:35:14', 1, 1, 'Black Lace Top', NULL, NULL, NULL, NULL, 'Regular'),
(229, 'Polka Maxi', 'products/1DR76pOj2ccayrq0TjWtWB4eMwPWi2mH6q6lIBAv.png', 1, '', 82, 1, 100, 0, '1416AA', '2025-08-26 17:40:45', 1, 1, 'Size: S-L', NULL, NULL, NULL, NULL, 'Regular'),
(230, 'Black Lace Top', 'products/TuN5RhhEfv7kswLm4wU2uEGGfQRKj2vpTpWE4bac.jpg', 2, '', 64, 2, 3980, 0, '65C371', '2025-08-26 18:36:16', 1, 1, 'Black Lace Top', NULL, NULL, NULL, NULL, 'Regular'),
(231, 'Black Lace Top', 'products/TuN5RhhEfv7kswLm4wU2uEGGfQRKj2vpTpWE4bac.jpg', 1, '', 64, 1, 1990, 0, '1385A8', '2025-08-26 18:39:00', 1, 1, 'Black Lace Top', NULL, NULL, NULL, NULL, 'Regular'),
(232, 'Black Lace Top', 'products/TuN5RhhEfv7kswLm4wU2uEGGfQRKj2vpTpWE4bac.jpg', 1, '', 64, 1, 1990, 0, '756B9A', '2025-08-26 18:40:25', 1, 1, 'Black Lace Top', NULL, NULL, NULL, NULL, 'Regular'),
(233, 'Black Lace Top', 'products/TuN5RhhEfv7kswLm4wU2uEGGfQRKj2vpTpWE4bac.jpg', 1, '', 64, 1, 1990, 0, '33D3D6', '2025-08-26 18:42:27', 1, 1, 'Black Lace Top', NULL, NULL, NULL, NULL, 'Regular'),
(234, 'Black Lace Top', 'products/TuN5RhhEfv7kswLm4wU2uEGGfQRKj2vpTpWE4bac.jpg', 1, '', 64, 1, 1990, 0, 'CED4A4', '2025-08-26 18:43:13', 1, 1, 'Black Lace Top', NULL, NULL, NULL, NULL, 'Regular'),
(235, 'Black Lace Top', 'products/TuN5RhhEfv7kswLm4wU2uEGGfQRKj2vpTpWE4bac.jpg', 1, '', 64, 1, 1990, 0, 'D59751', '2025-08-26 18:45:50', 1, 1, 'Black Lace Top', NULL, NULL, NULL, NULL, 'Regular'),
(236, 'Black Lace Top', 'products/TuN5RhhEfv7kswLm4wU2uEGGfQRKj2vpTpWE4bac.jpg', 1, '', 64, 1, 1990, 0, '309280', '2025-08-26 19:00:31', 1, 1, 'Black Lace Top', NULL, NULL, NULL, NULL, 'Regular'),
(237, 'Black Lace Top', 'products/TuN5RhhEfv7kswLm4wU2uEGGfQRKj2vpTpWE4bac.jpg', 1, '', 64, 1, 1990, 0, '7BF16C', '2025-08-26 19:03:15', 1, 1, 'Black Lace Top', NULL, NULL, NULL, NULL, 'Regular'),
(238, 'Black Lace Top', 'products/TuN5RhhEfv7kswLm4wU2uEGGfQRKj2vpTpWE4bac.jpg', 1, '', 64, 1, 1990, 0, 'E0DFE4', '2025-08-26 19:04:53', 1, 1, 'Black Lace Top', NULL, NULL, NULL, NULL, 'Regular'),
(239, 'Black Lace Top', 'products/TuN5RhhEfv7kswLm4wU2uEGGfQRKj2vpTpWE4bac.jpg', 1, '', 64, 1, 1990, 0, '410996', '2025-08-26 19:07:07', 1, 1, 'Black Lace Top', NULL, NULL, NULL, NULL, 'Regular'),
(240, 'Black Lace Top', 'products/TuN5RhhEfv7kswLm4wU2uEGGfQRKj2vpTpWE4bac.jpg', 1, '', 64, 1, 1990, 0, '0754C1', '2025-08-26 19:12:01', 1, 1, 'Black Lace Top', NULL, NULL, NULL, NULL, 'Regular'),
(241, 'Black Lace Top', 'products/TuN5RhhEfv7kswLm4wU2uEGGfQRKj2vpTpWE4bac.jpg', 1, '', 64, 1, 1990, 0, 'D774A9', '2025-08-26 19:15:09', 1, 1, 'Black Lace Top', NULL, NULL, NULL, NULL, 'Regular'),
(242, 'Black Lace Top', 'products/TuN5RhhEfv7kswLm4wU2uEGGfQRKj2vpTpWE4bac.jpg', 1, '', 64, 1, 1990, 0, '65D6C9', '2025-08-26 19:17:46', 1, 1, 'Black Lace Top', NULL, NULL, NULL, NULL, 'Regular'),
(243, 'Black Lace Top', 'products/TuN5RhhEfv7kswLm4wU2uEGGfQRKj2vpTpWE4bac.jpg', 1, '', 64, 1, 1990, 0, 'D74D94', '2025-08-26 19:20:23', 1, 1, 'Black Lace Top', NULL, NULL, NULL, NULL, 'Regular'),
(244, 'Black Lace Top', 'products/TuN5RhhEfv7kswLm4wU2uEGGfQRKj2vpTpWE4bac.jpg', 1, '', 64, 1, 1990, 0, 'B85668', '2025-08-26 19:24:12', 1, 1, 'Black Lace Top', NULL, NULL, NULL, NULL, 'Regular'),
(245, 'Black Lace Top', 'products/TuN5RhhEfv7kswLm4wU2uEGGfQRKj2vpTpWE4bac.jpg', 1, '', 64, 1, 1990, 0, '8DF663', '2025-08-26 19:26:18', 1, 1, 'Black Lace Top', NULL, NULL, NULL, NULL, 'Regular'),
(246, 'Pink and denim contrast shirt', 'products/YJaGRYykX0k8vztslSERMxdGRAeH8C39J9d3ICgX.jpg', 1, '', 76, 1, 2700, 0, 'C1613D', '2025-08-27 15:58:33', 1, 1, 'Size: S-L', NULL, NULL, NULL, NULL, 'Regular'),
(247, 'Pleated abstract print dress', 'products/Yz0DADi7JqWPamYxyTj23MV0hODgSFEYLlqO3hBa.jpg', 1, '', 71, 1, 5990, 0, '12ABC7', '2025-08-27 16:08:50', 1, 1, 'Size: M to XXL', NULL, NULL, NULL, NULL, 'Regular'),
(248, 'Cape-Sleeve Top', 'products/4MNVtBRFE7sMko7DGmPJNo6i6tRI8KtixdeLlVRZ.png', 1, '', 79, 1, 2800, 0, 'A8A278', '2025-08-28 18:00:42', 1, 1, 'Size: M-L', NULL, NULL, NULL, NULL, 'Regular'),
(249, 'Forest-Green Summer Coordset', 'products/Jv2vKdRWE3JaVQpZULRpC6oeAvJvmREybxBJvfXv.jpg', 1, '', 88, 1, 2280, 3250, '8158C9', '2025-09-04 10:15:44', 1, 1, 'Will fit Size: XS to M', NULL, NULL, NULL, NULL, 'Regular');

-- --------------------------------------------------------

--
-- Table structure for table `store_products`
--

CREATE TABLE `store_products` (
  `p_id` int NOT NULL,
  `varient_id` int NOT NULL,
  `stock` int NOT NULL,
  `store_id` int NOT NULL,
  `mrp` float NOT NULL,
  `price` float NOT NULL,
  `min_ord_qty` int NOT NULL DEFAULT '1',
  `max_ord_qty` int NOT NULL DEFAULT '100'
) ENGINE=InnoDB DEFAULT CHARSET=utf8mb4 COLLATE=utf8mb4_unicode_ci;

-- --------------------------------------------------------

--
-- Table structure for table `store_society`
--

CREATE TABLE `store_society` (
  `store_society_id` int NOT NULL,
  `society_id` int NOT NULL,
  `store_id` int NOT NULL
) ENGINE=InnoDB DEFAULT CHARSET=utf8mb4 COLLATE=utf8mb4_unicode_ci;

-- --------------------------------------------------------

--
-- Table structure for table `tags`
--

CREATE TABLE `tags` (
  `tag_id` int NOT NULL,
  `product_id` int NOT NULL,
  `tag` varchar(255) CHARACTER SET utf8mb4 COLLATE utf8mb4_general_ci NOT NULL
) ENGINE=InnoDB DEFAULT CHARSET=utf8mb4 COLLATE=utf8mb4_general_ci;

-- --------------------------------------------------------

--
-- Table structure for table `tax_types`
--

CREATE TABLE `tax_types` (
  `tax_id` int NOT NULL,
  `name` varchar(200) CHARACTER SET utf8mb4 COLLATE utf8mb4_unicode_ci NOT NULL
) ENGINE=InnoDB DEFAULT CHARSET=utf8mb4 COLLATE=utf8mb4_unicode_ci;

--
-- Dumping data for table `tax_types`
--

INSERT INTO `tax_types` (`tax_id`, `name`) VALUES
(3, 'GST');

-- --------------------------------------------------------

--
-- Table structure for table `tbl_referral`
--

CREATE TABLE `tbl_referral` (
  `id` int NOT NULL,
  `user_id` int NOT NULL,
  `referral_by` int NOT NULL,
  `created_at` date NOT NULL
) ENGINE=InnoDB DEFAULT CHARSET=utf8mb4 COLLATE=utf8mb4_general_ci;

-- --------------------------------------------------------

--
-- Table structure for table `tbl_top_cat`
--

CREATE TABLE `tbl_top_cat` (
  `id` int NOT NULL,
  `cat_id` int NOT NULL,
  `cat_rank` int NOT NULL,
  `created_at` varchar(255) CHARACTER SET utf8mb4 COLLATE utf8mb4_unicode_ci NOT NULL,
  `updated_at` varchar(255) CHARACTER SET utf8mb4 COLLATE utf8mb4_unicode_ci NOT NULL
) ENGINE=InnoDB DEFAULT CHARSET=utf8mb4 COLLATE=utf8mb4_unicode_ci;

-- --------------------------------------------------------

--
-- Table structure for table `tbl_web_setting`
--

CREATE TABLE `tbl_web_setting` (
  `set_id` int NOT NULL,
  `icon` varchar(255) CHARACTER SET utf8mb4 COLLATE utf8mb4_unicode_ci NOT NULL,
  `name` varchar(255) CHARACTER SET utf8mb4 COLLATE utf8mb4_unicode_ci NOT NULL,
  `favicon` varchar(255) CHARACTER SET utf8mb4 COLLATE utf8mb4_unicode_ci NOT NULL,
  `number_limit` int NOT NULL,
  `last_loc` int NOT NULL DEFAULT '0',
  `footer_text` longtext CHARACTER SET utf8mb4 COLLATE utf8mb4_unicode_ci,
  `live_chat` int NOT NULL DEFAULT '1'
) ENGINE=InnoDB DEFAULT CHARSET=utf8mb4 COLLATE=utf8mb4_unicode_ci;

--
-- Dumping data for table `tbl_web_setting`
--

INSERT INTO `tbl_web_setting` (`set_id`, `icon`, `name`, `favicon`, `number_limit`, `last_loc`, `footer_text`, `live_chat`) VALUES
(1, '/images/app_logo/app_icon/22-12-2021/gogrocer-new.png', 'GoGrocer', '/images/app_logo/favicon/22-12-2021/gogrocer-new.png', 10, 1, '© 2021, made with  by Tecmanic', 1);

-- --------------------------------------------------------

--
-- Table structure for table `termspage`
--

CREATE TABLE `termspage` (
  `term_id` int NOT NULL,
  `title` varchar(255) CHARACTER SET utf8mb4 COLLATE utf8mb4_unicode_ci NOT NULL,
  `description` longtext CHARACTER SET utf8mb4 COLLATE utf8mb4_unicode_ci NOT NULL,
  `created_at` timestamp NOT NULL DEFAULT CURRENT_TIMESTAMP,
  `updated_at` timestamp NOT NULL DEFAULT CURRENT_TIMESTAMP
) ENGINE=InnoDB DEFAULT CHARSET=utf8mb4 COLLATE=utf8mb4_unicode_ci;

--
-- Dumping data for table `termspage`
--

INSERT INTO `termspage` (`term_id`, `title`, `description`, `created_at`, `updated_at`) VALUES
(1, 'Terms & Condition', '<div class=\"terms-and-conditions page-conetnt\">\r\n    <p>Welcome to <strong>SOAP OPERA</strong> Website. It\'s owned and operated by <strong>SOAP OPERA</strong>. By accessing our website or placing an order, you agree to the following terms. Please read them carefully.</p>\r\n\r\n    <h3>1. Website Use</h3>\r\n    <p>By using our site, you confirm that:</p>\r\n    <ul>\r\n        <li>You are 18+ or under guardian supervision.</li>\r\n        <li>All information you provide is accurate.</li>\r\n        <li>You will not use the site for unlawful activities.</li>\r\n    </ul>\r\n\r\n    <h3>2. Products & Orders</h3>\r\n    <ul>\r\n        <li>All items are subject to availability.</li>\r\n        <li>We reserve the right to limit or cancel orders.</li>\r\n        <li>Orders may be declined if found fraudulent or in breach of these terms.</li>\r\n    </ul>\r\n\r\n    <h3>3. Pricing & Payments</h3>\r\n    <ul>\r\n        <li>Prices are in INR and inclusive of applicable taxes.</li>\r\n        <li>Orders are confirmed only after successful payment.</li>\r\n    </ul>\r\n\r\n    <h3>4. Intellectual Property</h3>\r\n    <p>All content on this website is the property of <strong>SOAP OPERA</strong> and protected by law. Use or reproduction without written permission is prohibited.</p>\r\n\r\n    <h3>5. Limitation of Liability</h3>\r\n    <p>We strive for accuracy but do not guarantee uninterrupted or error-free access. <strong>SOAP OPERA</strong> is not liable for any damages resulting from site use or purchases.</p>\r\n\r\n    <h3>6. User Conduct</h3>\r\n    <p>You agree not to:</p>\r\n    <ul>\r\n        <li>Violate laws or third-party rights</li>\r\n        <li>Distribute malware or harmful content</li>\r\n        <li>Attempt unauthorized access to our systems</li>\r\n    </ul>\r\n\r\n    <h3>7. Governing Law</h3>\r\n    <p>These terms are governed by Indian law, with jurisdiction in <strong>Mumbai, Maharashtra</strong>.</p>\r\n\r\n    <h3>8. Policy Updates</h3>\r\n    <p>We may revise these terms at any time. Continued use of the site means you accept the changes.</p>\r\n\r\n    <h3>9. Contact Us</h3>\r\n    <p><strong>SOAP OPERA</strong><br> </p>\r\n<ul>\r\n <li>   📍 Shop No.9A, Ground Floor, Chennoy Mansion Warden Road, Kemps Corner Near Mucchad Paan<br> Wala. Opp. St.Stephen church Next to Gangar Optician. Mumbai 400026. </li> \r\n<li>     📧 <a href=\"mailto:Soapoperastore@gmail.com\">Soapoperastore@gmail.com</a></li> \r\n<li>     📞  +91 9820166550 / +91 9321319542</li> \r\n   </ul>\r\n</div>', '2025-04-25 04:59:33', '2025-06-21 11:40:34');

-- --------------------------------------------------------

--
-- Table structure for table `time_slot`
--

CREATE TABLE `time_slot` (
  `time_slot_id` int NOT NULL,
  `open_hour` varchar(255) CHARACTER SET utf8mb4 COLLATE utf8mb4_unicode_ci NOT NULL,
  `close_hour` varchar(255) CHARACTER SET utf8mb4 COLLATE utf8mb4_unicode_ci NOT NULL,
  `time_slot` int NOT NULL
) ENGINE=InnoDB DEFAULT CHARSET=utf8mb4 COLLATE=utf8mb4_unicode_ci;

-- --------------------------------------------------------

--
-- Table structure for table `trending_search`
--

CREATE TABLE `trending_search` (
  `trend_id` int NOT NULL,
  `varient_id` int NOT NULL
) ENGINE=InnoDB DEFAULT CHARSET=utf8mb4 COLLATE=utf8mb4_unicode_ci;

-- --------------------------------------------------------

--
-- Table structure for table `user_notification`
--

CREATE TABLE `user_notification` (
  `noti_id` int NOT NULL,
  `user_id` int NOT NULL,
  `noti_title` varchar(255) CHARACTER SET utf8mb4 COLLATE utf8mb4_unicode_ci NOT NULL,
  `image` varchar(255) CHARACTER SET utf8mb4 COLLATE utf8mb4_unicode_ci DEFAULT NULL,
  `noti_message` longtext CHARACTER SET utf8mb4 COLLATE utf8mb4_unicode_ci NOT NULL,
  `read_by_user` int NOT NULL DEFAULT '0',
  `created_at` datetime DEFAULT CURRENT_TIMESTAMP
) ENGINE=InnoDB DEFAULT CHARSET=utf8mb4 COLLATE=utf8mb4_unicode_ci;

-- --------------------------------------------------------

--
-- Table structure for table `user_support`
--

CREATE TABLE `user_support` (
  `supp_id` int NOT NULL,
  `query` varchar(255) CHARACTER SET utf8mb4 COLLATE utf8mb4_unicode_ci NOT NULL,
  `id` int NOT NULL,
  `type` varchar(255) CHARACTER SET utf8mb4 COLLATE utf8mb4_unicode_ci NOT NULL,
  `created_at` varchar(255) CHARACTER SET utf8mb4 COLLATE utf8mb4_unicode_ci NOT NULL
) ENGINE=InnoDB DEFAULT CHARSET=utf8mb4 COLLATE=utf8mb4_unicode_ci;

-- --------------------------------------------------------

--
-- Table structure for table `variations`
--

CREATE TABLE `variations` (
  `id` int NOT NULL,
  `uuid` varchar(255) CHARACTER SET utf8mb4 COLLATE utf8mb4_general_ci NOT NULL,
  `product_id` int NOT NULL,
  `price` int DEFAULT NULL,
  `mrp` int NOT NULL,
  `stock` varchar(255) CHARACTER SET utf8mb4 COLLATE utf8mb4_general_ci NOT NULL,
  `image` varchar(255) CHARACTER SET utf8mb4 COLLATE utf8mb4_general_ci DEFAULT NULL,
  `is_deleted` tinyint(1) NOT NULL DEFAULT '0',
  `created_at` timestamp NOT NULL DEFAULT CURRENT_TIMESTAMP,
  `updated_at` timestamp NOT NULL DEFAULT CURRENT_TIMESTAMP
) ENGINE=InnoDB DEFAULT CHARSET=utf8mb4 COLLATE=utf8mb4_general_ci;

--
-- Dumping data for table `variations`
--

INSERT INTO `variations` (`id`, `uuid`, `product_id`, `price`, `mrp`, `stock`, `image`, `is_deleted`, `created_at`, `updated_at`) VALUES
(1, '4f8e2dce-85d1-4b1a-b3b2-d4a4b8f9d20e', 1, 200, 300, '586', 'variations/q4Z5z7GCOzxnvB3VV4d7mjn8P9ks2KaipDvRntkH.webp', 0, '2025-04-07 11:52:52', '2025-07-24 18:11:13'),
(2, 'a71c1d3e-76e9-4db2-8920-5d91ad3e6a3b', 2, 520, 600, '344', 'variations/c2Qsj6EMssXUkNoMIn0ZjZxDNUxdQ9xl0Yt8RQMZ.webp', 0, '2025-04-07 18:55:37', '2025-07-24 18:10:44'),
(3, '87f2e1cd-299f-40de-8e4a-6e8e1b125e18', 3, 300, 400, '137', 'variations/Wa8LJMNOkWWS3b0YJXgywRoLLDom0OoJ3JCXbbbS.webp', 0, '2025-04-09 18:51:32', '2025-07-03 19:10:25'),
(4, 'e3b4c9a2-9dd9-4438-b0e6-f0a1cd327a7c', 3, 400, 500, '157', 'variations/RNc8Jlh4cBgdlb7Ci8HeIUCMe2OMhAANkh8X1Uwb.webp', 0, '2025-04-09 18:51:32', '2025-04-23 10:02:53'),
(5, '17c8f3ef-8e89-4ef9-872b-2cf2ea3b1f50', 3, 800, 900, '471', 'variations/plPJ8HimAzRfKpcy0U5jL5GRGNtGkvMcJpQshyqY.jpg', 0, '2025-04-09 18:51:32', '2025-07-03 18:21:51'),
(6, 'c6a2db21-b3cf-46e4-bd56-174b29c5b378', 4, 650, 800, '192', '0', 0, '2025-04-10 10:34:22', '2025-07-02 18:44:45'),
(7, '2f963d3c-5fcb-4d0f-a6f2-d59e1fef72be', 4, 400, 500, '599', 'variations/nY7BJkraA6JMA4c0duFbAWcNfsysQeU3LbaEzQe9.png', 1, '2025-04-10 10:34:22', '2025-06-09 14:01:33'),
(8, '58ec33db-7a7e-41e2-9d1a-9e88e8e4e12c', 4, 350, 500, '600', 'variations/HHGqpD43vuT4sKwEgrFh6iOe9w4KE3Zbu04LSC0T.webp', 1, '2025-04-10 10:34:22', '2025-06-09 14:01:33'),
(9, 'b3d7e342-11fd-49a4-9a6a-4bbd2cf97d98', 4, 800, 900, '194', 'variations/CAaWNYh1p33YQt2RQ1j5WpcS6ZgPfgNL17lWpnMg.png', 1, '2025-04-10 10:34:22', '2025-06-09 14:01:33'),
(10, '9dbf5b5a-c0e6-4424-a057-b0c9fe1a1f46', 4, 400, 500, '195', 'variations/agnh9S5yBnsnJuD2Os8DEPRhTKEnWnmLLoWeOKUw.png', 1, '2025-04-10 10:34:22', '2025-06-09 14:01:33'),
(11, '788067d7-1e26-4379-8dc5-d32c5352f17a', 1, 400, 500, '169', 'variations/BFwVL6LDZHxVIpj6mXRy4PVs0gSzuojhfLzMF8Hg.jpg', 0, '2025-04-14 15:52:35', '2025-04-28 16:24:44'),
(12, 'c38e372e-5356-42c9-8a19-44801f317ae1', 4, 600, 800, '200', 'variations/pD9Off2LXSbWfJXQFjQen0TMI6P5Qm0fx3ge9RlC.jpg', 1, '2025-04-14 20:56:34', '2025-06-09 14:01:33'),
(13, '49326462-0101-4022-80af-0f8257c0b1db', 1, 750, 820, '540', 'variations/56PXS9tv1b06MGQWmIGEfFdhulfho85CTJGKnawk.jpg', 0, '2025-04-16 18:51:33', '2025-04-24 17:35:06'),
(14, '7883d4c1-7dec-4e12-87cd-93cf00a0a8e1', 4, 600, 700, '499', 'variations/GbReOfRjRelWkDU3wLzzBRzevIgIDcXrjfrGpy0t.jpg', 1, '2025-04-16 18:58:05', '2025-06-09 14:01:33'),
(16, '91c9feba-6dbc-4740-a026-3b09fa75e95a', 8, 400, 500, '275', 'variations/MNeJzF4s5vOJPSMbrTYvAZtGIvOyhWi3bKRiyEZS.jpg', 0, '2025-04-21 18:42:46', '2025-07-04 11:40:11'),
(18, '39fbf9b6-5256-49f6-9bf3-7f46b76eab0f', 11, 250, 5000, '1176', 'products/UqktKsQqMF6v3w6cXRrr65AAT6TtIjXX7cqSPcwa.jpg', 0, '2025-04-28 17:17:57', '2025-07-01 15:46:12'),
(19, 'f3a636f8-f4f0-4711-8989-7ee6eef981d4', 12, 300, 450, '1185', '0', 1, '2025-04-28 17:36:01', '2025-07-09 14:44:40'),
(20, '8d47cdee-a089-4d00-a1b9-56ef214f647d', 12, 350, 500, '1200', 'variations/93uZlHZqHybyF6sjDFaYLL6A7gKAt1lvMtV0jvw5.webp', 1, '2025-04-28 18:27:35', '2025-06-09 13:59:20'),
(21, '718888d9-6952-4663-a1cd-ecc825114b91', 12, 350, 500, '1200', 'variations/d1vqqkyJJIks4wWLjFulgnNPxG1xh6aynq67SEmn.webp', 1, '2025-04-28 18:29:18', '2025-06-09 13:59:20'),
(22, '3b423255-83d2-430d-aad9-4034583acf88', 12, 350, 500, '1199', 'variations/m56l85OHxwyzIgyyzTte7dbRx063fEaQkYIuUKUe.webp', 1, '2025-04-28 18:29:50', '2025-06-09 13:59:20'),
(23, 'c4d0d596-2329-44cd-97d9-d46d607f8df1', 8, 200, 300, '0', 'variations/m9s5Q4ylsyduhQ7MXap60Rvl5qZwoPzzFdmA0dN7.jpg', 0, '2025-06-09 13:56:14', '2025-06-13 17:04:36'),
(24, '7931ae14-4141-4fbd-88f8-ebd4097c9cc7', 13, 2500, 2999, '86', 'products/uRod02Xm5XGilOOoId9ybr650LBqGisdPTo6glff.jpg', 0, '2025-06-09 19:35:53', '2025-07-04 11:40:11'),
(25, 'dd6fc74a-88b8-4b96-a6fe-61a1a1058b58', 14, 299, 499, '0', 'products/3cA9M1NxJBX48Pqr9xn4bdu9pvGoEGMzSJIPWZMV.jpg', 0, '2025-06-23 15:04:39', '2025-07-25 13:02:10'),
(26, 'e5aa985a-8bce-462b-8323-957e9a2513b6', 15, 1000, 1300, '86', 'variations/qwINYQHE2VvhcAqs1GtqIYXEMA2LW7J795oUQewf.jpg', 0, '2025-06-27 11:39:45', '2025-07-24 18:10:44'),
(27, '41190de2-6336-4a48-95e0-421bbf2a4210', 15, 999, 1400, '99', 'variations/SFGdYDlJ6ThjYcVVOh8mZAo5lYaH1KNNUwejZCdG.jpg', 0, '2025-06-27 11:39:45', '2025-07-03 10:30:26'),
(29, '8b3b2f5c-f4eb-402e-8e95-b7108b4469f7', 17, 2499, 2999, '1', 'variations/guPYWfYmzzqdFsemLaPKqCkveI3Wmy1jdZH5d6VQ.jpg', 0, '2025-07-04 14:34:51', '2025-07-25 18:10:42'),
(30, '45d985f5-bbfa-4340-a7c5-e266217e0438', 17, 2499, 2599, '1', 'variations/OHRPRNwMXAAnTL4qCg72OAiR9ylPLNIJcg0zIjLw.jpg', 0, '2025-07-11 17:59:11', '2025-07-12 16:00:10'),
(32, '6113a07c-d90c-4c2a-b1d0-182301b04dbe', 19, 1655, 2399, '93', NULL, 0, '2025-07-14 16:18:54', '2025-08-22 17:57:30'),
(33, '0e578953-a8b5-4c07-9b7f-b3562885dea8', 20, 1499, 1499, '49', 'variations/CR2Xk9rKweRFFkTgZm1YSusa9A0qcgprN1ha3dN6.jpg', 0, '2025-07-14 17:36:57', '2025-07-22 19:20:05'),
(34, '8fdf1c58-0924-41b8-8790-231c5e3f6155', 20, 1699, 1599, '20', 'variations/SiWLbD1IjMXp2rRg1tFMzfrFTDroiclRWxiDEPIJ.jpg', 0, '2025-07-14 17:44:24', '2025-07-14 17:44:24'),
(35, 'e68c2416-119b-4f57-8ded-d4e4580d83d4', 21, 1147, 1999, '99', NULL, 0, '2025-07-21 23:58:34', '2025-07-21 23:58:34'),
(36, '10e12d52-acb1-410e-af32-c6a1549f6e54', 22, 499, 1479, '9', 'variations/qvxRpb3brydxMo0WZ9tTXR9d42H13s23jXsA00Sn.jpg', 0, '2025-07-22 00:15:48', '2025-07-22 00:15:48'),
(37, 'e212f34e-e2ad-49ff-b206-94f50fdafb50', 22, 699, 999, '10', 'variations/A3NPXXDDJuAOHXNryxnmUhULzqhj8vKHRtlFGguo.jpg', 0, '2025-07-22 00:15:48', '2025-07-22 00:15:48'),
(38, 'd1603cdb-2748-4572-a8df-2939529cfbed', 22, 599, 1299, '25', 'variations/38tJQNX5WrGtl6cs1rl15TEdNJsGumbG471wkJY9.jpg', 0, '2025-07-22 00:15:48', '2025-07-22 00:15:48'),
(39, 'dca4eb53-10a2-461b-82b7-c5bb437cea5a', 23, 1999, 2999, '199', 'variations/nQYtuC2rNwKJ374kEZxRAOUEucd2colSqjhPEULh.jpg', 0, '2025-07-24 18:55:05', '2025-07-25 11:58:09'),
(40, 'a2ffbf55-f211-46ce-b7f0-fcf7a091559d', 24, 839, 199, '10000', NULL, 0, '2025-07-25 12:20:41', '2025-07-25 12:20:41'),
(41, '8d173872-850f-4d63-9f69-b45c66f09773', 25, 999, 1200, '9', 'products/JbYEQ9wD9oa6RfJsGYzeeqXvU0J6io5PkpDDRMkA.jpg', 0, '2025-07-25 12:28:32', '2025-07-25 15:18:22'),
(42, '6f34b091-2f34-4408-b390-7c8277975c03', 26, 999, 1200, '1', NULL, 0, '2025-07-25 12:32:48', '2025-07-25 12:32:48'),
(43, '7cf65b73-8ca0-49eb-a702-3b4a953bc1e0', 27, 999, 999, '1000', NULL, 0, '2025-07-25 17:10:20', '2025-07-25 17:10:20'),
(44, '6d5efbcf-c6cf-4446-a1b9-19f0b43ef29a', 28, 2999, 2999, '1000', 'variations/dCxIStinpxfKH7xdlWDUuVtn1M6y7urQucorhGPN.jpg', 0, '2025-07-25 18:58:26', '2025-07-25 18:58:26'),
(45, '14309909-5c70-49d9-833a-1beb5c28a59e', 28, 1599, 1599, '1000', 'variations/EtdegetPsRk5BGfdoOvtgjyopOF9JzSNVCVHRywB.jpg', 0, '2025-07-25 18:58:26', '2025-07-28 15:25:49'),
(46, '1a9b4d00-6fb8-463a-ab94-4079e8aab0d5', 28, 2999, 2999, '1000', 'variations/j1eOk2GfR3u5QY19x0cwXNPVaUbvpheenpfX3VI9.jpg', 0, '2025-07-25 19:05:41', '2025-07-28 15:25:49'),
(47, '8176daaa-c783-498c-a692-520e60ce0376', 29, 220, 220, '1000', 'variations/mmfa1cYQqp2o8q5FvRVoEDFzO8cleiLCLJBdtYKI.jpg', 0, '2025-07-31 14:24:27', '2025-07-31 14:24:27'),
(48, 'a5b98971-f2bf-4f32-b6f1-a9dc55191b0b', 29, 220, 220, '1000', 'variations/e5jaJw9KkiZu7uh3y7KePknSaFsUGCXs9WAb5mn4.jpg', 0, '2025-07-31 14:24:27', '2025-07-31 14:24:27'),
(49, '1df2c7ba-94c1-44d5-bd68-2355d2b94cfb', 29, 220, 220, '1000', 'variations/H6iDrckgnUoGQPGYHOYNPScTKAEb2JByW9Mv23JP.jpg', 0, '2025-07-31 14:24:27', '2025-07-31 14:24:27'),
(50, '40cf9db9-7c69-4800-98d5-5e7e000d6341', 29, 220, 220, '1000', 'variations/l1kfYFUSN7BV9BF9dyTZY94mbBYEVZUgN8BRnPhd.jpg', 0, '2025-07-31 14:24:27', '2025-07-31 14:24:27'),
(51, '62fc52dd-6985-48a7-9ce6-4b697922f860', 30, 1000, 1000, '1', 'products/tThCgpxGvYYbNW6RJtM7eBMtnU0ra45xs1Blb77A.jpg', 0, '2025-07-31 18:29:35', '2025-08-04 13:01:39'),
(52, 'fcec52a0-9f54-410c-bb9a-f1b3ec718acf', 31, 990, 1450, '1', 'variations/mS0VYSO6CGt4atGe2TFUCNzcDf0qplgDoj8vwlWG.jpg', 0, '2025-07-31 18:36:04', '2025-07-31 18:39:01'),
(53, '93534875-b764-4f0c-82da-6cee1528db39', 31, 990, 1450, '1', 'variations/LEvO0jxCzDKl9vz1ameMAWl1IXUIGO2eYbc3G2C5.jpg', 0, '2025-07-31 18:36:04', '2025-07-31 18:39:01'),
(54, '607aba08-8e6d-4798-8d9d-0bada6bc14d6', 32, 1450, 1450, '1', 'variations/gLDfyCKRPi78WmOCsJAfW5jtZ7QDvscgKkDhwK3J.jpg', 1, '2025-08-01 22:38:30', '2025-08-28 19:24:18'),
(55, '1bdd7346-8d1f-4b3b-b360-daa49fd5dd92', 32, 1450, 1450, '1', 'variations/OhXZpRlNPDU36WGjDVLaGgaWYIHfeC9yZz1a5Oos.jpg', 1, '2025-08-01 22:38:30', '2025-08-28 19:24:18'),
(56, 'f4149b8c-55e7-415d-9079-d6c409020146', 32, 1450, 1450, '1', 'variations/drVYlcxHMo0ZZ6VFDQtFSIaAKAg2gTTpAmZ6lAvx.jpg', 1, '2025-08-01 22:38:30', '2025-08-28 19:24:18'),
(57, '05eef8e6-4956-4371-a360-a882e571844b', 33, 3400, 0, '0', 'products/HcrGDIHVHfZiSuZLp43Tu8dzeHEXYXWrqt13g0sd.jpg', 0, '2025-08-01 22:53:24', '2025-09-01 13:39:50'),
(58, 'cb4535ae-cb92-4076-aa9f-c29491f8f67d', 34, 1500, 1500, '1', 'variations/wjZWNpCOwKZ6pjA2xJD6mle6fK0Lqvsk2tBDdQKz.jpg', 1, '2025-08-01 23:07:42', '2025-08-28 19:13:40'),
(59, 'a4978eac-a4a6-4ea1-8f62-02f03913a3a8', 34, 1500, 1500, '0', 'variations/Uw5dVTsiJVSHEhPz7BDtfzYgdzL0nEvh9gb5V43v.jpg', 1, '2025-08-01 23:07:42', '2025-08-28 19:13:40'),
(60, '14ca4743-3fae-44ee-ba52-1d75c37c9264', 35, 3160, 0, '1', 'products/q5xGC2E5Vb6KXy3mY5wG60S0ighpQrWg3EdxGwXd.jpg', 0, '2025-08-04 17:47:54', '2025-08-28 19:11:01'),
(61, '598341cd-80cf-4e79-a9cc-ce1f5a54a88f', 36, 1450, 1450, '1', 'variations/fxHadTNs1jcHpI33ZFTtAyNUdEaTZiE7SYPpAtCE.jpg', 0, '2025-08-04 17:59:41', '2025-08-04 17:59:41'),
(62, 'ffc1c57e-1f61-4899-9016-8c2f8d170a9a', 36, 1450, 1450, '1', 'variations/5bUsSPMiQgquJASTmb92L1i4Rz70eWHRxizEndAG.jpg', 0, '2025-08-04 17:59:41', '2025-08-04 17:59:41'),
(63, '525c9b6e-bf81-4f2c-8da4-5657b743e649', 36, 1450, 1450, '1', 'variations/CVfkB0hNkmB5jt5emyTbAIkTrQ6iJa2l0Dp1y0pg.jpg', 1, '2025-08-04 17:59:41', '2025-08-04 18:05:46'),
(64, 'e38b93e5-c198-4c37-acda-216789aa454d', 37, 1990, 0, '1', 'products/TuN5RhhEfv7kswLm4wU2uEGGfQRKj2vpTpWE4bac.jpg', 0, '2025-08-04 18:23:43', '2025-08-26 19:26:18'),
(65, '7e43010f-a27b-44b7-b4f9-76e23568a317', 38, 1550, 1550, '1', 'products/24AQnDUMNIyE6G4KocfeQsZzPCCtvWZsTMp7z8PJ.jpg', 0, '2025-08-04 18:32:30', '2025-08-04 18:56:00'),
(66, '2e109544-7e15-4ffd-b42f-364faee3ad4f', 39, 1990, 1990, '1', 'products/eT7IrMmfwpw2mNj6Tt0WC7FumOIUfp7vdFTOLbaD.jpg', 0, '2025-08-04 18:48:40', '2025-08-04 18:54:38'),
(67, 'fe7a66c3-4e23-445a-aafb-3eca17d65aac', 40, 999, 999, '1', NULL, 0, '2025-08-05 14:59:22', '2025-08-05 14:59:22'),
(68, '0b161d41-56c0-4652-8706-df535835e693', 41, 999, 999, '1', NULL, 0, '2025-08-05 15:08:25', '2025-08-05 15:08:25'),
(69, '2325347e-c111-4b68-bc2b-549b3099c232', 42, 5500, 5500, '1', 'products/SweqXMkbcwwkGQn07nHDo85QdtnIgAw2veNAZMGd.jpg', 0, '2025-08-05 18:49:53', '2025-09-02 19:55:56'),
(70, 'ba3ae7c1-dea3-452b-a1e9-eac1401d1bdb', 43, 2190, 0, '1', 'products/q0Hu16yqccgCjvREvcZsQZEGdtu64S6wGZN69yIb.jpg', 0, '2025-08-06 12:45:50', '2025-08-28 18:37:54'),
(71, 'e4888991-d813-462f-a953-481194ee9ef3', 44, 5990, 0, '0', 'products/Yz0DADi7JqWPamYxyTj23MV0hODgSFEYLlqO3hBa.jpg', 0, '2025-08-06 12:56:23', '2025-08-27 16:08:50'),
(72, 'c3d80bf6-3ed2-472d-97e8-8b59c113f663', 36, 1450, 1450, '1', 'variations/3HtjjWY18scH1APOPm19hwS1hmwbeyPCEOer37KF.jpg', 0, '2025-08-06 13:00:01', '2025-08-06 13:00:01'),
(73, '4bfbd4e5-c8a0-4529-85ca-1cf321082853', 45, 2500, 0, '0', 'products/6Z50mNi6PIANtR8L0DdJRQmvXIsp4ep2j8R9yjP7.jpg', 0, '2025-08-06 13:18:02', '2025-08-27 15:18:22'),
(74, '7bd5155e-69f5-4427-bbc5-ef9ce64977b5', 46, 2500, 0, '1', 'products/NP1JbUC23vPU2Gw5EwqVmvLZhGIdWliBKOuiZpyM.jpg', 0, '2025-08-06 13:24:27', '2025-08-06 13:25:34'),
(75, '52b20bff-6321-4a08-a3c3-a390b4d6718a', 47, 2350, 0, '1', 'products/AT2bgCqOxoKhxBM2RTW6cvBUuNwgBxyWs7MDtMpF.jpg', 0, '2025-08-06 13:34:45', '2025-08-27 15:15:54'),
(76, '2b987522-8d72-4930-b12f-e963b5f223b9', 48, 2700, 0, '0', 'products/YJaGRYykX0k8vztslSERMxdGRAeH8C39J9d3ICgX.jpg', 0, '2025-08-06 13:40:24', '2025-08-27 15:58:33'),
(77, '09f1efc5-218a-4b1a-93ba-27b0cd9e7738', 49, 1490, 0, '1', 'products/IfqNC7kpEN3tbaGXayLDrbxNCuBHIgoK2CXrAAJF.jpg', 0, '2025-08-19 17:06:19', '2025-08-27 14:57:28'),
(78, '51d3adc4-267c-4b74-af99-fe72c8a430e8', 50, 2190, 0, '1', 'products/maieRwGpEOekZV9RrjkmmdIiw4wHsGmjVm0rl2S5.jpg', 0, '2025-08-19 17:15:57', '2025-08-27 14:50:32'),
(79, '8496d3e6-e1ac-4897-89dc-2cde67d69266', 51, 2800, 0, '0', 'products/4MNVtBRFE7sMko7DGmPJNo6i6tRI8KtixdeLlVRZ.png', 0, '2025-08-19 18:11:02', '2025-08-28 18:00:42'),
(80, '25153c63-c22e-48b3-a2b9-2446963d7c98', 52, 100, 100, '1', NULL, 0, '2025-08-23 13:54:42', '2025-08-23 13:54:42'),
(81, '3a67909c-9625-4545-98fd-a62b44463c0c', 53, 100, 100, '1', NULL, 0, '2025-08-25 20:36:12', '2025-08-25 20:36:12'),
(82, '468be3e6-1ef5-420a-b1bd-1a3a5b5527a2', 54, 3250, 0, '1', 'products/1DR76pOj2ccayrq0TjWtWB4eMwPWi2mH6q6lIBAv.png', 0, '2025-08-25 20:56:38', '2025-08-27 13:23:55'),
(83, '6b26f49d-2d3d-43a7-b5fb-e897d9e1d2f2', 55, 2590, 2590, '1', 'variations/cMH5NS4AIcrdFeBKm5tgBy6T0rjuVRK7UZJDBM2A.png', 1, '2025-08-27 15:49:49', '2025-08-28 18:17:30'),
(84, '847d389a-237e-4bdc-a5f8-975951efaad5', 55, 2590, 2590, '1', 'variations/QFpHYh0yLadKTqBLjHr8Bgwbzglmt4f5iI54grzV.png', 1, '2025-08-27 15:49:49', '2025-08-28 18:17:30'),
(85, '0b8fad89-42bd-4366-8e91-0cc923f00ae8', 56, 2990, 0, '1', 'products/q9SGJiUEOM0RDHjZmZLMf5UvjclRAuSwQMAjMmfs.jpg', 0, '2025-08-28 11:16:47', '2025-08-28 17:12:51'),
(86, '5848f688-e15e-4534-83f2-875560be840f', 55, 2590, 2590, '1', 'variations/BEX8S35P10K9J0Uo3OHU3FPNhJbpawW959YcPTAg.png', 0, '2025-08-28 18:23:58', '2025-08-28 18:23:58'),
(87, 'f7acb77a-9b02-48ef-bd50-d47f55a2afed', 55, 2590, 2590, '1', 'variations/HFvtYjWsmWIziMXYWyacHhEYMdbhwdclqkyI5BQx.jpg', 0, '2025-08-28 18:23:58', '2025-08-28 18:23:58'),
(88, '4b015426-42f7-4089-a9a7-8013027ef1e7', 57, 2280, 3250, '0', 'products/Jv2vKdRWE3JaVQpZULRpC6oeAvJvmREybxBJvfXv.jpg', 0, '2025-08-29 17:59:50', '2025-09-04 10:15:44'),
(89, 'cf869f4c-5136-4283-bb84-85f408cc316e', 58, 2440, 3490, '1', 'products/l33OUj0ohgcs5LsbQBfMBuZ8mFH8B2E9cdK8FaGV.png', 0, '2025-08-29 20:18:56', '2025-08-29 20:24:45'),
(90, '4b0a5e2b-afe2-47d9-8599-dc57fdd54cfc', 59, 2170, 0, '1', 'products/PhHaCeaPozu0XiYnx5hYtd1UKH7PGIkphL7Mb7Xh.png', 0, '2025-08-31 12:32:48', '2025-08-31 12:34:15'),
(91, 'f1cd7c4e-1b99-4e51-a8d8-51bca474f684', 60, 1890, 2700, '1', 'products/YTjgisGgrt4TZ07wibZ44tx7Hbc8of0BC4S3gBZB.jpg', 0, '2025-08-31 12:45:47', '2025-08-31 12:46:43'),
(92, '2a13de13-4df3-45e5-b837-c952d34b8de4', 61, 3240, 3600, '1', 'products/eweNmvd20dAVtv7Onb21PQk41g2OeocyTTBJ7RRj.png', 0, '2025-08-31 21:28:17', '2025-08-31 21:30:25'),
(93, 'b0950d5b-f733-41f4-b029-a0a69bf1b0ef', 62, 2775, 3700, '1', 'products/quZaY1sXBUEvfSdT9xFpNncQcx3ewoUI50Jb8GxM.png', 0, '2025-08-31 22:17:14', '2025-08-31 22:18:26'),
(94, '55d16a74-69d7-4248-b0ff-b4b9ce66521c', 63, 1890, 1890, '1', NULL, 0, '2025-09-01 13:38:36', '2025-09-01 13:38:36'),
(95, 'a71a0034-2479-4db9-8b66-c4c67d5d4013', 64, 0, 2500, '1', 'variations/hSaqgk1cyiLg3puRxp6B8447MmjrPQ72T3yCbrrR.jpg', 0, '2025-09-01 13:52:05', '2025-09-01 13:52:05'),
(96, '6249de9d-d415-4fa7-b55c-bb307b2b4a55', 65, 1640, 2730, '1', 'products/XU11xuVUNFrBW8y20tam7bhU8H8AYrCDwy5E9FrI.png', 0, '2025-09-01 20:18:04', '2025-09-01 20:18:31'),
(97, 'b84b28fd-2efc-4d07-8cf2-69cd3f729c20', 66, 2550, 2550, '1', NULL, 0, '2025-09-02 18:33:14', '2025-09-02 18:33:14'),
(98, '640e43c5-9dd7-4a72-ac80-25952e642d18', 67, 3300, 3300, '1', NULL, 0, '2025-09-02 18:40:58', '2025-09-02 18:40:58'),
(99, 'e2e178de-c000-4d51-bb78-f8d128e4cc63', 68, 2450, 2450, '1', NULL, 0, '2025-09-02 18:51:59', '2025-09-02 18:51:59'),
(100, '7ea1b47b-332d-4928-bd25-e13085de8b64', 69, 2450, 2450, '1', 'products/grtqig6QUK7yamzBNveSrzpBVl3d2tGt7AdpRwwl.jpg', 0, '2025-09-02 19:04:30', '2025-09-03 09:35:59'),
(101, '5840a260-84f2-4aad-aa17-52da175d94f0', 70, 2450, 2450, '1', 'products/MOXlRiLbPOtM3DsegdcCGRHOxUjmH50ijTtxa747.png', 0, '2025-09-02 19:12:34', '2025-09-02 19:55:21'),
(102, '6abad612-0fa1-45d5-8043-f26588b61575', 71, 1880, 2500, '1', 'products/x9HvGPE2DpE10a9I1QeX3c0T7STkBkTO0cvFNb6y.png', 0, '2025-09-03 09:42:43', '2025-09-03 09:47:25'),
(103, 'c31625ec-5c2c-4e88-b265-d80e8e3cbf8c', 72, 2990, 2990, '1', 'variations/wXpXVbbtQR53XqWw16y8cnxRHgXD0CD2S4COWQZX.png', 0, '2025-09-03 09:53:39', '2025-09-03 09:53:39'),
(104, '2fd7c602-6e3b-45a1-835d-07cb167c5890', 72, 2990, 2990, '1', NULL, 0, '2025-09-03 09:53:39', '2025-09-03 09:53:39'),
(105, '0911f5ac-b4b0-4ce6-bf87-5017fcd852c6', 73, 2100, 2100, '1', 'products/CcogK5JypAaRbKP63RYRpz3oqj0Uvtr2sKflMw3v.png', 0, '2025-09-03 16:41:42', '2025-09-03 16:52:24'),
(106, 'c9485824-aa32-4ac6-bd14-7cf9dc5ea0bd', 74, 2590, 2590, '1', NULL, 0, '2025-09-03 17:12:47', '2025-09-03 17:12:47'),
(107, 'ac6862d0-6505-4593-8b7e-9ee0c938c625', 75, 2880, 3600, '1', 'products/1LRy7CMfEJXUxKscZ0nR5XWKST21s9xC7FYNg70i.png', 0, '2025-09-03 19:42:31', '2025-09-03 21:11:27'),
(108, '425e527d-74a7-430f-959b-d61dfd94abe9', 76, 1590, 1990, '1', 'products/q55q93SfXQoulcmaN5yj5jArKR186oz2ZFslTRjQ.jpg', 0, '2025-09-04 16:06:24', '2025-09-04 16:07:36'),
(109, '394bc9dc-040c-400f-9d6c-23c8cbb14d1a', 77, 2550, 2550, '1', NULL, 0, '2025-09-04 18:37:07', '2025-09-04 18:37:07');

-- --------------------------------------------------------

--
-- Table structure for table `variation_attributes`
--

CREATE TABLE `variation_attributes` (
  `id` int NOT NULL,
  `variation_id` int NOT NULL,
  `attribute_id` int NOT NULL,
  `is_deleted` tinyint(1) NOT NULL DEFAULT '0',
  `created_at` timestamp NOT NULL DEFAULT CURRENT_TIMESTAMP,
  `updated_at` timestamp NOT NULL DEFAULT CURRENT_TIMESTAMP
) ENGINE=InnoDB DEFAULT CHARSET=utf8mb4 COLLATE=utf8mb4_general_ci;

--
-- Dumping data for table `variation_attributes`
--

INSERT INTO `variation_attributes` (`id`, `variation_id`, `attribute_id`, `is_deleted`, `created_at`, `updated_at`) VALUES
(1, 1, 1, 0, '2025-04-07 11:52:52', '2025-04-07 11:52:52'),
(2, 1, 5, 0, '2025-04-07 11:52:52', '2025-04-07 11:52:52'),
(3, 2, 1, 0, '2025-04-07 18:55:37', '2025-04-07 18:55:37'),
(4, 2, 6, 0, '2025-04-07 18:55:37', '2025-04-07 18:55:37'),
(5, 3, 1, 0, '2025-04-09 18:51:32', '2025-04-09 18:51:32'),
(6, 3, 5, 0, '2025-04-09 18:51:32', '2025-04-09 18:51:32'),
(7, 4, 2, 0, '2025-04-09 18:51:32', '2025-04-09 18:51:32'),
(8, 4, 6, 0, '2025-04-09 18:51:32', '2025-04-09 18:51:32'),
(9, 5, 3, 0, '2025-04-09 18:51:32', '2025-04-09 18:51:32'),
(10, 5, 7, 0, '2025-04-09 18:51:32', '2025-04-09 18:51:32'),
(11, 6, 1, 0, '2025-04-10 10:34:22', '2025-04-10 10:34:22'),
(12, 6, 4, 0, '2025-04-10 10:34:22', '2025-04-10 10:34:22'),
(13, 7, 2, 1, '2025-04-10 10:34:22', '2025-06-09 14:01:33'),
(14, 7, 6, 1, '2025-04-10 10:34:22', '2025-06-09 14:01:33'),
(15, 8, 3, 1, '2025-04-10 10:34:22', '2025-06-09 14:01:33'),
(16, 8, 5, 1, '2025-04-10 10:34:22', '2025-06-09 14:01:33'),
(17, 9, 3, 1, '2025-04-10 10:34:22', '2025-06-09 14:01:33'),
(18, 9, 7, 1, '2025-04-10 10:34:22', '2025-06-09 14:01:33'),
(19, 10, 8, 1, '2025-04-10 10:34:22', '2025-06-09 14:01:33'),
(20, 10, 9, 1, '2025-04-10 10:34:22', '2025-06-09 14:01:33'),
(21, 11, 3, 0, '2025-04-14 15:52:35', '2025-04-14 15:52:35'),
(22, 11, 7, 0, '2025-04-14 15:52:35', '2025-04-14 15:52:35'),
(23, 12, 8, 1, '2025-04-14 20:56:34', '2025-06-09 14:01:33'),
(24, 12, 4, 1, '2025-04-14 20:56:34', '2025-06-09 14:01:33'),
(25, 13, 2, 0, '2025-04-16 18:51:33', '2025-04-16 18:51:33'),
(26, 13, 6, 0, '2025-04-16 18:51:33', '2025-04-16 18:51:33'),
(27, 14, 3, 1, '2025-04-16 18:58:05', '2025-06-09 14:01:33'),
(28, 14, 4, 1, '2025-04-16 18:58:05', '2025-06-09 14:01:33'),
(31, 16, 1, 0, '2025-04-21 18:42:46', '2025-04-21 18:42:46'),
(32, 16, 5, 0, '2025-04-21 18:42:46', '2025-04-21 18:42:46'),
(33, 19, 1, 1, '2025-04-28 17:36:01', '2025-06-09 13:59:20'),
(34, 19, 5, 1, '2025-04-28 17:36:01', '2025-06-09 13:59:20'),
(35, 20, 1, 1, '2025-04-28 18:27:35', '2025-06-09 13:59:20'),
(36, 20, 4, 1, '2025-04-28 18:27:35', '2025-06-09 13:59:20'),
(37, 21, 2, 1, '2025-04-28 18:29:18', '2025-06-09 13:59:20'),
(38, 21, 6, 1, '2025-04-28 18:29:18', '2025-06-09 13:59:20'),
(39, 22, 2, 1, '2025-04-28 18:29:50', '2025-06-09 13:59:20'),
(40, 22, 7, 1, '2025-04-28 18:29:50', '2025-06-09 13:59:20'),
(41, 23, 2, 0, '2025-06-09 13:56:14', '2025-06-09 13:56:14'),
(42, 23, 6, 0, '2025-06-09 13:56:14', '2025-06-09 13:56:14'),
(43, 26, 5, 0, '2025-06-27 11:39:45', '2025-06-27 11:39:45'),
(44, 27, 4, 0, '2025-06-27 11:39:45', '2025-06-27 11:39:45'),
(45, 29, 4, 0, '2025-07-04 14:34:51', '2025-07-04 14:34:51'),
(46, 30, 1, 0, '2025-07-11 17:59:11', '2025-07-11 17:59:11'),
(47, 30, 5, 0, '2025-07-11 17:59:11', '2025-07-11 17:59:11'),
(48, 33, 6, 0, '2025-07-14 17:36:57', '2025-07-14 17:36:57'),
(49, 34, 2, 0, '2025-07-14 17:44:24', '2025-07-14 17:44:24'),
(50, 34, 13, 0, '2025-07-14 17:44:24', '2025-07-14 17:44:24'),
(51, 36, 1, 0, '2025-07-22 00:15:48', '2025-07-22 00:15:48'),
(52, 36, 4, 0, '2025-07-22 00:15:48', '2025-07-22 00:15:48'),
(53, 37, 1, 0, '2025-07-22 00:15:48', '2025-07-22 00:15:48'),
(54, 37, 5, 0, '2025-07-22 00:15:48', '2025-07-22 00:15:48'),
(55, 38, 2, 0, '2025-07-22 00:15:48', '2025-07-22 00:15:48'),
(56, 38, 14, 0, '2025-07-22 00:15:48', '2025-07-22 00:15:48'),
(57, 39, 6, 0, '2025-07-24 18:55:05', '2025-07-24 18:55:05'),
(58, 44, 2, 0, '2025-07-25 18:58:26', '2025-07-25 18:58:26'),
(59, 44, 16, 0, '2025-07-25 18:58:26', '2025-07-25 18:58:26'),
(60, 45, 3, 0, '2025-07-25 18:58:26', '2025-07-25 18:58:26'),
(61, 45, 4, 0, '2025-07-25 18:58:26', '2025-07-25 18:58:26'),
(62, 46, 2, 0, '2025-07-25 19:05:41', '2025-07-25 19:05:41'),
(63, 46, 16, 0, '2025-07-25 19:05:41', '2025-07-25 19:05:41'),
(64, 47, 1, 0, '2025-07-31 14:24:27', '2025-07-31 14:24:27'),
(65, 47, 14, 0, '2025-07-31 14:24:27', '2025-07-31 14:24:27'),
(66, 48, 2, 0, '2025-07-31 14:24:27', '2025-07-31 14:24:27'),
(67, 48, 14, 0, '2025-07-31 14:24:27', '2025-07-31 14:24:27'),
(68, 49, 3, 0, '2025-07-31 14:24:27', '2025-07-31 14:24:27'),
(69, 49, 14, 0, '2025-07-31 14:24:27', '2025-07-31 14:24:27'),
(70, 50, 8, 0, '2025-07-31 14:24:27', '2025-07-31 14:24:27'),
(71, 50, 14, 0, '2025-07-31 14:24:27', '2025-07-31 14:24:27'),
(72, 52, 2, 0, '2025-07-31 18:36:04', '2025-07-31 18:36:04'),
(73, 52, 17, 0, '2025-07-31 18:36:04', '2025-07-31 18:36:04'),
(74, 53, 3, 0, '2025-07-31 18:36:04', '2025-07-31 18:36:04'),
(75, 53, 15, 0, '2025-07-31 18:36:04', '2025-07-31 18:36:04'),
(76, 54, 2, 1, '2025-08-01 22:38:30', '2025-08-28 19:24:18'),
(77, 54, 6, 1, '2025-08-01 22:38:30', '2025-08-28 19:24:18'),
(78, 55, 2, 1, '2025-08-01 22:38:30', '2025-08-28 19:24:18'),
(79, 55, 14, 1, '2025-08-01 22:38:30', '2025-08-28 19:24:18'),
(80, 56, 2, 1, '2025-08-01 22:38:30', '2025-08-28 19:24:18'),
(81, 56, 6, 1, '2025-08-01 22:38:30', '2025-08-28 19:24:18'),
(82, 58, 1, 1, '2025-08-01 23:07:42', '2025-08-28 19:13:40'),
(83, 58, 4, 1, '2025-08-01 23:07:42', '2025-08-28 19:13:40'),
(84, 59, 1, 1, '2025-08-01 23:07:42', '2025-08-28 19:13:40'),
(85, 59, 14, 1, '2025-08-01 23:07:42', '2025-08-28 19:13:40'),
(86, 61, 3, 0, '2025-08-04 17:59:41', '2025-08-04 17:59:41'),
(87, 61, 21, 0, '2025-08-04 17:59:41', '2025-08-04 17:59:41'),
(88, 62, 3, 0, '2025-08-04 17:59:41', '2025-08-04 17:59:41'),
(89, 62, 14, 0, '2025-08-04 17:59:41', '2025-08-04 17:59:41'),
(90, 63, 1, 1, '2025-08-04 17:59:41', '2025-08-04 18:05:46'),
(91, 63, 17, 1, '2025-08-04 17:59:41', '2025-08-04 18:05:46'),
(92, 72, 8, 0, '2025-08-06 13:00:01', '2025-08-06 13:00:01'),
(93, 72, 22, 0, '2025-08-06 13:00:01', '2025-08-06 13:00:01'),
(94, 83, 21, 1, '2025-08-27 15:49:49', '2025-08-28 18:17:30'),
(95, 84, 25, 1, '2025-08-27 15:49:49', '2025-08-28 18:17:30'),
(96, 86, 21, 0, '2025-08-28 18:23:58', '2025-08-28 18:23:58'),
(97, 87, 26, 0, '2025-08-28 18:23:58', '2025-08-28 18:23:58'),
(98, 95, 1, 0, '2025-09-01 13:52:05', '2025-09-01 13:52:05'),
(99, 103, 22, 0, '2025-09-03 09:53:39', '2025-09-03 09:53:39'),
(100, 104, 26, 0, '2025-09-03 09:53:39', '2025-09-03 09:53:39');

-- --------------------------------------------------------

--
-- Table structure for table `videos`
--

CREATE TABLE `videos` (
  `id` int NOT NULL,
  `uuid` varchar(255) NOT NULL,
  `video` varchar(255) NOT NULL,
  `created_at` timestamp NOT NULL DEFAULT CURRENT_TIMESTAMP,
  `updated_at` timestamp NOT NULL DEFAULT CURRENT_TIMESTAMP
) ENGINE=InnoDB DEFAULT CHARSET=utf8mb4 COLLATE=utf8mb4_0900_ai_ci;

--
-- Dumping data for table `videos`
--

INSERT INTO `videos` (`id`, `uuid`, `video`, `created_at`, `updated_at`) VALUES
(15, 'bcadd73d-8a4e-4d8f-ac41-31be464f579f', 'videos/MfGPORYKKO5dfEr5yiYyeLfv1F5tjdeY1IxZmHxP.mp4', '2025-04-17 13:16:55', '2025-04-17 13:16:55'),
(16, '745362d6-9884-43bd-b285-00a85191db3b', 'videos/fmSbg8PEHG9mzZfjaMr714tPtuvtCA8RqaE5AOF2.mp4', '2025-04-17 13:20:22', '2025-04-17 13:20:22'),
(17, '581aa5e1-3ae6-46ca-a0e0-f0769dc96067', 'videos/RFh4PMmTIIKtg14FUtzujrHll0lJumj84pXlXyGL.mp4', '2025-04-17 13:20:41', '2025-04-17 13:20:41'),
(18, '121ef664-76aa-4532-99f3-cf92023246a0', 'videos/7MKb8eBimRID1t0QWTSAxJ4R37uRhb4zq8mZMDHr.mp4', '2025-04-17 13:20:57', '2025-04-17 13:20:57'),
(19, '6b6b0bbc-3ed6-402f-b328-a30416d3c96a', 'videos/WjDEjJ2kPOH6Nua319M0BdoiexIGZ9r6Sm6G7THR.mp4', '2025-04-17 13:21:17', '2025-04-17 13:21:17');

-- --------------------------------------------------------

--
-- Table structure for table `wallet_recharge_history`
--

CREATE TABLE `wallet_recharge_history` (
  `wallet_recharge_history` int NOT NULL,
  `user_id` int NOT NULL,
  `recharge_status` varchar(255) CHARACTER SET utf8mb4 COLLATE utf8mb4_unicode_ci NOT NULL,
  `amount` float NOT NULL,
  `payment_gateway` varchar(255) CHARACTER SET utf8mb4 COLLATE utf8mb4_unicode_ci NOT NULL,
  `date_of_recharge` date NOT NULL
) ENGINE=InnoDB DEFAULT CHARSET=utf8mb4 COLLATE=utf8mb4_unicode_ci;

-- --------------------------------------------------------

--
-- Table structure for table `wishlist`
--

CREATE TABLE `wishlist` (
  `wish_id` int NOT NULL,
  `user_id` int NOT NULL,
  `product_id` int NOT NULL,
  `quantity` varchar(255) CHARACTER SET utf8mb4 COLLATE utf8mb4_unicode_ci NOT NULL,
  `unit` varchar(255) CHARACTER SET utf8mb4 COLLATE utf8mb4_unicode_ci NOT NULL,
  `price` varchar(255) CHARACTER SET utf8mb4 COLLATE utf8mb4_unicode_ci NOT NULL,
  `mrp` varchar(255) CHARACTER SET utf8mb4 COLLATE utf8mb4_unicode_ci NOT NULL,
  `product_name` varchar(255) CHARACTER SET utf8mb4 COLLATE utf8mb4_unicode_ci NOT NULL,
  `description` longtext CHARACTER SET utf8mb4 COLLATE utf8mb4_unicode_ci NOT NULL,
  `product_image` varchar(255) CHARACTER SET utf8mb4 COLLATE utf8mb4_unicode_ci NOT NULL,
  `store_id` int NOT NULL,
  `created_at` datetime NOT NULL DEFAULT CURRENT_TIMESTAMP,
  `updated_at` datetime NOT NULL DEFAULT CURRENT_TIMESTAMP
) ENGINE=InnoDB DEFAULT CHARSET=utf8mb4 COLLATE=utf8mb4_unicode_ci;

--
-- Dumping data for table `wishlist`
--

INSERT INTO `wishlist` (`wish_id`, `user_id`, `product_id`, `quantity`, `unit`, `price`, `mrp`, `product_name`, `description`, `product_image`, `store_id`, `created_at`, `updated_at`) VALUES
(38, 7, 1, '1', '', '499', '599', 'Paper bag trousers', 'White Cotton Stretch Ankle Length Leggings', 'products/YJ1r9eqctSHDJMQJ6R1Ny453VqkKh18FlzQw4n2g.jpg', 1, '2025-06-25 17:58:42', '2025-06-25 17:58:42'),
(39, 7, 4, '2', '', '650', '700', 'Navy Ponte Smart Fit Leggings', 'Navy Ponte Smart Fit Leggings', 'products/aKp5JxDrd0L2oxcTTbSQpZFRfQFFdqesPXPgs8rm.jpg', 1, '2025-06-25 18:14:21', '2025-06-30 13:22:56'),
(40, 7, 12, '1', '', '350', '450', 'Coord Set', 'Product Information\r\nLorem ipsum dolor sit amet, consectetuer adipiscing elit. Donec odio. Quisque volutpat mattis eros. Nullam malesuada erat ut turpis. Suspendisse urna viverra non, semper suscipit, posuere a, pede. Donec nec justo eget felis facilisis fermentum. Aliquam porttitor mauris sit amet orci. Aenean dignissim pellentesque felis. Phasellus ultrices nulla quis nibh. Quisque a lectus. Donec consectetuer ligula vulputate sem tristique cursus.\r\n\r\nNunc nec porttitor turpis. In eu risus enim. In vitae mollis elit.\r\nVivamus finibus vel mauris ut vehicula.\r\nNullam a magna porttitor, dictum risus nec, faucibus sapien.\r\nLorem ipsum dolor sit amet, consectetuer adipiscing elit. Donec odio. Quisque volutpat mattis eros. Nullam malesuada erat ut turpis. Suspendisse urna viverra non, semper suscipit, posuere a, pede. Donec nec justo eget felis facilisis fermentum. Aliquam porttitor mauris sit amet orci. Aenean dignissim pellentesque felis. Phasellus ultrices nulla quis nibh. Quisque a lectus. Donec consectetuer ligula vulputate sem tristique cursus.', 'products/3UdnVMK6TjN5S03m60oE18pCCYQkxNeViyjzHKpC.jpg', 1, '2025-06-25 22:57:25', '2025-06-25 22:57:25'),
(42, 10, 1, '1', '', '200', '300', 'Paper bag trousers', 'White Cotton Stretch Ankle Length Leggings', 'products/YJ1r9eqctSHDJMQJ6R1Ny453VqkKh18FlzQw4n2g.jpg', 1, '2025-06-26 17:10:34', '2025-06-26 17:10:34'),
(43, 10, 13, '1', '', '2500', '2999', 'Test Product', 'Test', 'products/uRod02Xm5XGilOOoId9ybr650LBqGisdPTo6glff.jpg', 1, '2025-06-26 17:10:34', '2025-06-26 17:10:34'),
(47, 12, 12, '1', '', '300', '450', 'Coord Set', 'Product Information\r\nLorem ipsum dolor sit amet, consectetuer adipiscing elit. Donec odio. Quisque volutpat mattis eros. Nullam malesuada erat ut turpis. Suspendisse urna viverra non, semper suscipit, posuere a, pede. Donec nec justo eget felis facilisis fermentum. Aliquam porttitor mauris sit amet orci. Aenean dignissim pellentesque felis. Phasellus ultrices nulla quis nibh. Quisque a lectus. Donec consectetuer ligula vulputate sem tristique cursus.\r\n\r\nNunc nec porttitor turpis. In eu risus enim. In vitae mollis elit.\r\nVivamus finibus vel mauris ut vehicula.\r\nNullam a magna porttitor, dictum risus nec, faucibus sapien.\r\nLorem ipsum dolor sit amet, consectetuer adipiscing elit. Donec odio. Quisque volutpat mattis eros. Nullam malesuada erat ut turpis. Suspendisse urna viverra non, semper suscipit, posuere a, pede. Donec nec justo eget felis facilisis fermentum. Aliquam porttitor mauris sit amet orci. Aenean dignissim pellentesque felis. Phasellus ultrices nulla quis nibh. Quisque a lectus. Donec consectetuer ligula vulputate sem tristique cursus.', 'products/3UdnVMK6TjN5S03m60oE18pCCYQkxNeViyjzHKpC.jpg', 1, '2025-07-01 16:21:52', '2025-07-01 16:21:52'),
(53, 8, 3, '1', '', '400', '500', 'Blush Pink Cotton Stretch Cropped Leggings', 'Blush Pink Cotton Stretch Cropped Leggings', 'products/Z6cilFSpRtsugSXcrHCeuSdKIllb1HvDQzjJSJI3.png', 1, '2025-07-03 17:30:00', '2025-07-03 17:30:00'),
(54, 8, 12, '1', '', '350', '450', 'Coord Set', 'Product Information\r\nLorem ipsum dolor sit amet, consectetuer adipiscing elit. Donec odio. Quisque volutpat mattis eros. Nullam malesuada erat ut turpis. Suspendisse urna viverra non, semper suscipit, posuere a, pede. Donec nec justo eget felis facilisis fermentum. Aliquam porttitor mauris sit amet orci. Aenean dignissim pellentesque felis. Phasellus ultrices nulla quis nibh. Quisque a lectus. Donec consectetuer ligula vulputate sem tristique cursus.\r\n\r\nNunc nec porttitor turpis. In eu risus enim. In vitae mollis elit.\r\nVivamus finibus vel mauris ut vehicula.\r\nNullam a magna porttitor, dictum risus nec, faucibus sapien.\r\nLorem ipsum dolor sit amet, consectetuer adipiscing elit. Donec odio. Quisque volutpat mattis eros. Nullam malesuada erat ut turpis. Suspendisse urna viverra non, semper suscipit, posuere a, pede. Donec nec justo eget felis facilisis fermentum. Aliquam porttitor mauris sit amet orci. Aenean dignissim pellentesque felis. Phasellus ultrices nulla quis nibh. Quisque a lectus. Donec consectetuer ligula vulputate sem tristique cursus.', 'products/3UdnVMK6TjN5S03m60oE18pCCYQkxNeViyjzHKpC.jpg', 1, '2025-07-03 17:30:59', '2025-07-03 17:30:59'),
(55, 8, 15, '1', '', '999', '1200', 'Saree', 'Trending Saree', 'products/tIGEOstIEtHzUI1y6WV2bYYyBZ2kJCXimN6oJBIP.jpg', 1, '2025-07-03 17:32:05', '2025-07-03 17:32:05'),
(68, 5, 1, '1', '', '499', '599', 'Paper bag trousers', 'White Cotton Stretch Ankle Length Leggings', 'products/YJ1r9eqctSHDJMQJ6R1Ny453VqkKh18FlzQw4n2g.jpg', 1, '2025-07-03 18:18:53', '2025-07-03 18:18:53'),
(69, 5, 3, '1', '', '400', '500', 'Blush Pink Cotton Stretch Cropped Leggings', 'Blush Pink Cotton Stretch Cropped Leggings', 'products/Z6cilFSpRtsugSXcrHCeuSdKIllb1HvDQzjJSJI3.png', 1, '2025-07-03 18:18:58', '2025-07-03 18:18:58'),
(70, 5, 15, '1', '', '999', '1200', 'Saree', 'Trending Saree', 'products/tIGEOstIEtHzUI1y6WV2bYYyBZ2kJCXimN6oJBIP.jpg', 1, '2025-07-03 18:51:28', '2025-07-03 18:51:28'),
(71, 5, 2, '1', '', '520', '600', 'Silver Nylon Stretch Shimmer Leggings', 'Silver Nylon Stretch Shimmer Leggings', 'products/hHeX9rjO7I869SngQJBLdp90X3FBmvURm5yxAwVx.png', 1, '2025-07-07 14:17:35', '2025-07-07 14:17:35'),
(72, 13, 15, '1', '', '1000', '1300', 'Saree', 'Trending Saree', 'products/tIGEOstIEtHzUI1y6WV2bYYyBZ2kJCXimN6oJBIP.jpg', 1, '2025-07-07 16:32:18', '2025-07-07 16:32:18'),
(73, 13, 17, '1', '', '2499', '2999', 'Gown', 'Gown', 'products/9lKuHwxT78AXQ4mUSek02F7YrxVEKXXsKh7IlEEH.jpg', 1, '2025-07-07 16:32:18', '2025-07-07 16:32:18'),
(74, 13, 14, '1', '', '299', '499', 'Skirts', 'Skirts', 'products/3cA9M1NxJBX48Pqr9xn4bdu9pvGoEGMzSJIPWZMV.jpg', 1, '2025-07-07 16:32:18', '2025-07-07 16:32:18'),
(75, 13, 1, '1', '', '200', '300', 'Paper bag trousers', 'White Cotton Stretch Ankle Length Leggings', 'products/YJ1r9eqctSHDJMQJ6R1Ny453VqkKh18FlzQw4n2g.jpg', 1, '2025-07-07 16:32:18', '2025-07-07 16:32:18'),
(77, 18, 43, '1', '', '1000', '1000', 'Jersey Pleated Top', 'Super Top', 'products/q0Hu16yqccgCjvREvcZsQZEGdtu64S6wGZN69yIb.jpg', 1, '2025-08-25 16:22:24', '2025-08-25 16:22:24');

--
-- Indexes for dumped tables
--

--
-- Indexes for table `aboutuspage`
--
ALTER TABLE `aboutuspage`
  ADD PRIMARY KEY (`about_id`);

--
-- Indexes for table `address`
--
ALTER TABLE `address`
  ADD PRIMARY KEY (`address_id`);

--
-- Indexes for table `admin_driver_incentive`
--
ALTER TABLE `admin_driver_incentive`
  ADD PRIMARY KEY (`id`);

--
-- Indexes for table `admin_payouts`
--
ALTER TABLE `admin_payouts`
  ADD PRIMARY KEY (`payout_id`);

--
-- Indexes for table `app_link`
--
ALTER TABLE `app_link`
  ADD PRIMARY KEY (`id`);

--
-- Indexes for table `app_notice`
--
ALTER TABLE `app_notice`
  ADD PRIMARY KEY (`app_notice_id`);

--
-- Indexes for table `attributes`
--
ALTER TABLE `attributes`
  ADD PRIMARY KEY (`id`);

--
-- Indexes for table `attribute_options`
--
ALTER TABLE `attribute_options`
  ADD PRIMARY KEY (`id`);

--
-- Indexes for table `banners`
--
ALTER TABLE `banners`
  ADD PRIMARY KEY (`id`);

--
-- Indexes for table `callback_req`
--
ALTER TABLE `callback_req`
  ADD PRIMARY KEY (`callback_req_id`);

--
-- Indexes for table `cancelandrefundpage`
--
ALTER TABLE `cancelandrefundpage`
  ADD PRIMARY KEY (`id`);

--
-- Indexes for table `cancel_for`
--
ALTER TABLE `cancel_for`
  ADD PRIMARY KEY (`res_id`);

--
-- Indexes for table `cart`
--
ALTER TABLE `cart`
  ADD PRIMARY KEY (`cart_id`),
  ADD KEY `product_id` (`product_id`),
  ADD KEY `varient_id` (`variation_id`),
  ADD KEY `user_id` (`user_id`);

--
-- Indexes for table `cart_payments`
--
ALTER TABLE `cart_payments`
  ADD PRIMARY KEY (`py_id`);

--
-- Indexes for table `cart_rewards`
--
ALTER TABLE `cart_rewards`
  ADD PRIMARY KEY (`cart_rewards_id`);

--
-- Indexes for table `cart_status`
--
ALTER TABLE `cart_status`
  ADD PRIMARY KEY (`status_id`);

--
-- Indexes for table `categories`
--
ALTER TABLE `categories`
  ADD PRIMARY KEY (`cat_id`);

--
-- Indexes for table `city`
--
ALTER TABLE `city`
  ADD PRIMARY KEY (`city_id`);

--
-- Indexes for table `contact_us`
--
ALTER TABLE `contact_us`
  ADD PRIMARY KEY (`id`);

--
-- Indexes for table `country_code`
--
ALTER TABLE `country_code`
  ADD PRIMARY KEY (`code_id`);

--
-- Indexes for table `coupon`
--
ALTER TABLE `coupon`
  ADD PRIMARY KEY (`coupon_id`);

--
-- Indexes for table `coupon_backup`
--
ALTER TABLE `coupon_backup`
  ADD PRIMARY KEY (`coupon_id`);

--
-- Indexes for table `currency`
--
ALTER TABLE `currency`
  ADD PRIMARY KEY (`id`);

--
-- Indexes for table `deal_product`
--
ALTER TABLE `deal_product`
  ADD PRIMARY KEY (`deal_id`);

--
-- Indexes for table `delivery_rating`
--
ALTER TABLE `delivery_rating`
  ADD PRIMARY KEY (`rating_id`);

--
-- Indexes for table `deliver_boy_stores`
--
ALTER TABLE `deliver_boy_stores`
  ADD PRIMARY KEY (`id_record`);

--
-- Indexes for table `driver_bank`
--
ALTER TABLE `driver_bank`
  ADD PRIMARY KEY (`ac_id`);

--
-- Indexes for table `driver_callback_req`
--
ALTER TABLE `driver_callback_req`
  ADD PRIMARY KEY (`callback_req_id`);

--
-- Indexes for table `driver_incentive`
--
ALTER TABLE `driver_incentive`
  ADD PRIMARY KEY (`id`);

--
-- Indexes for table `driver_notification`
--
ALTER TABLE `driver_notification`
  ADD PRIMARY KEY (`not_id`);

--
-- Indexes for table `enquiries`
--
ALTER TABLE `enquiries`
  ADD PRIMARY KEY (`id`);

--
-- Indexes for table `failed_jobs`
--
ALTER TABLE `failed_jobs`
  ADD PRIMARY KEY (`id`);

--
-- Indexes for table `fcm`
--
ALTER TABLE `fcm`
  ADD PRIMARY KEY (`id`);

--
-- Indexes for table `firebase`
--
ALTER TABLE `firebase`
  ADD PRIMARY KEY (`f_id`);

--
-- Indexes for table `firebase_iso`
--
ALTER TABLE `firebase_iso`
  ADD PRIMARY KEY (`iso_id`);

--
-- Indexes for table `freedeliverycart`
--
ALTER TABLE `freedeliverycart`
  ADD PRIMARY KEY (`id`);

--
-- Indexes for table `id_types`
--
ALTER TABLE `id_types`
  ADD PRIMARY KEY (`type_id`);

--
-- Indexes for table `image_space`
--
ALTER TABLE `image_space`
  ADD PRIMARY KEY (`space_id`);

--
-- Indexes for table `jobs`
--
ALTER TABLE `jobs`
  ADD PRIMARY KEY (`id`),
  ADD KEY `jobs_queue_index` (`queue`(191));

--
-- Indexes for table `licensebox`
--
ALTER TABLE `licensebox`
  ADD PRIMARY KEY (`id`);

--
-- Indexes for table `list_cart`
--
ALTER TABLE `list_cart`
  ADD PRIMARY KEY (`l_cid`);

--
-- Indexes for table `mapbox`
--
ALTER TABLE `mapbox`
  ADD PRIMARY KEY (`map_id`);

--
-- Indexes for table `mapbox_countries`
--
ALTER TABLE `mapbox_countries`
  ADD PRIMARY KEY (`id`),
  ADD UNIQUE KEY `mapbox_countries_country_isocode_unique` (`country_isocode`);

--
-- Indexes for table `map_settings`
--
ALTER TABLE `map_settings`
  ADD PRIMARY KEY (`map_id`);

--
-- Indexes for table `membership_bought`
--
ALTER TABLE `membership_bought`
  ADD PRIMARY KEY (`buy_id`);

--
-- Indexes for table `membership_plan`
--
ALTER TABLE `membership_plan`
  ADD PRIMARY KEY (`plan_id`);

--
-- Indexes for table `migrations`
--
ALTER TABLE `migrations`
  ADD PRIMARY KEY (`id`);

--
-- Indexes for table `minimum_maximum_order_value`
--
ALTER TABLE `minimum_maximum_order_value`
  ADD PRIMARY KEY (`min_max_id`);

--
-- Indexes for table `notificationby`
--
ALTER TABLE `notificationby`
  ADD PRIMARY KEY (`noti_id`);

--
-- Indexes for table `oauth_auth_codes`
--
ALTER TABLE `oauth_auth_codes`
  ADD PRIMARY KEY (`id`),
  ADD KEY `oauth_auth_codes_user_id_index` (`user_id`);

--
-- Indexes for table `oauth_personal_access_clients`
--
ALTER TABLE `oauth_personal_access_clients`
  ADD PRIMARY KEY (`id`);

--
-- Indexes for table `orders`
--
ALTER TABLE `orders`
  ADD PRIMARY KEY (`order_id`),
  ADD KEY `user_id` (`user_id`),
  ADD KEY `store_id` (`store_id`),
  ADD KEY `cart_id` (`cart_id`(191));

--
-- Indexes for table `order_by_photo`
--
ALTER TABLE `order_by_photo`
  ADD PRIMARY KEY (`ord_id`);

--
-- Indexes for table `payglocal_transactions`
--
ALTER TABLE `payglocal_transactions`
  ADD PRIMARY KEY (`id`),
  ADD UNIQUE KEY `payglocal_transactions_gid_unique` (`gid`),
  ADD KEY `payglocal_transactions_merchant_txn_id_status_index` (`merchant_txn_id`,`status`);

--
-- Indexes for table `payments`
--
ALTER TABLE `payments`
  ADD PRIMARY KEY (`id`),
  ADD UNIQUE KEY `payments_gid_unique` (`gid`),
  ADD KEY `payments_order_id_payment_gateway_index` (`order_id`,`payment_gateway`),
  ADD KEY `payments_payment_status_created_at_index` (`payment_status`,`created_at`),
  ADD KEY `payments_payment_status_payment_gateway_index` (`payment_status`,`payment_gateway`),
  ADD KEY `payments_is_refunded_refunded_at_index` (`is_refunded`,`refunded_at`),
  ADD KEY `payments_order_id_index` (`order_id`),
  ADD KEY `payments_payment_gateway_index` (`payment_gateway`),
  ADD KEY `payments_merchant_txn_id_index` (`merchant_txn_id`),
  ADD KEY `payments_merchant_unique_id_index` (`merchant_unique_id`),
  ADD KEY `payments_payment_status_index` (`payment_status`);

--
-- Indexes for table `payout_requests`
--
ALTER TABLE `payout_requests`
  ADD PRIMARY KEY (`req_id`);

--
-- Indexes for table `payout_req_valid`
--
ALTER TABLE `payout_req_valid`
  ADD PRIMARY KEY (`val_id`);

--
-- Indexes for table `plan_buy_history`
--
ALTER TABLE `plan_buy_history`
  ADD PRIMARY KEY (`wallet_id`);

--
-- Indexes for table `privacypolicypage`
--
ALTER TABLE `privacypolicypage`
  ADD PRIMARY KEY (`id`);

--
-- Indexes for table `products`
--
ALTER TABLE `products`
  ADD PRIMARY KEY (`product_id`);

--
-- Indexes for table `product_images`
--
ALTER TABLE `product_images`
  ADD PRIMARY KEY (`image_id`);

--
-- Indexes for table `product_rating`
--
ALTER TABLE `product_rating`
  ADD PRIMARY KEY (`rate_id`);

--
-- Indexes for table `product_varient`
--
ALTER TABLE `product_varient`
  ADD PRIMARY KEY (`varient_id`);

--
-- Indexes for table `recently_viewed_products`
--
ALTER TABLE `recently_viewed_products`
  ADD PRIMARY KEY (`id`),
  ADD KEY `recently_viewed_products_user_id_foreign` (`user_id`),
  ADD KEY `recently_viewed_products_product_id_foreign` (`product_id`);

--
-- Indexes for table `recent_search`
--
ALTER TABLE `recent_search`
  ADD PRIMARY KEY (`id`);

--
-- Indexes for table `reedem_values`
--
ALTER TABLE `reedem_values`
  ADD PRIMARY KEY (`reedem_id`);

--
-- Indexes for table `referral_points`
--
ALTER TABLE `referral_points`
  ADD PRIMARY KEY (`id`);

--
-- Indexes for table `returnandexchangepage`
--
ALTER TABLE `returnandexchangepage`
  ADD PRIMARY KEY (`id`);

--
-- Indexes for table `reward_points`
--
ALTER TABLE `reward_points`
  ADD PRIMARY KEY (`reward_id`);

--
-- Indexes for table `roles`
--
ALTER TABLE `roles`
  ADD PRIMARY KEY (`role_id`);

--
-- Indexes for table `sec_banner`
--
ALTER TABLE `sec_banner`
  ADD PRIMARY KEY (`banner_id`);

--
-- Indexes for table `service_area`
--
ALTER TABLE `service_area`
  ADD PRIMARY KEY (`ser_id`);

--
-- Indexes for table `settings`
--
ALTER TABLE `settings`
  ADD PRIMARY KEY (`id`);

--
-- Indexes for table `shippinganddeliverypage`
--
ALTER TABLE `shippinganddeliverypage`
  ADD PRIMARY KEY (`id`);

--
-- Indexes for table `smsby`
--
ALTER TABLE `smsby`
  ADD PRIMARY KEY (`by_id`);

--
-- Indexes for table `society`
--
ALTER TABLE `society`
  ADD PRIMARY KEY (`society_id`);

--
-- Indexes for table `spotlight`
--
ALTER TABLE `spotlight`
  ADD PRIMARY KEY (`sp_id`),
  ADD KEY `store_id` (`store_id`);

--
-- Indexes for table `stores_cityadmin`
--
ALTER TABLE `stores_cityadmin`
  ADD PRIMARY KEY (`id`);

--
-- Indexes for table `store_assign_homecat`
--
ALTER TABLE `store_assign_homecat`
  ADD PRIMARY KEY (`assign_id`);

--
-- Indexes for table `store_bank`
--
ALTER TABLE `store_bank`
  ADD PRIMARY KEY (`ac_id`);

--
-- Indexes for table `store_banner`
--
ALTER TABLE `store_banner`
  ADD PRIMARY KEY (`banner_id`);

--
-- Indexes for table `store_callback_req`
--
ALTER TABLE `store_callback_req`
  ADD PRIMARY KEY (`callback_req_id`);

--
-- Indexes for table `store_doc`
--
ALTER TABLE `store_doc`
  ADD PRIMARY KEY (`doc_id`);

--
-- Indexes for table `store_driver_incentive`
--
ALTER TABLE `store_driver_incentive`
  ADD PRIMARY KEY (`id`);

--
-- Indexes for table `store_earning`
--
ALTER TABLE `store_earning`
  ADD PRIMARY KEY (`id`);

--
-- Indexes for table `store_homecat`
--
ALTER TABLE `store_homecat`
  ADD PRIMARY KEY (`homecat_id`);

--
-- Indexes for table `store_notification`
--
ALTER TABLE `store_notification`
  ADD PRIMARY KEY (`not_id`);

--
-- Indexes for table `store_orders`
--
ALTER TABLE `store_orders`
  ADD PRIMARY KEY (`store_order_id`);

--
-- Indexes for table `store_products`
--
ALTER TABLE `store_products`
  ADD PRIMARY KEY (`p_id`),
  ADD KEY `varient_id` (`varient_id`),
  ADD KEY `store_id` (`store_id`);

--
-- Indexes for table `store_society`
--
ALTER TABLE `store_society`
  ADD PRIMARY KEY (`store_society_id`);

--
-- Indexes for table `tags`
--
ALTER TABLE `tags`
  ADD PRIMARY KEY (`tag_id`),
  ADD KEY `product_id` (`product_id`);

--
-- Indexes for table `tax_types`
--
ALTER TABLE `tax_types`
  ADD PRIMARY KEY (`tax_id`);

--
-- Indexes for table `tbl_referral`
--
ALTER TABLE `tbl_referral`
  ADD PRIMARY KEY (`id`);

--
-- Indexes for table `tbl_top_cat`
--
ALTER TABLE `tbl_top_cat`
  ADD PRIMARY KEY (`id`);

--
-- Indexes for table `tbl_web_setting`
--
ALTER TABLE `tbl_web_setting`
  ADD PRIMARY KEY (`set_id`);

--
-- Indexes for table `termspage`
--
ALTER TABLE `termspage`
  ADD PRIMARY KEY (`term_id`);

--
-- Indexes for table `time_slot`
--
ALTER TABLE `time_slot`
  ADD PRIMARY KEY (`time_slot_id`);

--
-- Indexes for table `trending_search`
--
ALTER TABLE `trending_search`
  ADD PRIMARY KEY (`trend_id`);

--
-- Indexes for table `user_notification`
--
ALTER TABLE `user_notification`
  ADD PRIMARY KEY (`noti_id`);

--
-- Indexes for table `user_support`
--
ALTER TABLE `user_support`
  ADD PRIMARY KEY (`supp_id`);

--
-- Indexes for table `variations`
--
ALTER TABLE `variations`
  ADD PRIMARY KEY (`id`);

--
-- Indexes for table `variation_attributes`
--
ALTER TABLE `variation_attributes`
  ADD PRIMARY KEY (`id`);

--
-- Indexes for table `videos`
--
ALTER TABLE `videos`
  ADD PRIMARY KEY (`id`);

--
-- Indexes for table `wallet_recharge_history`
--
ALTER TABLE `wallet_recharge_history`
  ADD PRIMARY KEY (`wallet_recharge_history`);

--
-- Indexes for table `wishlist`
--
ALTER TABLE `wishlist`
  ADD PRIMARY KEY (`wish_id`);

--
-- AUTO_INCREMENT for dumped tables
--

--
-- AUTO_INCREMENT for table `aboutuspage`
--
ALTER TABLE `aboutuspage`
  MODIFY `about_id` int NOT NULL AUTO_INCREMENT, AUTO_INCREMENT=2;

--
-- AUTO_INCREMENT for table `address`
--
ALTER TABLE `address`
  MODIFY `address_id` int NOT NULL AUTO_INCREMENT, AUTO_INCREMENT=43;

--
-- AUTO_INCREMENT for table `admin_driver_incentive`
--
ALTER TABLE `admin_driver_incentive`
  MODIFY `id` int NOT NULL AUTO_INCREMENT;

--
-- AUTO_INCREMENT for table `admin_payouts`
--
ALTER TABLE `admin_payouts`
  MODIFY `payout_id` int NOT NULL AUTO_INCREMENT;

--
-- AUTO_INCREMENT for table `app_link`
--
ALTER TABLE `app_link`
  MODIFY `id` int NOT NULL AUTO_INCREMENT, AUTO_INCREMENT=2;

--
-- AUTO_INCREMENT for table `app_notice`
--
ALTER TABLE `app_notice`
  MODIFY `app_notice_id` int NOT NULL AUTO_INCREMENT, AUTO_INCREMENT=2;

--
-- AUTO_INCREMENT for table `attributes`
--
ALTER TABLE `attributes`
  MODIFY `id` int NOT NULL AUTO_INCREMENT, AUTO_INCREMENT=4;

--
-- AUTO_INCREMENT for table `attribute_options`
--
ALTER TABLE `attribute_options`
  MODIFY `id` int NOT NULL AUTO_INCREMENT, AUTO_INCREMENT=29;

--
-- AUTO_INCREMENT for table `banners`
--
ALTER TABLE `banners`
  MODIFY `id` int NOT NULL AUTO_INCREMENT, AUTO_INCREMENT=13;

--
-- AUTO_INCREMENT for table `callback_req`
--
ALTER TABLE `callback_req`
  MODIFY `callback_req_id` int NOT NULL AUTO_INCREMENT;

--
-- AUTO_INCREMENT for table `cancelandrefundpage`
--
ALTER TABLE `cancelandrefundpage`
  MODIFY `id` int NOT NULL AUTO_INCREMENT, AUTO_INCREMENT=2;

--
-- AUTO_INCREMENT for table `cancel_for`
--
ALTER TABLE `cancel_for`
  MODIFY `res_id` int NOT NULL AUTO_INCREMENT, AUTO_INCREMENT=11;

--
-- AUTO_INCREMENT for table `cart`
--
ALTER TABLE `cart`
  MODIFY `cart_id` int NOT NULL AUTO_INCREMENT, AUTO_INCREMENT=342;

--
-- AUTO_INCREMENT for table `cart_payments`
--
ALTER TABLE `cart_payments`
  MODIFY `py_id` int NOT NULL AUTO_INCREMENT;

--
-- AUTO_INCREMENT for table `cart_rewards`
--
ALTER TABLE `cart_rewards`
  MODIFY `cart_rewards_id` int NOT NULL AUTO_INCREMENT;

--
-- AUTO_INCREMENT for table `cart_status`
--
ALTER TABLE `cart_status`
  MODIFY `status_id` int NOT NULL AUTO_INCREMENT;

--
-- AUTO_INCREMENT for table `categories`
--
ALTER TABLE `categories`
  MODIFY `cat_id` int NOT NULL AUTO_INCREMENT, AUTO_INCREMENT=35;

--
-- AUTO_INCREMENT for table `city`
--
ALTER TABLE `city`
  MODIFY `city_id` int NOT NULL AUTO_INCREMENT, AUTO_INCREMENT=36;

--
-- AUTO_INCREMENT for table `contact_us`
--
ALTER TABLE `contact_us`
  MODIFY `id` int NOT NULL AUTO_INCREMENT, AUTO_INCREMENT=18;

--
-- AUTO_INCREMENT for table `country_code`
--
ALTER TABLE `country_code`
  MODIFY `code_id` int NOT NULL AUTO_INCREMENT, AUTO_INCREMENT=2;

--
-- AUTO_INCREMENT for table `coupon`
--
ALTER TABLE `coupon`
  MODIFY `coupon_id` int UNSIGNED NOT NULL AUTO_INCREMENT, AUTO_INCREMENT=10;

--
-- AUTO_INCREMENT for table `coupon_backup`
--
ALTER TABLE `coupon_backup`
  MODIFY `coupon_id` int NOT NULL AUTO_INCREMENT, AUTO_INCREMENT=6;

--
-- AUTO_INCREMENT for table `currency`
--
ALTER TABLE `currency`
  MODIFY `id` int NOT NULL AUTO_INCREMENT, AUTO_INCREMENT=2;

--
-- AUTO_INCREMENT for table `deal_product`
--
ALTER TABLE `deal_product`
  MODIFY `deal_id` int NOT NULL AUTO_INCREMENT;

--
-- AUTO_INCREMENT for table `delivery_rating`
--
ALTER TABLE `delivery_rating`
  MODIFY `rating_id` int NOT NULL AUTO_INCREMENT;

--
-- AUTO_INCREMENT for table `deliver_boy_stores`
--
ALTER TABLE `deliver_boy_stores`
  MODIFY `id_record` int UNSIGNED NOT NULL AUTO_INCREMENT;

--
-- AUTO_INCREMENT for table `driver_bank`
--
ALTER TABLE `driver_bank`
  MODIFY `ac_id` int NOT NULL AUTO_INCREMENT;

--
-- AUTO_INCREMENT for table `driver_callback_req`
--
ALTER TABLE `driver_callback_req`
  MODIFY `callback_req_id` int NOT NULL AUTO_INCREMENT;

--
-- AUTO_INCREMENT for table `driver_incentive`
--
ALTER TABLE `driver_incentive`
  MODIFY `id` int NOT NULL AUTO_INCREMENT;

--
-- AUTO_INCREMENT for table `driver_notification`
--
ALTER TABLE `driver_notification`
  MODIFY `not_id` int NOT NULL AUTO_INCREMENT;

--
-- AUTO_INCREMENT for table `enquiries`
--
ALTER TABLE `enquiries`
  MODIFY `id` int NOT NULL AUTO_INCREMENT, AUTO_INCREMENT=6;

--
-- AUTO_INCREMENT for table `failed_jobs`
--
ALTER TABLE `failed_jobs`
  MODIFY `id` int NOT NULL AUTO_INCREMENT;

--
-- AUTO_INCREMENT for table `fcm`
--
ALTER TABLE `fcm`
  MODIFY `id` int NOT NULL AUTO_INCREMENT, AUTO_INCREMENT=2;

--
-- AUTO_INCREMENT for table `firebase`
--
ALTER TABLE `firebase`
  MODIFY `f_id` int NOT NULL AUTO_INCREMENT, AUTO_INCREMENT=2;

--
-- AUTO_INCREMENT for table `firebase_iso`
--
ALTER TABLE `firebase_iso`
  MODIFY `iso_id` int NOT NULL AUTO_INCREMENT, AUTO_INCREMENT=2;

--
-- AUTO_INCREMENT for table `freedeliverycart`
--
ALTER TABLE `freedeliverycart`
  MODIFY `id` int NOT NULL AUTO_INCREMENT, AUTO_INCREMENT=3;

--
-- AUTO_INCREMENT for table `id_types`
--
ALTER TABLE `id_types`
  MODIFY `type_id` int NOT NULL AUTO_INCREMENT, AUTO_INCREMENT=2;

--
-- AUTO_INCREMENT for table `image_space`
--
ALTER TABLE `image_space`
  MODIFY `space_id` int NOT NULL AUTO_INCREMENT, AUTO_INCREMENT=2;

--
-- AUTO_INCREMENT for table `jobs`
--
ALTER TABLE `jobs`
  MODIFY `id` int UNSIGNED NOT NULL AUTO_INCREMENT;

--
-- AUTO_INCREMENT for table `licensebox`
--
ALTER TABLE `licensebox`
  MODIFY `id` int NOT NULL AUTO_INCREMENT;

--
-- AUTO_INCREMENT for table `list_cart`
--
ALTER TABLE `list_cart`
  MODIFY `l_cid` int NOT NULL AUTO_INCREMENT;

--
-- AUTO_INCREMENT for table `mapbox`
--
ALTER TABLE `mapbox`
  MODIFY `map_id` int NOT NULL AUTO_INCREMENT, AUTO_INCREMENT=2;

--
-- AUTO_INCREMENT for table `mapbox_countries`
--
ALTER TABLE `mapbox_countries`
  MODIFY `id` int UNSIGNED NOT NULL AUTO_INCREMENT;

--
-- AUTO_INCREMENT for table `map_settings`
--
ALTER TABLE `map_settings`
  MODIFY `map_id` int NOT NULL AUTO_INCREMENT, AUTO_INCREMENT=2;

--
-- AUTO_INCREMENT for table `membership_bought`
--
ALTER TABLE `membership_bought`
  MODIFY `buy_id` int NOT NULL AUTO_INCREMENT;

--
-- AUTO_INCREMENT for table `membership_plan`
--
ALTER TABLE `membership_plan`
  MODIFY `plan_id` int NOT NULL AUTO_INCREMENT, AUTO_INCREMENT=2;

--
-- AUTO_INCREMENT for table `migrations`
--
ALTER TABLE `migrations`
  MODIFY `id` int UNSIGNED NOT NULL AUTO_INCREMENT, AUTO_INCREMENT=30;

--
-- AUTO_INCREMENT for table `minimum_maximum_order_value`
--
ALTER TABLE `minimum_maximum_order_value`
  MODIFY `min_max_id` int NOT NULL AUTO_INCREMENT, AUTO_INCREMENT=7;

--
-- AUTO_INCREMENT for table `notificationby`
--
ALTER TABLE `notificationby`
  MODIFY `noti_id` int NOT NULL AUTO_INCREMENT;

--
-- AUTO_INCREMENT for table `oauth_personal_access_clients`
--
ALTER TABLE `oauth_personal_access_clients`
  MODIFY `id` int UNSIGNED NOT NULL AUTO_INCREMENT, AUTO_INCREMENT=2;

--
-- AUTO_INCREMENT for table `orders`
--
ALTER TABLE `orders`
  MODIFY `order_id` int NOT NULL AUTO_INCREMENT, AUTO_INCREMENT=2;

--
-- AUTO_INCREMENT for table `order_by_photo`
--
ALTER TABLE `order_by_photo`
  MODIFY `ord_id` int NOT NULL AUTO_INCREMENT;

--
-- AUTO_INCREMENT for table `payglocal_transactions`
--
ALTER TABLE `payglocal_transactions`
  MODIFY `id` bigint UNSIGNED NOT NULL AUTO_INCREMENT;

--
-- AUTO_INCREMENT for table `payments`
--
ALTER TABLE `payments`
  MODIFY `id` bigint UNSIGNED NOT NULL AUTO_INCREMENT;

--
-- AUTO_INCREMENT for table `payout_requests`
--
ALTER TABLE `payout_requests`
  MODIFY `req_id` int NOT NULL AUTO_INCREMENT;

--
-- AUTO_INCREMENT for table `payout_req_valid`
--
ALTER TABLE `payout_req_valid`
  MODIFY `val_id` int NOT NULL AUTO_INCREMENT, AUTO_INCREMENT=2;

--
-- AUTO_INCREMENT for table `plan_buy_history`
--
ALTER TABLE `plan_buy_history`
  MODIFY `wallet_id` int NOT NULL AUTO_INCREMENT;

--
-- AUTO_INCREMENT for table `privacypolicypage`
--
ALTER TABLE `privacypolicypage`
  MODIFY `id` int NOT NULL AUTO_INCREMENT, AUTO_INCREMENT=2;

--
-- AUTO_INCREMENT for table `products`
--
ALTER TABLE `products`
  MODIFY `product_id` int NOT NULL AUTO_INCREMENT, AUTO_INCREMENT=78;

--
-- AUTO_INCREMENT for table `product_images`
--
ALTER TABLE `product_images`
  MODIFY `image_id` int NOT NULL AUTO_INCREMENT, AUTO_INCREMENT=253;

--
-- AUTO_INCREMENT for table `product_rating`
--
ALTER TABLE `product_rating`
  MODIFY `rate_id` int NOT NULL AUTO_INCREMENT;

--
-- AUTO_INCREMENT for table `product_varient`
--
ALTER TABLE `product_varient`
  MODIFY `varient_id` int NOT NULL AUTO_INCREMENT;

--
-- AUTO_INCREMENT for table `recently_viewed_products`
--
ALTER TABLE `recently_viewed_products`
  MODIFY `id` int UNSIGNED NOT NULL AUTO_INCREMENT, AUTO_INCREMENT=59;

--
-- AUTO_INCREMENT for table `recent_search`
--
ALTER TABLE `recent_search`
  MODIFY `id` int NOT NULL AUTO_INCREMENT;

--
-- AUTO_INCREMENT for table `reedem_values`
--
ALTER TABLE `reedem_values`
  MODIFY `reedem_id` int NOT NULL AUTO_INCREMENT, AUTO_INCREMENT=2;

--
-- AUTO_INCREMENT for table `referral_points`
--
ALTER TABLE `referral_points`
  MODIFY `id` int NOT NULL AUTO_INCREMENT, AUTO_INCREMENT=6;

--
-- AUTO_INCREMENT for table `returnandexchangepage`
--
ALTER TABLE `returnandexchangepage`
  MODIFY `id` int NOT NULL AUTO_INCREMENT, AUTO_INCREMENT=2;

--
-- AUTO_INCREMENT for table `reward_points`
--
ALTER TABLE `reward_points`
  MODIFY `reward_id` int NOT NULL AUTO_INCREMENT, AUTO_INCREMENT=5;

--
-- AUTO_INCREMENT for table `roles`
--
ALTER TABLE `roles`
  MODIFY `role_id` int NOT NULL AUTO_INCREMENT, AUTO_INCREMENT=2;

--
-- AUTO_INCREMENT for table `sec_banner`
--
ALTER TABLE `sec_banner`
  MODIFY `banner_id` int NOT NULL AUTO_INCREMENT;

--
-- AUTO_INCREMENT for table `service_area`
--
ALTER TABLE `service_area`
  MODIFY `ser_id` int NOT NULL AUTO_INCREMENT;

--
-- AUTO_INCREMENT for table `settings`
--
ALTER TABLE `settings`
  MODIFY `id` int UNSIGNED NOT NULL AUTO_INCREMENT, AUTO_INCREMENT=64;

--
-- AUTO_INCREMENT for table `shippinganddeliverypage`
--
ALTER TABLE `shippinganddeliverypage`
  MODIFY `id` int NOT NULL AUTO_INCREMENT, AUTO_INCREMENT=2;

--
-- AUTO_INCREMENT for table `smsby`
--
ALTER TABLE `smsby`
  MODIFY `by_id` int NOT NULL AUTO_INCREMENT, AUTO_INCREMENT=2;

--
-- AUTO_INCREMENT for table `society`
--
ALTER TABLE `society`
  MODIFY `society_id` int NOT NULL AUTO_INCREMENT, AUTO_INCREMENT=21;

--
-- AUTO_INCREMENT for table `spotlight`
--
ALTER TABLE `spotlight`
  MODIFY `sp_id` int NOT NULL AUTO_INCREMENT;

--
-- AUTO_INCREMENT for table `stores_cityadmin`
--
ALTER TABLE `stores_cityadmin`
  MODIFY `id` int UNSIGNED NOT NULL AUTO_INCREMENT;

--
-- AUTO_INCREMENT for table `store_assign_homecat`
--
ALTER TABLE `store_assign_homecat`
  MODIFY `assign_id` int NOT NULL AUTO_INCREMENT;

--
-- AUTO_INCREMENT for table `store_bank`
--
ALTER TABLE `store_bank`
  MODIFY `ac_id` int NOT NULL AUTO_INCREMENT;

--
-- AUTO_INCREMENT for table `store_banner`
--
ALTER TABLE `store_banner`
  MODIFY `banner_id` int NOT NULL AUTO_INCREMENT;

--
-- AUTO_INCREMENT for table `store_callback_req`
--
ALTER TABLE `store_callback_req`
  MODIFY `callback_req_id` int NOT NULL AUTO_INCREMENT;

--
-- AUTO_INCREMENT for table `store_driver_incentive`
--
ALTER TABLE `store_driver_incentive`
  MODIFY `id` int NOT NULL AUTO_INCREMENT;

--
-- AUTO_INCREMENT for table `store_earning`
--
ALTER TABLE `store_earning`
  MODIFY `id` int NOT NULL AUTO_INCREMENT;

--
-- AUTO_INCREMENT for table `store_notification`
--
ALTER TABLE `store_notification`
  MODIFY `not_id` int NOT NULL AUTO_INCREMENT;

--
-- AUTO_INCREMENT for table `store_orders`
--
ALTER TABLE `store_orders`
  MODIFY `store_order_id` int NOT NULL AUTO_INCREMENT, AUTO_INCREMENT=250;

--
-- AUTO_INCREMENT for table `store_products`
--
ALTER TABLE `store_products`
  MODIFY `p_id` int NOT NULL AUTO_INCREMENT;

--
-- AUTO_INCREMENT for table `store_society`
--
ALTER TABLE `store_society`
  MODIFY `store_society_id` int NOT NULL AUTO_INCREMENT;

--
-- AUTO_INCREMENT for table `tags`
--
ALTER TABLE `tags`
  MODIFY `tag_id` int NOT NULL AUTO_INCREMENT;

--
-- AUTO_INCREMENT for table `tax_types`
--
ALTER TABLE `tax_types`
  MODIFY `tax_id` int NOT NULL AUTO_INCREMENT, AUTO_INCREMENT=5;

--
-- AUTO_INCREMENT for table `tbl_referral`
--
ALTER TABLE `tbl_referral`
  MODIFY `id` int NOT NULL AUTO_INCREMENT;

--
-- AUTO_INCREMENT for table `tbl_top_cat`
--
ALTER TABLE `tbl_top_cat`
  MODIFY `id` int NOT NULL AUTO_INCREMENT;

--
-- AUTO_INCREMENT for table `tbl_web_setting`
--
ALTER TABLE `tbl_web_setting`
  MODIFY `set_id` int NOT NULL AUTO_INCREMENT, AUTO_INCREMENT=2;

--
-- AUTO_INCREMENT for table `termspage`
--
ALTER TABLE `termspage`
  MODIFY `term_id` int NOT NULL AUTO_INCREMENT, AUTO_INCREMENT=2;

--
-- AUTO_INCREMENT for table `time_slot`
--
ALTER TABLE `time_slot`
  MODIFY `time_slot_id` int NOT NULL AUTO_INCREMENT;

--
-- AUTO_INCREMENT for table `trending_search`
--
ALTER TABLE `trending_search`
  MODIFY `trend_id` int NOT NULL AUTO_INCREMENT;

--
-- AUTO_INCREMENT for table `user_notification`
--
ALTER TABLE `user_notification`
  MODIFY `noti_id` int NOT NULL AUTO_INCREMENT;

--
-- AUTO_INCREMENT for table `user_support`
--
ALTER TABLE `user_support`
  MODIFY `supp_id` int NOT NULL AUTO_INCREMENT;

--
-- AUTO_INCREMENT for table `variations`
--
ALTER TABLE `variations`
  MODIFY `id` int NOT NULL AUTO_INCREMENT, AUTO_INCREMENT=110;

--
-- AUTO_INCREMENT for table `variation_attributes`
--
ALTER TABLE `variation_attributes`
  MODIFY `id` int NOT NULL AUTO_INCREMENT, AUTO_INCREMENT=101;

--
-- AUTO_INCREMENT for table `videos`
--
ALTER TABLE `videos`
  MODIFY `id` int NOT NULL AUTO_INCREMENT, AUTO_INCREMENT=20;

--
-- AUTO_INCREMENT for table `wallet_recharge_history`
--
ALTER TABLE `wallet_recharge_history`
  MODIFY `wallet_recharge_history` int NOT NULL AUTO_INCREMENT;

--
-- AUTO_INCREMENT for table `wishlist`
--
ALTER TABLE `wishlist`
  MODIFY `wish_id` int NOT NULL AUTO_INCREMENT, AUTO_INCREMENT=78;

--
-- Constraints for dumped tables
--

--
-- Constraints for table `recently_viewed_products`
--
ALTER TABLE `recently_viewed_products`
  ADD CONSTRAINT `recently_viewed_products_product_id_foreign` FOREIGN KEY (`product_id`) REFERENCES `products` (`product_id`),
  ADD CONSTRAINT `recently_viewed_products_user_id_foreign` FOREIGN KEY (`user_id`) REFERENCES `users` (`id`);
COMMIT;

